{"id":81,"date":"2024-07-04T12:20:07","date_gmt":"2024-07-04T15:20:07","guid":{"rendered":"https:\/\/graduacao.uel.br\/administracao\/?page_id=81"},"modified":"2026-04-29T15:51:59","modified_gmt":"2026-04-29T18:51:59","slug":"centro-academico","status":"publish","type":"page","link":"https:\/\/graduacao.uel.br\/administracao\/centro-academico\/","title":{"rendered":"Centro Acad\u00eamico (CAAD)"},"content":{"rendered":"\n<p>O <a href=\"https:\/\/www.instagram.com\/caaduel\" target=\"_blank\" rel=\"noreferrer noopener\">Centro Acad\u00eamico de Administra\u00e7\u00e3o (CAAD)<\/a> \u00e9 \u00f3rg\u00e3o de representa\u00e7\u00e3o estudantil do curso de Administra\u00e7\u00e3o, que trabalha no sentido de organizar atividades acad\u00eamicas extracurriculares, e outras atividades e fun\u00e7\u00f5es relativas dos discentes ao curso. O atual presidente \u00e9 a estudante Rebeca de Lima Santos e o vice-presidente \u00e9 o estudante Jean Carlo de Moura Alves Pereira.<\/p>\n\n\n\n<p><a href=\"https:\/\/www.instagram.com\/caaduel\" target=\"_blank\" rel=\"noreferrer noopener\">Saiba mais<\/a> sobre o CAAD.<\/p>\n\n\n\n<figure class=\"wp-block-image size-full\"><img loading=\"lazy\" decoding=\"async\" width=\"320\" height=\"320\" src=\"https:\/\/graduacao.uel.br\/administracao\/wp-content\/uploads\/2026\/04\/image.png\" alt=\"\" class=\"wp-image-185\" srcset=\"https:\/\/graduacao.uel.br\/administracao\/wp-content\/uploads\/2026\/04\/image.png 320w, https:\/\/graduacao.uel.br\/administracao\/wp-content\/uploads\/2026\/04\/image-300x300.png 300w, https:\/\/graduacao.uel.br\/administracao\/wp-content\/uploads\/2026\/04\/image-150x150.png 150w\" sizes=\"auto, (max-width: 320px) 100vw, 320px\" \/><\/figure>\n","protected":false},"excerpt":{"rendered":"<p>O Centro Acad\u00eamico de Administra\u00e7\u00e3o (CAAD) \u00e9 \u00f3rg\u00e3o de representa\u00e7\u00e3o estudantil do curso de Administra\u00e7\u00e3o, que trabalha no sentido de organizar atividades acad\u00eamicas extracurriculares, e outras atividades e fun\u00e7\u00f5es relativas dos discentes ao curso. O atual presidente \u00e9 a estudante Rebeca de Lima Santos e o vice-presidente \u00e9 o estudante Jean Carlo de Moura Alves [&hellip;]<\/p>\n","protected":false},"author":8,"featured_media":0,"parent":0,"menu_order":0,"comment_status":"closed","ping_status":"closed","template":"","meta":{"_acf_changed":false,"footnotes":""},"class_list":["post-81","page","type-page","status-publish","hentry"],"acf":[],"_links":{"self":[{"href":"https:\/\/graduacao.uel.br\/administracao\/wp-json\/wp\/v2\/pages\/81","targetHints":{"allow":["GET"]}}],"collection":[{"href":"https:\/\/graduacao.uel.br\/administracao\/wp-json\/wp\/v2\/pages"}],"about":[{"href":"https:\/\/graduacao.uel.br\/administracao\/wp-json\/wp\/v2\/types\/page"}],"author":[{"embeddable":true,"href":"https:\/\/graduacao.uel.br\/administracao\/wp-json\/wp\/v2\/users\/8"}],"replies":[{"embeddable":true,"href":"https:\/\/graduacao.uel.br\/administracao\/wp-json\/wp\/v2\/comments?post=81"}],"version-history":[{"count":6,"href":"https:\/\/graduacao.uel.br\/administracao\/wp-json\/wp\/v2\/pages\/81\/revisions"}],"predecessor-version":[{"id":201,"href":"https:\/\/graduacao.uel.br\/administracao\/wp-json\/wp\/v2\/pages\/81\/revisions\/201"}],"wp:attachment":[{"href":"https:\/\/graduacao.uel.br\/administracao\/wp-json\/wp\/v2\/media?parent=81"}],"curies":[{"name":"wp","href":"https:\/\/api.w.org\/{rel}","templated":true}]}}