{"id":17,"date":"2024-07-08T17:00:59","date_gmt":"2024-07-08T20:00:59","guid":{"rendered":"https:\/\/graduacao.uel.br\/agronomia\/?page_id=17"},"modified":"2025-01-22T16:04:51","modified_gmt":"2025-01-22T19:04:51","slug":"o-curso","status":"publish","type":"page","link":"https:\/\/graduacao.uel.br\/agronomia\/o-curso\/","title":{"rendered":"O curso"},"content":{"rendered":"\n<p>Ao longo da jornada acad\u00eamica, o estudante adquirir\u00e1 um conhecimento profundo das ci\u00eancias agr\u00e1rias, combinando teoria e pr\u00e1tica para a forma\u00e7\u00e3o de profissionais capazes de enfrentar os dilemas contempor\u00e2neos da agricultura.<\/p>\n\n\n\n<p>Na UEL voc\u00ea far\u00e1 parte de uma comunidade acad\u00eamica comprometida com a inova\u00e7\u00e3o e a sustentabilidade. Nossos professores s\u00e3o altamente capacitados para gui\u00e1-lo em uma jornada rumo ao sucesso profissional.<\/p>\n\n\n\n<p><strong>Perfil do Profissional<\/strong><br>O profissional de Agronomia dever\u00e1 ter s\u00f3lida forma\u00e7\u00e3o cient\u00edfica e profissional geral que possibilite absorver e desenvolver tecnologia; capacidade cr\u00edtica e criativa na identifica\u00e7\u00e3o e resolu\u00e7\u00e3o de problemas, considerando seus aspectos pol\u00edticos, econ\u00f4micos, sociais, ambientais e culturais, com vis\u00e3o \u00e9tica e human\u00edstica, bem como utiliza\u00e7\u00e3o racional dos recursos dispon\u00edveis, al\u00e9m da conserva\u00e7\u00e3o do equil\u00edbrio do ambiente; e capacidade de adapta\u00e7\u00e3o, de modo flex\u00edvel, cr\u00edtico e criativo, \u00e0s novas situa\u00e7\u00f5es. <\/p>\n\n\n\n<p>O respeito \u00e0 fauna e \u00e0 flora; a conserva\u00e7\u00e3o e recupera\u00e7\u00e3o da qualidade do solo, do ar e da \u00e1gua; o uso tecnol\u00f3gico racional, integrado e sustent\u00e1vel do ambiente; o emprego de racioc\u00ednio reflexivo, cr\u00edtico e criativo; e o atendimento \u00e0s expectativas humanas e sociais no exerc\u00edcio das atividades profissionais.<\/p>\n\n\n\n<p><strong>Objetivo do Curso<\/strong><br>Formar de estudantes com capacidade para o desenvolvimento das compet\u00eancias e habilidades definidas nas diretrizes curriculares nacionais do curso de Agronomia, como:<\/p>\n\n\n\n<p>Projetar, coordenar, analisar, fiscalizar, assessorar, supervisionar e especificar t\u00e9cnica e economicamente projetos agroindustriais e do agroneg\u00f3cio, aplicando padr\u00f5es, medidas e controle de qualidade; realizar vistorias, per\u00edcias, avalia\u00e7\u00f5es, arbitramentos, laudos e pareceres t\u00e9cnicos, com condutas, atitudes e responsabilidade t\u00e9cnica e social, respeitando a fauna e a flora e promovendo a conserva\u00e7\u00e3o e\/ou recupera\u00e7\u00e3o da qualidade do solo, do ar e da \u00e1gua, com uso de tecnologias integradas e sustent\u00e1veis do ambiente; atuar na organiza\u00e7\u00e3o e gerenciamento empresarial e comunit\u00e1rio interagindo e influenciando nos processos decis\u00f3rios de agentes e institui\u00e7\u00f5es, na gest\u00e3o de pol\u00edticas setoriais.<\/p>\n\n\n\n<p> <strong>Campos de Atua\u00e7\u00e3o<\/strong><br>O campo profissional ser\u00e1 condicionado pelas disciplinas do n\u00facleo profissionalizantes do curso, integrando as sub\u00e1reas de conhecimento que identificam atribui\u00e7\u00f5es, deveres e responsabilidades. Esse n\u00facleo ser\u00e1 constitu\u00eddo por: <\/p>\n\n\n\n<p>Agrometeorologia e Climatologia; Avalia\u00e7\u00e3o e Per\u00edcias; Biotecnologia, Fisiologia Vegetal e Animal; Cartografia, Geoprocessamento e Georeferenciamento; Comunica\u00e7\u00e3o, \u00c9tica, Legisla\u00e7\u00e3o, Extens\u00e3o e Sociologia Rural; Constru\u00e7\u00f5es Rurais, Paisagismo, Floricultura, Parques e Jardins; Economia, Administra\u00e7\u00e3o Agroindustrial, Pol\u00edtica e Desenvolvimento Rural; Energia, M\u00e1quinas, Mecaniza\u00e7\u00e3o Agr\u00edcola e Log\u00edstica; Gen\u00e9tica de Melhoramento, Manejo e Produ\u00e7\u00e3o e Florestal; Zootecnia e Fitotecnia; Gest\u00e3o Empresarial, Marketing e Agroneg\u00f3cio; Hidr\u00e1ulica, Hidrologia, Manejo de Bacias Hidrogr\u00e1ficas, Sistemas de Irriga\u00e7\u00e3o e Drenagem; Manejo e Gest\u00e3o Ambiental; Microbiologia e Fitossanidade; Sistemas Agroindustriais; Solos, Manejo e Conserva\u00e7\u00e3o do Solo e da \u00c1gua, Nutri\u00e7\u00e3o de Plantas e Aduba\u00e7\u00e3o; T\u00e9cnicas e An\u00e1lises Experimentais; Tecnologia de Produ\u00e7\u00e3o, Controle de Qualidade e P\u00f3s-Colheita de Produtos Agropecu\u00e1rios. <\/p>\n\n\n\n<p>A profiss\u00e3o \u00e9 regulamentada pela Lei n.\u00ba 5.194, de 24.12.66.<\/p>\n\n\n\n<p><\/p>\n\n\n\n<p><strong>Conhe\u00e7a um pouco mais sobre o Curso de Agronomia da UEL:<\/strong><\/p>\n\n\n\n<div class=\"wp-block-columns is-layout-flex wp-container-core-columns-is-layout-9d6595d7 wp-block-columns-is-layout-flex\">\n<div class=\"wp-block-column is-layout-flow wp-block-column-is-layout-flow\">\n<div class=\"wp-block-columns is-layout-flex wp-container-core-columns-is-layout-9d6595d7 wp-block-columns-is-layout-flex\">\n<div class=\"wp-block-column is-layout-flow wp-block-column-is-layout-flow\" style=\"flex-basis:66.66%\">\n<figure class=\"wp-block-embed is-type-video is-provider-youtube wp-block-embed-youtube wp-embed-aspect-16-9 wp-has-aspect-ratio\"><div class=\"wp-block-embed__wrapper\">\n<iframe loading=\"lazy\" title=\"Agronomia - Cursos de A a Z\" width=\"640\" height=\"360\" src=\"https:\/\/www.youtube.com\/embed\/grTtDRfkBbk?feature=oembed\" frameborder=\"0\" allow=\"accelerometer; autoplay; clipboard-write; encrypted-media; gyroscope; picture-in-picture; web-share\" referrerpolicy=\"strict-origin-when-cross-origin\" allowfullscreen><\/iframe>\n<\/div><\/figure>\n<\/div>\n\n\n\n<div class=\"wp-block-column is-layout-flow wp-block-column-is-layout-flow\" style=\"flex-basis:33.33%\">\n<p>No curso de Agronomia, voc\u00ea aprender\u00e1 t\u00e9cnicas avan\u00e7adas de cultivo, manejo de solos e biotecnologia agr\u00edcola, desenvolver\u00e1 habilidades essenciais em gest\u00e3o ambiental e planejamento rural.<\/p>\n\n\n\n<p><strong>Cria\u00e7\u00e3o<\/strong><br>Resolu\u00e7\u00e3o n.\u00ba 410, de 07.10.77<\/p>\n\n\n\n<p><strong>Sistema&nbsp;Acad\u00eamico<\/strong><br>Matr\u00edcula por Atividade Acad\u00eamica<\/p>\n\n\n\n<p><strong>Dura\u00e7\u00e3o M\u00ednima e M\u00e1xima<\/strong><br>5\/10 anos<\/p>\n\n\n\n<p><strong>Turno\/vagas<\/strong><br>Integral \u2013 80<\/p>\n<\/div>\n<\/div>\n<\/div>\n<\/div>\n","protected":false},"excerpt":{"rendered":"<p>Ao longo da jornada acad\u00eamica, o estudante adquirir\u00e1 um conhecimento profundo das ci\u00eancias agr\u00e1rias, combinando teoria e pr\u00e1tica para a forma\u00e7\u00e3o de profissionais capazes de enfrentar os dilemas contempor\u00e2neos da agricultura. Na UEL voc\u00ea far\u00e1 parte de uma comunidade acad\u00eamica comprometida com a inova\u00e7\u00e3o e a sustentabilidade. Nossos professores s\u00e3o altamente capacitados para gui\u00e1-lo em [&hellip;]<\/p>\n","protected":false},"author":6,"featured_media":0,"parent":0,"menu_order":0,"comment_status":"closed","ping_status":"closed","template":"","meta":{"_acf_changed":false,"footnotes":""},"class_list":["post-17","page","type-page","status-publish","hentry"],"acf":[],"_links":{"self":[{"href":"https:\/\/graduacao.uel.br\/agronomia\/wp-json\/wp\/v2\/pages\/17","targetHints":{"allow":["GET"]}}],"collection":[{"href":"https:\/\/graduacao.uel.br\/agronomia\/wp-json\/wp\/v2\/pages"}],"about":[{"href":"https:\/\/graduacao.uel.br\/agronomia\/wp-json\/wp\/v2\/types\/page"}],"author":[{"embeddable":true,"href":"https:\/\/graduacao.uel.br\/agronomia\/wp-json\/wp\/v2\/users\/6"}],"replies":[{"embeddable":true,"href":"https:\/\/graduacao.uel.br\/agronomia\/wp-json\/wp\/v2\/comments?post=17"}],"version-history":[{"count":14,"href":"https:\/\/graduacao.uel.br\/agronomia\/wp-json\/wp\/v2\/pages\/17\/revisions"}],"predecessor-version":[{"id":224,"href":"https:\/\/graduacao.uel.br\/agronomia\/wp-json\/wp\/v2\/pages\/17\/revisions\/224"}],"wp:attachment":[{"href":"https:\/\/graduacao.uel.br\/agronomia\/wp-json\/wp\/v2\/media?parent=17"}],"curies":[{"name":"wp","href":"https:\/\/api.w.org\/{rel}","templated":true}]}}