{"id":37,"date":"2024-07-08T17:08:00","date_gmt":"2024-07-08T20:08:00","guid":{"rendered":"https:\/\/graduacao.uel.br\/agronomia\/?page_id=37"},"modified":"2024-07-09T10:58:24","modified_gmt":"2024-07-09T13:58:24","slug":"contatos","status":"publish","type":"page","link":"https:\/\/graduacao.uel.br\/agronomia\/contatos\/","title":{"rendered":"Contatos"},"content":{"rendered":"\n<p><strong>Coordenador do Colegiado<\/strong><br>Adilson Luiz Seifert<br>seifert@uel.br<\/p>\n\n\n\n<p><strong>Vice-Coordenador do Colegiado<\/strong><br>Amarildo Pasini<br>pasini@uel.br<\/p>\n\n\n\n<p><strong>Coordenador de Est\u00e1gio<\/strong><br>Marcelo Augusto de Aguiar e Silva<br>aguiaresilva@uel.br<\/p>\n\n\n\n<p><strong>Coordenador de\u00a0TCC<\/strong><br>Maria Isabel Blabi Pe\u00f1a<br>mariabalbi@uel.br<\/p>\n\n\n\n<p><strong>Coordenador de AAC<br><\/strong>Adilson Luiz Seifert<br>seifert@uel.br<\/p>\n\n\n\n<p><strong>Coordenador de AEX<br><\/strong>Jos\u00e9 Roberto Pinto de Souza<br>jose@uel.br<\/p>\n\n\n\n<p><strong>Coordenador do N\u00facleo Docente Estruturante (NDE)<\/strong><br>Amarildo Pasini<br>pasini@uel.br<\/p>\n\n\n\n<p><strong>Outros Coordenadores<\/strong><br><strong>Coordenador da Empresa J\u00fanior de Agronomia<\/strong><br>Marcelo Augusto de Aguiar e Silva<br>aguiaresilva@uel.br<\/p>\n\n\n\n<div class=\"wp-block-columns is-layout-flex wp-container-core-columns-is-layout-9d6595d7 wp-block-columns-is-layout-flex\">\n<div class=\"wp-block-column is-layout-flow wp-block-column-is-layout-flow\"><\/div>\n<\/div>\n","protected":false},"excerpt":{"rendered":"<p>Coordenador do ColegiadoAdilson Luiz Seifertseifert@uel.br Vice-Coordenador do ColegiadoAmarildo Pasinipasini@uel.br Coordenador de Est\u00e1gioMarcelo Augusto de Aguiar e Silvaaguiaresilva@uel.br Coordenador de\u00a0TCCMaria Isabel Blabi Pe\u00f1amariabalbi@uel.br Coordenador de AACAdilson Luiz Seifertseifert@uel.br Coordenador de AEXJos\u00e9 Roberto Pinto de Souzajose@uel.br Coordenador do N\u00facleo Docente Estruturante (NDE)Amarildo Pasinipasini@uel.br Outros CoordenadoresCoordenador da Empresa J\u00fanior de AgronomiaMarcelo Augusto de Aguiar e Silvaaguiaresilva@uel.br<\/p>\n","protected":false},"author":6,"featured_media":0,"parent":0,"menu_order":0,"comment_status":"closed","ping_status":"closed","template":"","meta":{"_acf_changed":false,"footnotes":""},"class_list":["post-37","page","type-page","status-publish","hentry"],"acf":[],"_links":{"self":[{"href":"https:\/\/graduacao.uel.br\/agronomia\/wp-json\/wp\/v2\/pages\/37","targetHints":{"allow":["GET"]}}],"collection":[{"href":"https:\/\/graduacao.uel.br\/agronomia\/wp-json\/wp\/v2\/pages"}],"about":[{"href":"https:\/\/graduacao.uel.br\/agronomia\/wp-json\/wp\/v2\/types\/page"}],"author":[{"embeddable":true,"href":"https:\/\/graduacao.uel.br\/agronomia\/wp-json\/wp\/v2\/users\/6"}],"replies":[{"embeddable":true,"href":"https:\/\/graduacao.uel.br\/agronomia\/wp-json\/wp\/v2\/comments?post=37"}],"version-history":[{"count":8,"href":"https:\/\/graduacao.uel.br\/agronomia\/wp-json\/wp\/v2\/pages\/37\/revisions"}],"predecessor-version":[{"id":73,"href":"https:\/\/graduacao.uel.br\/agronomia\/wp-json\/wp\/v2\/pages\/37\/revisions\/73"}],"wp:attachment":[{"href":"https:\/\/graduacao.uel.br\/agronomia\/wp-json\/wp\/v2\/media?parent=37"}],"curies":[{"name":"wp","href":"https:\/\/api.w.org\/{rel}","templated":true}]}}