{"id":76,"date":"2024-07-09T11:08:22","date_gmt":"2024-07-09T14:08:22","guid":{"rendered":"https:\/\/graduacao.uel.br\/agronomia\/?page_id=76"},"modified":"2024-07-09T11:17:09","modified_gmt":"2024-07-09T14:17:09","slug":"aac","status":"publish","type":"page","link":"https:\/\/graduacao.uel.br\/agronomia\/aac\/","title":{"rendered":"AAC"},"content":{"rendered":"\n<p>De acordo com o&nbsp;<a href=\"https:\/\/sites.uel.br\/proplan\/wp-content\/uploads\/2024\/02\/Regimento_Geral.pdf\">Regimento Geral da UEL: Art.28<\/a>&nbsp;\u2013 Os curr\u00edculos dos cursos de gradua\u00e7\u00e3o ser\u00e3o constitu\u00eddos por um conjunto de atividades acad\u00eamicas de natureza obrigat\u00f3ria, complementares e optativas; tendo como objetivo a forma\u00e7\u00e3o cultural e profissional do estudante.<\/p>\n\n\n\n<p>As Atividades Acad\u00eamicas Complementares correspondem \u00e0 participa\u00e7\u00e3o do estudante nos itens a seguir:<\/p>\n\n\n\n<p>a) Disciplinas eletivas;<\/p>\n\n\n\n<p>b) Disciplinas especiais;<\/p>\n\n\n\n<p>c) Est\u00e1gios curriculares n\u00e3o obrigat\u00f3rios;<\/p>\n\n\n\n<p>d) Eventos;<\/p>\n\n\n\n<p>e) Monitoria acad\u00eamica;<\/p>\n\n\n\n<p>f) Programas de extens\u00e3o;<\/p>\n\n\n\n<p>g) Programas de forma\u00e7\u00e3o complementar;<\/p>\n\n\n\n<p>h) Projetos integrados;<\/p>\n\n\n\n<p>i) Projetos de pesquisa;<\/p>\n\n\n\n<p>J) Projetos de pesquisa em ensino.<\/p>\n\n\n\n<p>As atividades acad\u00eamicas complementares devem ser aprovadas pelos respectivos Colegiados de Cursos.<\/p>\n\n\n\n<div class=\"wp-block-columns is-layout-flex wp-container-core-columns-is-layout-9d6595d7 wp-block-columns-is-layout-flex\">\n<div class=\"wp-block-column is-layout-flow wp-block-column-is-layout-flow\"><\/div>\n<\/div>\n","protected":false},"excerpt":{"rendered":"<p>De acordo com o&nbsp;Regimento Geral da UEL: Art.28&nbsp;\u2013 Os curr\u00edculos dos cursos de gradua\u00e7\u00e3o ser\u00e3o constitu\u00eddos por um conjunto de atividades acad\u00eamicas de natureza obrigat\u00f3ria, complementares e optativas; tendo como objetivo a forma\u00e7\u00e3o cultural e profissional do estudante. As Atividades Acad\u00eamicas Complementares correspondem \u00e0 participa\u00e7\u00e3o do estudante nos itens a seguir: a) Disciplinas eletivas; b) [&hellip;]<\/p>\n","protected":false},"author":6,"featured_media":0,"parent":0,"menu_order":0,"comment_status":"closed","ping_status":"closed","template":"","meta":{"_acf_changed":false,"footnotes":""},"class_list":["post-76","page","type-page","status-publish","hentry"],"acf":[],"_links":{"self":[{"href":"https:\/\/graduacao.uel.br\/agronomia\/wp-json\/wp\/v2\/pages\/76","targetHints":{"allow":["GET"]}}],"collection":[{"href":"https:\/\/graduacao.uel.br\/agronomia\/wp-json\/wp\/v2\/pages"}],"about":[{"href":"https:\/\/graduacao.uel.br\/agronomia\/wp-json\/wp\/v2\/types\/page"}],"author":[{"embeddable":true,"href":"https:\/\/graduacao.uel.br\/agronomia\/wp-json\/wp\/v2\/users\/6"}],"replies":[{"embeddable":true,"href":"https:\/\/graduacao.uel.br\/agronomia\/wp-json\/wp\/v2\/comments?post=76"}],"version-history":[{"count":2,"href":"https:\/\/graduacao.uel.br\/agronomia\/wp-json\/wp\/v2\/pages\/76\/revisions"}],"predecessor-version":[{"id":95,"href":"https:\/\/graduacao.uel.br\/agronomia\/wp-json\/wp\/v2\/pages\/76\/revisions\/95"}],"wp:attachment":[{"href":"https:\/\/graduacao.uel.br\/agronomia\/wp-json\/wp\/v2\/media?parent=76"}],"curies":[{"name":"wp","href":"https:\/\/api.w.org\/{rel}","templated":true}]}}