{"id":80,"date":"2024-07-09T11:08:42","date_gmt":"2024-07-09T14:08:42","guid":{"rendered":"https:\/\/graduacao.uel.br\/agronomia\/?page_id=80"},"modified":"2024-07-09T11:26:02","modified_gmt":"2024-07-09T14:26:02","slug":"tcc","status":"publish","type":"page","link":"https:\/\/graduacao.uel.br\/agronomia\/tcc\/","title":{"rendered":"TCC"},"content":{"rendered":"\n<p><strong>Disciplina 2TCC702<\/strong> &#8211; TRABALHO DE CONCLUS\u00c3O DE CURSO (AGR), com carga hor\u00e1ria de 30 horas. <\/p>\n\n\n\n<p>Poder\u00e1 ser cumprido com a elabora\u00e7\u00e3o de projetos, defesa e argui\u00e7\u00e3o, voltados para o Ensino, Pesquisa e Extens\u00e3o.<\/p>\n\n\n\n<p>O Trabalho de Conclus\u00e3o de Curso (TCC) de Agronomia \u00e9 uma atividade obrigat\u00f3ria para obten\u00e7\u00e3o do t\u00edtulo de gradua\u00e7\u00e3o. <\/p>\n\n\n\n<p>Caracteriza-se como trabalho sobre objeto de pesquisa da \u00e1rea de conhecimento do curso.<\/p>\n\n\n\n<p>O TCC de Agronomia deve ser elaborado individualmente pelo estudante regularmente matriculado no Curso de Agronomia, capacita o estudante para a elabora\u00e7\u00e3o de pesquisas e aprofunda os conhecimentos te\u00f3ricos e pr\u00e1ticos adquiridos no curso; propicia ao estudante o contato com o processo de forma pr\u00e1tica, auxiliando-o em todas essas etapas.<\/p>\n\n\n\n<p><\/p>\n","protected":false},"excerpt":{"rendered":"<p>Disciplina 2TCC702 &#8211; TRABALHO DE CONCLUS\u00c3O DE CURSO (AGR), com carga hor\u00e1ria de 30 horas. Poder\u00e1 ser cumprido com a elabora\u00e7\u00e3o de projetos, defesa e argui\u00e7\u00e3o, voltados para o Ensino, Pesquisa e Extens\u00e3o. O Trabalho de Conclus\u00e3o de Curso (TCC) de Agronomia \u00e9 uma atividade obrigat\u00f3ria para obten\u00e7\u00e3o do t\u00edtulo de gradua\u00e7\u00e3o. Caracteriza-se como trabalho [&hellip;]<\/p>\n","protected":false},"author":6,"featured_media":0,"parent":0,"menu_order":0,"comment_status":"closed","ping_status":"closed","template":"","meta":{"_acf_changed":false,"footnotes":""},"class_list":["post-80","page","type-page","status-publish","hentry"],"acf":[],"_links":{"self":[{"href":"https:\/\/graduacao.uel.br\/agronomia\/wp-json\/wp\/v2\/pages\/80","targetHints":{"allow":["GET"]}}],"collection":[{"href":"https:\/\/graduacao.uel.br\/agronomia\/wp-json\/wp\/v2\/pages"}],"about":[{"href":"https:\/\/graduacao.uel.br\/agronomia\/wp-json\/wp\/v2\/types\/page"}],"author":[{"embeddable":true,"href":"https:\/\/graduacao.uel.br\/agronomia\/wp-json\/wp\/v2\/users\/6"}],"replies":[{"embeddable":true,"href":"https:\/\/graduacao.uel.br\/agronomia\/wp-json\/wp\/v2\/comments?post=80"}],"version-history":[{"count":5,"href":"https:\/\/graduacao.uel.br\/agronomia\/wp-json\/wp\/v2\/pages\/80\/revisions"}],"predecessor-version":[{"id":105,"href":"https:\/\/graduacao.uel.br\/agronomia\/wp-json\/wp\/v2\/pages\/80\/revisions\/105"}],"wp:attachment":[{"href":"https:\/\/graduacao.uel.br\/agronomia\/wp-json\/wp\/v2\/media?parent=80"}],"curies":[{"name":"wp","href":"https:\/\/api.w.org\/{rel}","templated":true}]}}