{"id":108,"date":"2024-07-05T15:51:41","date_gmt":"2024-07-05T18:51:41","guid":{"rendered":"https:\/\/graduacao.uel.br\/arquitetura-e-urbanismo\/?page_id=108"},"modified":"2024-07-05T16:32:58","modified_gmt":"2024-07-05T19:32:58","slug":"infraestrutura","status":"publish","type":"page","link":"https:\/\/graduacao.uel.br\/arquitetura-e-urbanismo\/infraestrutura\/","title":{"rendered":"Infraestrutura"},"content":{"rendered":"\n<p>O curso de Arquitetura e Urbanismo da UEL faz parte da estrutura administrativa e f\u00edsica do Centro de Tecnologia e Urbanismo (CTU). Al\u00e9m de salas de aulas, o curso utiliza de estruturas de laborat\u00f3rios para atividades acad\u00eamicas.<\/p>\n\n\n\n<iframe src=\"https:\/\/www.google.com\/maps\/embed?pb=!1m18!1m12!1m3!1d3663.6917898776173!2d-51.20096683386473!3d-23.326938853259062!2m3!1f0!2f0!3f0!3m2!1i1024!2i768!4f13.1!3m3!1m2!1s0x94eb5ca1a33d1303%3A0x108912eed18c08b6!2sCTU%20-%20Centro%20de%20Tecnologia%20e%20Urbanismo!5e0!3m2!1spt-BR!2sbr!4v1708015305099!5m2!1spt-BR!2sbr\" width=\"1200\" height=\"600\" style=\"border:0;\" allowfullscreen=\"\" loading=\"lazy\" referrerpolicy=\"no-referrer-when-downgrade\"><\/iframe>\n","protected":false},"excerpt":{"rendered":"<p>O curso de Arquitetura e Urbanismo da UEL faz parte da estrutura administrativa e f\u00edsica do Centro de Tecnologia e Urbanismo (CTU). Al\u00e9m de salas de aulas, o curso utiliza de estruturas de laborat\u00f3rios para atividades acad\u00eamicas.<\/p>\n","protected":false},"author":10,"featured_media":0,"parent":0,"menu_order":0,"comment_status":"closed","ping_status":"closed","template":"","meta":{"_acf_changed":false,"footnotes":""},"class_list":["post-108","page","type-page","status-publish","hentry"],"acf":[],"_links":{"self":[{"href":"https:\/\/graduacao.uel.br\/arquitetura-e-urbanismo\/wp-json\/wp\/v2\/pages\/108","targetHints":{"allow":["GET"]}}],"collection":[{"href":"https:\/\/graduacao.uel.br\/arquitetura-e-urbanismo\/wp-json\/wp\/v2\/pages"}],"about":[{"href":"https:\/\/graduacao.uel.br\/arquitetura-e-urbanismo\/wp-json\/wp\/v2\/types\/page"}],"author":[{"embeddable":true,"href":"https:\/\/graduacao.uel.br\/arquitetura-e-urbanismo\/wp-json\/wp\/v2\/users\/10"}],"replies":[{"embeddable":true,"href":"https:\/\/graduacao.uel.br\/arquitetura-e-urbanismo\/wp-json\/wp\/v2\/comments?post=108"}],"version-history":[{"count":2,"href":"https:\/\/graduacao.uel.br\/arquitetura-e-urbanismo\/wp-json\/wp\/v2\/pages\/108\/revisions"}],"predecessor-version":[{"id":149,"href":"https:\/\/graduacao.uel.br\/arquitetura-e-urbanismo\/wp-json\/wp\/v2\/pages\/108\/revisions\/149"}],"wp:attachment":[{"href":"https:\/\/graduacao.uel.br\/arquitetura-e-urbanismo\/wp-json\/wp\/v2\/media?parent=108"}],"curies":[{"name":"wp","href":"https:\/\/api.w.org\/{rel}","templated":true}]}}

<p>O curso de Arquitetura e Urbanismo da UEL faz parte da estrutura administrativa e física do Centro de Tecnologia e Urbanismo (CTU). Além de salas de aulas, o curso utiliza de estruturas de laboratórios para atividades acadêmicas.</p>



<iframe src="https://www.google.com/maps/embed?pb=!1m18!1m12!1m3!1d3663.6917898776173!2d-51.20096683386473!3d-23.326938853259062!2m3!1f0!2f0!3f0!3m2!1i1024!2i768!4f13.1!3m3!1m2!1s0x94eb5ca1a33d1303%3A0x108912eed18c08b6!2sCTU%20-%20Centro%20de%20Tecnologia%20e%20Urbanismo!5e0!3m2!1spt-BR!2sbr!4v1708015305099!5m2!1spt-BR!2sbr" width="1200" height="600" style="border:0;" allowfullscreen="" loading="lazy" referrerpolicy="no-referrer-when-downgrade"></iframe>

<p>O curso de Arquitetura e Urbanismo da UEL faz parte da estrutura administrativa e física do Centro de Tecnologia e Urbanismo (CTU). Além de salas de aulas, o curso utiliza de estruturas de laboratórios para atividades acadêmicas.</p>
