{"id":119,"date":"2024-07-05T15:54:30","date_gmt":"2024-07-05T18:54:30","guid":{"rendered":"https:\/\/graduacao.uel.br\/arquitetura-e-urbanismo\/?page_id=119"},"modified":"2024-07-05T16:43:43","modified_gmt":"2024-07-05T19:43:43","slug":"matriz-curricular","status":"publish","type":"page","link":"https:\/\/graduacao.uel.br\/arquitetura-e-urbanismo\/matriz-curricular\/","title":{"rendered":"Matriz Curricular"},"content":{"rendered":"\n<p>Para os estudantes que&nbsp;<strong>ingressaram antes de 2023<\/strong>, observe a Matriz Curricular:<\/p>\n\n\n\n<p><strong><a href=\"https:\/\/sites.uel.br\/prograd\/wp-content\/uploads\/catalogo_cursos\/2020\/organizacao_curricular\/arquitetura_urbanismo.pdf\">Matriz Curricular anterior<\/a><\/strong><\/p>\n\n\n\n<p><strong>A partir de 2023<\/strong>, ap\u00f3s reformula\u00e7\u00e3o curricular do Projeto Pedag\u00f3gico do Curso de Arquitetura e Urbanismo a Matriz Curricular vigente passou a ser a seguinte:\u00a0<\/p>\n\n\n\n<p><strong><a href=\"https:\/\/sites.uel.br\/prograd\/wp-content\/uploads\/catalogo_cursos\/2023\/organizacao_curricular\/arquitetura_urbanismo.pdf\">Matriz Curricular atual<\/a><\/strong><\/p>\n","protected":false},"excerpt":{"rendered":"<p>Para os estudantes que&nbsp;ingressaram antes de 2023, observe a Matriz Curricular: Matriz Curricular anterior A partir de 2023, ap\u00f3s reformula\u00e7\u00e3o curricular do Projeto Pedag\u00f3gico do Curso de Arquitetura e Urbanismo a Matriz Curricular vigente passou a ser a seguinte:\u00a0 Matriz Curricular atual<\/p>\n","protected":false},"author":10,"featured_media":0,"parent":0,"menu_order":0,"comment_status":"closed","ping_status":"closed","template":"","meta":{"_acf_changed":false,"footnotes":""},"class_list":["post-119","page","type-page","status-publish","hentry"],"acf":[],"_links":{"self":[{"href":"https:\/\/graduacao.uel.br\/arquitetura-e-urbanismo\/wp-json\/wp\/v2\/pages\/119","targetHints":{"allow":["GET"]}}],"collection":[{"href":"https:\/\/graduacao.uel.br\/arquitetura-e-urbanismo\/wp-json\/wp\/v2\/pages"}],"about":[{"href":"https:\/\/graduacao.uel.br\/arquitetura-e-urbanismo\/wp-json\/wp\/v2\/types\/page"}],"author":[{"embeddable":true,"href":"https:\/\/graduacao.uel.br\/arquitetura-e-urbanismo\/wp-json\/wp\/v2\/users\/10"}],"replies":[{"embeddable":true,"href":"https:\/\/graduacao.uel.br\/arquitetura-e-urbanismo\/wp-json\/wp\/v2\/comments?post=119"}],"version-history":[{"count":4,"href":"https:\/\/graduacao.uel.br\/arquitetura-e-urbanismo\/wp-json\/wp\/v2\/pages\/119\/revisions"}],"predecessor-version":[{"id":158,"href":"https:\/\/graduacao.uel.br\/arquitetura-e-urbanismo\/wp-json\/wp\/v2\/pages\/119\/revisions\/158"}],"wp:attachment":[{"href":"https:\/\/graduacao.uel.br\/arquitetura-e-urbanismo\/wp-json\/wp\/v2\/media?parent=119"}],"curies":[{"name":"wp","href":"https:\/\/api.w.org\/{rel}","templated":true}]}}

<p>Para os estudantes que&nbsp;<strong>ingressaram antes de 2023</strong>, observe a Matriz Curricular:</p>



<p><strong><a href="https://sites.uel.br/prograd/wp-content/uploads/catalogo_cursos/2020/organizacao_curricular/arquitetura_urbanismo.pdf">Matriz Curricular anterior</a></strong></p>



<p><strong>A partir de 2023</strong>, após reformulação curricular do Projeto Pedagógico do Curso de Arquitetura e Urbanismo a Matriz Curricular vigente passou a ser a seguinte: </p>



<p><strong><a href="https://sites.uel.br/prograd/wp-content/uploads/catalogo_cursos/2023/organizacao_curricular/arquitetura_urbanismo.pdf">Matriz Curricular atual</a></strong></p>

<p>Para os estudantes que&nbsp;ingressaram antes de 2023, observe a Matriz Curricular: Matriz Curricular anterior A partir de 2023, após reformulação curricular do Projeto Pedagógico do Curso de Arquitetura e Urbanismo a Matriz Curricular vigente passou a ser a seguinte:  Matriz Curricular atual</p>
