{"id":122,"date":"2024-07-05T15:54:51","date_gmt":"2024-07-05T18:54:51","guid":{"rendered":"https:\/\/graduacao.uel.br\/arquitetura-e-urbanismo\/?page_id=122"},"modified":"2024-07-08T15:31:01","modified_gmt":"2024-07-08T18:31:01","slug":"projeto-pedagogico-ppc","status":"publish","type":"page","link":"https:\/\/graduacao.uel.br\/arquitetura-e-urbanismo\/projeto-pedagogico-ppc\/","title":{"rendered":"Projeto Pedag\u00f3gico (PPC)"},"content":{"rendered":"\n<p>A reformula\u00e7\u00e3o pedag\u00f3gica de 1991 pode ser considerada, portanto, a mais substancial na trajet\u00f3ria do curso de Arquitetura e Urbanismo. Ap\u00f3s este momento ocorreram apenas adequa\u00e7\u00f5es curriculares para atender normativas de \u00e2mbito nacional e local, sem, contudo, mudar a estrutura principal do curso. <\/p>\n\n\n\n<p>As adequa\u00e7\u00f5es datam dos anos de 2008 (2 altera\u00e7\u00f5es), 2009 (3 altera\u00e7\u00f5es), 2010 (1 altera\u00e7\u00e3o) e 2016 (l altera\u00e7\u00e3o). Nestes 28 anos o cen\u00e1rio institucional, a sociedade e os pr\u00f3prios estudantes mudaram muito, sobretudo pela evolu\u00e7\u00e3o dos recursos tecnol\u00f3gicos de acesso e compartilhamento de informa\u00e7\u00f5es, os quais t\u00eam mudado exponencialmente as rela\u00e7\u00f5es sociais de trabalho, e tamb\u00e9m no campo ensino-aprendizagem.<\/p>\n\n\n\n<p>Foi neste per\u00edodo tamb\u00e9m que o DAUUEL fez um grande investimento para capacita\u00e7\u00e3o dos seus docentes em n\u00edvel de Mestrado e Doutorado, por meio de dois programas conveniados ocorridos, respectivamente, entre os anos de 1999 a 2001 (MINTER-Mestrado Interinstitucional com a FAUUSP, SP) e 2011 a 2015 (DINTER &#8211; Doutorado Interinstitucional com o IAU, S\u00e3o Carlos, SP). Ap\u00f3s este esfor\u00e7o conjunto, o DAUUEL alcan\u00e7ou um patamar de excel\u00eancia de seu corpo docente efetivo, que passou a contar com 27 dos seus 30 professores qualificados como Doutores e atuando em regime de trabalho de Tempo Integral e Dedica\u00e7\u00e3o Exclusiva (TIDE).<\/p>\n\n\n\n<p>A verticaliza\u00e7\u00e3o do curso de Arquitetura foi uma das metas estabelecidas pelo DAUUEL, a partir da capacita\u00e7\u00e3o do corpo docente, criando-se a P\u00f3s-Gradua\u00e7\u00e3o. A regi\u00e3o Sul n\u00e3o era priorit\u00e1ria para novos cursos, portanto uma das estrat\u00e9gias foi criar um programa nos moldes de associa\u00e7\u00e3o. <\/p>\n\n\n\n<p>Assim, em 2012, foi aprovado pela Coordena\u00e7\u00e3o de Aperfei\u00e7oamento de Pessoal de N\u00edvel Superior  (CAPES\/Minist\u00e9rio da Educa\u00e7\u00e3o) o primeiro programa na \u00e1rea de Arquitetura e Urbanismo (PPU) no estado do Paran\u00e1, uma proposta conjunta da Universidade Estadual de Maring\u00e1 (UEM) e da Universidade Estadual de Londrina (DEL). <\/p>\n\n\n\n<p>O Programa, em sua primeira avalia\u00e7\u00e3o quadrienal, em 2016, obteve a nota 4. Foi realizada uma proposta de oferta do doutoramento, aprovada em 2018. A partir de 2019, o PPU incorpora, portanto, o mestrado e o doutorado na \u00e1rea de concentra\u00e7\u00e3o em Metodologia de Projeto a qual visa uma discuss\u00e3o essencial para a \u00e1rea do conhecimento. <\/p>\n\n\n\n<p>Neste sentido, o objetivo geral do PPU \u00e9 formar profissionais aptos a atuar com vis\u00e3o integradora e sist\u00eamica, com respaldo hist\u00f3rico-cultural; incrementar as iniciativas de planejamento e expans\u00e3o das cidades junto a \u00f3rg\u00e3os p\u00fablicos; refletir sobre o ambiente edificado e a agregar valor \u00e0 sua produ\u00e7\u00e3o considerando metodologias universais e o contexto regional; atuar no processo de produ\u00e7\u00e3o da habita\u00e7\u00e3o, tornando as cidades mais sustent\u00e1veis.<\/p>\n\n\n\n<p>Nestes quarenta anos de exist\u00eancia o DAUUEL, buscou-se a excel\u00eancia na forma\u00e7\u00e3o de seus egressos. O ambiente da Universidade possibilita o diferencial de inser\u00e7\u00e3o na sociedade atrav\u00e9s de projetos de pesquisa e extens\u00e3o para transfer\u00eancia de conhecimento acad\u00eamico e atendimento \u00e0s demandas da comunidade, proporcionando experi\u00eancias no conv\u00edvio atreladas \u00e0 oferta da P\u00f3s-gradua\u00e7\u00e3o Stricto Sensu em n\u00edvel de mestrado e doutorado, al\u00e9m da especializa\u00e7\u00e3o Lato Sensu. <\/p>\n\n\n\n<p>Tamb\u00e9m est\u00e1 presente na sociedade e no campo de trabalho espec\u00edfico atrav\u00e9s do Est\u00e1gio Supervisionado, que aproxima os alunos da gradua\u00e7\u00e3o dos escrit\u00f3rios de arquitetura e urbanismo, prefeituras locais e regionais, empresas do segmento da constru\u00e7\u00e3o civil e outros tantos ramos de atua\u00e7\u00e3o do profissional formado pela UEL.<\/p>\n\n\n\n<div class=\"wp-block-buttons is-content-justification-center is-layout-flex wp-container-core-buttons-is-layout-16018d1d wp-block-buttons-is-layout-flex\">\n<div class=\"wp-block-button\"><a class=\"wp-block-button__link has-primary-accent-background-color has-background wp-element-button\" href=\"https:\/\/sites.uel.br\/prograd\/graduacao\/projetos-pedagogicos\/projetos-pedagogicos-arquitetura-e-urbanismo\/\">Resolu\u00e7\u00f5es e Delibera\u00e7\u00f5es<\/a><\/div>\n<\/div>\n\n\n\n<div class=\"wp-block-pb-accordion-item c-accordion__item js-accordion-item no-js\" data-initially-open=\"false\" data-click-to-close=\"true\" data-auto-close=\"true\" data-scroll=\"false\" data-scroll-offset=\"0\"><h6 id=\"at-1220\" class=\"c-accordion__title js-accordion-controller\" role=\"button\"><strong>DEPARTAMENTO<\/strong><\/h6><div id=\"ac-1220\" class=\"c-accordion__content\">\n<p>O Departamento, subunidade dos Centros de Estudos, constitui-se na menor estrutura de organiza\u00e7\u00e3o administrativa, did\u00e1tico cient\u00edfica e de lota\u00e7\u00e3o de pessoal.<br>No Departamento s\u00e3o reunidas atividades acad\u00eamicas afins e nele est\u00e3o integrados docentes e t\u00e9cnico administrativos para objetivos comuns. (Art. 122 do Regimento Geral da UEL).<\/p>\n<\/div><\/div>\n\n\n\n<div class=\"wp-block-pb-accordion-item c-accordion__item js-accordion-item no-js\" data-initially-open=\"false\" data-click-to-close=\"true\" data-auto-close=\"true\" data-scroll=\"false\" data-scroll-offset=\"0\"><h6 id=\"at-1221\" class=\"c-accordion__title js-accordion-controller\" role=\"button\"><strong>COLEGIADO<\/strong><\/h6><div id=\"ac-1221\" class=\"c-accordion__content\">\n<p>Os Colegiados de cursos de gradua\u00e7\u00e3o exercem a coordena\u00e7\u00e3o pedag\u00f3gica dos cursos e ser\u00e3o constitu\u00eddos por representantes docentes da \u00e1rea principal de conhecimento e da \u00e1rea b\u00e1sica e\/ou complementar de conhecimento, estudantes e servidores, na forma prevista nos \u00a72\u00ba e \u00a73\u00ba do Art. 27 do Estatuto da Universidade. (Art. alterado atrav\u00e9s da Resolu\u00e7\u00e3o CU 168\/2007).<\/p>\n<\/div><\/div>\n\n\n\n<div class=\"wp-block-pb-accordion-item c-accordion__item js-accordion-item no-js\" data-initially-open=\"false\" data-click-to-close=\"true\" data-auto-close=\"true\" data-scroll=\"false\" data-scroll-offset=\"0\"><h6 id=\"at-1222\" class=\"c-accordion__title js-accordion-controller\" role=\"button\"><strong>N\u00daCLEO DOCENTE ESTRUTURANTE (NDE)<\/strong><\/h6><div id=\"ac-1222\" class=\"c-accordion__content\">\n<p>O NDE institui-se como parte da estrutura de gest\u00e3o acad\u00eamica do curso com atribui\u00e7\u00f5es consultivas, propositivas e de assessoria, acerca de mat\u00e9rias de natureza acad\u00eamica e pedag\u00f3gica, sendo correspons\u00e1vel pela elabora\u00e7\u00e3o, implementa\u00e7\u00e3o e consolida\u00e7\u00e3o do Projeto Pedag\u00f3gico do Curso (PPC), al\u00e9m de zelar pelo cumprimento das Diretrizes Curriculares Nacionais (DCNs). Tem como objetivos:<\/p>\n\n\n\n<p>1 \u2013 Levantar dificuldades na atua\u00e7\u00e3o do corpo docente do Curso;<\/p>\n\n\n\n<p>2 \u2013 Auxiliar na elabora\u00e7\u00e3o e no acompanhamento do PPC;<\/p>\n\n\n\n<p>3 \u2013 Propor programas ou outras formas de capacita\u00e7\u00e3o docente;<\/p>\n\n\n\n<p>4 \u2013 Acompanhar as avalia\u00e7\u00f5es do Curso definidas pelo Colegiado;<\/p>\n\n\n\n<p>5 \u2013 Analisar e propor modifica\u00e7\u00f5es, quando necess\u00e1rias;<\/p>\n\n\n\n<p>6 \u2013 Indicar formas de incentivo ao desenvolvimento de atividades de pesquisa;<\/p>\n\n\n\n<p>7 \u2013 Contribuir para a concretiza\u00e7\u00e3o do perfil profissional;<\/p>\n\n\n\n<p>8 \u2013 Zelar pelo cumprimento das DCNs aplic\u00e1veis ao Curso de Arquitetura e Urbanismo.<\/p>\n<\/div><\/div>\n\n\n\n<div class=\"wp-block-columns is-layout-flex wp-container-core-columns-is-layout-9d6595d7 wp-block-columns-is-layout-flex\">\n<div class=\"wp-block-column is-layout-flow wp-block-column-is-layout-flow\"><\/div>\n<\/div>\n","protected":false},"excerpt":{"rendered":"<p>A reformula\u00e7\u00e3o pedag\u00f3gica de 1991 pode ser considerada, portanto, a mais substancial na trajet\u00f3ria do curso de Arquitetura e Urbanismo. Ap\u00f3s este momento ocorreram apenas adequa\u00e7\u00f5es curriculares para atender normativas de \u00e2mbito nacional e local, sem, contudo, mudar a estrutura principal do curso. As adequa\u00e7\u00f5es datam dos anos de 2008 (2 altera\u00e7\u00f5es), 2009 (3 altera\u00e7\u00f5es), [&hellip;]<\/p>\n","protected":false},"author":10,"featured_media":0,"parent":0,"menu_order":0,"comment_status":"closed","ping_status":"closed","template":"","meta":{"_acf_changed":false,"footnotes":""},"class_list":["post-122","page","type-page","status-publish","hentry"],"acf":[],"_links":{"self":[{"href":"https:\/\/graduacao.uel.br\/arquitetura-e-urbanismo\/wp-json\/wp\/v2\/pages\/122","targetHints":{"allow":["GET"]}}],"collection":[{"href":"https:\/\/graduacao.uel.br\/arquitetura-e-urbanismo\/wp-json\/wp\/v2\/pages"}],"about":[{"href":"https:\/\/graduacao.uel.br\/arquitetura-e-urbanismo\/wp-json\/wp\/v2\/types\/page"}],"author":[{"embeddable":true,"href":"https:\/\/graduacao.uel.br\/arquitetura-e-urbanismo\/wp-json\/wp\/v2\/users\/10"}],"replies":[{"embeddable":true,"href":"https:\/\/graduacao.uel.br\/arquitetura-e-urbanismo\/wp-json\/wp\/v2\/comments?post=122"}],"version-history":[{"count":7,"href":"https:\/\/graduacao.uel.br\/arquitetura-e-urbanismo\/wp-json\/wp\/v2\/pages\/122\/revisions"}],"predecessor-version":[{"id":194,"href":"https:\/\/graduacao.uel.br\/arquitetura-e-urbanismo\/wp-json\/wp\/v2\/pages\/122\/revisions\/194"}],"wp:attachment":[{"href":"https:\/\/graduacao.uel.br\/arquitetura-e-urbanismo\/wp-json\/wp\/v2\/media?parent=122"}],"curies":[{"name":"wp","href":"https:\/\/api.w.org\/{rel}","templated":true}]}}

Projeto Pedagógico (PPC)

<p>A reformulação pedagógica de 1991 pode ser considerada, portanto, a mais substancial na trajetória do curso de Arquitetura e Urbanismo. Após este momento ocorreram apenas adequações curriculares para atender normativas de âmbito nacional e local, sem, contudo, mudar a estrutura principal do curso. </p>



<p>As adequações datam dos anos de 2008 (2 alterações), 2009 (3 alterações), 2010 (1 alteração) e 2016 (l alteração). Nestes 28 anos o cenário institucional, a sociedade e os próprios estudantes mudaram muito, sobretudo pela evolução dos recursos tecnológicos de acesso e compartilhamento de informações, os quais têm mudado exponencialmente as relações sociais de trabalho, e também no campo ensino-aprendizagem.</p>



<p>Foi neste período também que o DAUUEL fez um grande investimento para capacitação dos seus docentes em nível de Mestrado e Doutorado, por meio de dois programas conveniados ocorridos, respectivamente, entre os anos de 1999 a 2001 (MINTER-Mestrado Interinstitucional com a FAUUSP, SP) e 2011 a 2015 (DINTER &#8211; Doutorado Interinstitucional com o IAU, São Carlos, SP). Após este esforço conjunto, o DAUUEL alcançou um patamar de excelência de seu corpo docente efetivo, que passou a contar com 27 dos seus 30 professores qualificados como Doutores e atuando em regime de trabalho de Tempo Integral e Dedicação Exclusiva (TIDE).</p>



<p>A verticalização do curso de Arquitetura foi uma das metas estabelecidas pelo DAUUEL, a partir da capacitação do corpo docente, criando-se a Pós-Graduação. A região Sul não era prioritária para novos cursos, portanto uma das estratégias foi criar um programa nos moldes de associação. </p>



<p>Assim, em 2012, foi aprovado pela Coordenação de Aperfeiçoamento de Pessoal de Nível Superior  (CAPES/Ministério da Educação) o primeiro programa na área de Arquitetura e Urbanismo (PPU) no estado do Paraná, uma proposta conjunta da Universidade Estadual de Maringá (UEM) e da Universidade Estadual de Londrina (DEL). </p>



<p>O Programa, em sua primeira avaliação quadrienal, em 2016, obteve a nota 4. Foi realizada uma proposta de oferta do doutoramento, aprovada em 2018. A partir de 2019, o PPU incorpora, portanto, o mestrado e o doutorado na área de concentração em Metodologia de Projeto a qual visa uma discussão essencial para a área do conhecimento. </p>



<p>Neste sentido, o objetivo geral do PPU é formar profissionais aptos a atuar com visão integradora e sistêmica, com respaldo histórico-cultural; incrementar as iniciativas de planejamento e expansão das cidades junto a órgãos públicos; refletir sobre o ambiente edificado e a agregar valor à sua produção considerando metodologias universais e o contexto regional; atuar no processo de produção da habitação, tornando as cidades mais sustentáveis.</p>



<p>Nestes quarenta anos de existência o DAUUEL, buscou-se a excelência na formação de seus egressos. O ambiente da Universidade possibilita o diferencial de inserção na sociedade através de projetos de pesquisa e extensão para transferência de conhecimento acadêmico e atendimento às demandas da comunidade, proporcionando experiências no convívio atreladas à oferta da Pós-graduação Stricto Sensu em nível de mestrado e doutorado, além da especialização Lato Sensu. </p>



<p>Também está presente na sociedade e no campo de trabalho específico através do Estágio Supervisionado, que aproxima os alunos da graduação dos escritórios de arquitetura e urbanismo, prefeituras locais e regionais, empresas do segmento da construção civil e outros tantos ramos de atuação do profissional formado pela UEL.</p>



<div class="wp-block-buttons is-content-justification-center is-layout-flex wp-container-core-buttons-is-layout-16018d1d wp-block-buttons-is-layout-flex">
<div class="wp-block-button"><a class="wp-block-button__link has-primary-accent-background-color has-background wp-element-button" href="https://sites.uel.br/prograd/graduacao/projetos-pedagogicos/projetos-pedagogicos-arquitetura-e-urbanismo/">Resoluções e Deliberações</a></div>
</div>



<div class="wp-block-pb-accordion-item c-accordion__item js-accordion-item no-js" data-initially-open="false" data-click-to-close="true" data-auto-close="true" data-scroll="false" data-scroll-offset="0"><h6 id="at-1220" class="c-accordion__title js-accordion-controller" role="button"><strong>DEPARTAMENTO</strong></h6><div id="ac-1220" class="c-accordion__content">
<p>O Departamento, subunidade dos Centros de Estudos, constitui-se na menor estrutura de organização administrativa, didático científica e de lotação de pessoal.<br>No Departamento são reunidas atividades acadêmicas afins e nele estão integrados docentes e técnico administrativos para objetivos comuns. (Art. 122 do Regimento Geral da UEL).</p>
</div></div>



<div class="wp-block-pb-accordion-item c-accordion__item js-accordion-item no-js" data-initially-open="false" data-click-to-close="true" data-auto-close="true" data-scroll="false" data-scroll-offset="0"><h6 id="at-1221" class="c-accordion__title js-accordion-controller" role="button"><strong>COLEGIADO</strong></h6><div id="ac-1221" class="c-accordion__content">
<p>Os Colegiados de cursos de graduação exercem a coordenação pedagógica dos cursos e serão constituídos por representantes docentes da área principal de conhecimento e da área básica e/ou complementar de conhecimento, estudantes e servidores, na forma prevista nos §2º e §3º do Art. 27 do Estatuto da Universidade. (Art. alterado através da Resolução CU 168/2007).</p>
</div></div>



<div class="wp-block-pb-accordion-item c-accordion__item js-accordion-item no-js" data-initially-open="false" data-click-to-close="true" data-auto-close="true" data-scroll="false" data-scroll-offset="0"><h6 id="at-1222" class="c-accordion__title js-accordion-controller" role="button"><strong>NÚCLEO DOCENTE ESTRUTURANTE (NDE)</strong></h6><div id="ac-1222" class="c-accordion__content">
<p>O NDE institui-se como parte da estrutura de gestão acadêmica do curso com atribuições consultivas, propositivas e de assessoria, acerca de matérias de natureza acadêmica e pedagógica, sendo corresponsável pela elaboração, implementação e consolidação do Projeto Pedagógico do Curso (PPC), além de zelar pelo cumprimento das Diretrizes Curriculares Nacionais (DCNs). Tem como objetivos:</p>



<p>1 – Levantar dificuldades na atuação do corpo docente do Curso;</p>



<p>2 – Auxiliar na elaboração e no acompanhamento do PPC;</p>



<p>3 – Propor programas ou outras formas de capacitação docente;</p>



<p>4 – Acompanhar as avaliações do Curso definidas pelo Colegiado;</p>



<p>5 – Analisar e propor modificações, quando necessárias;</p>



<p>6 – Indicar formas de incentivo ao desenvolvimento de atividades de pesquisa;</p>



<p>7 – Contribuir para a concretização do perfil profissional;</p>



<p>8 – Zelar pelo cumprimento das DCNs aplicáveis ao Curso de Arquitetura e Urbanismo.</p>
</div></div>



<div class="wp-block-columns is-layout-flex wp-container-core-columns-is-layout-9d6595d7 wp-block-columns-is-layout-flex">
<div class="wp-block-column is-layout-flow wp-block-column-is-layout-flow"></div>
</div>

<p>A reformulação pedagógica de 1991 pode ser considerada, portanto, a mais substancial na trajetória do curso de Arquitetura e Urbanismo. Após este momento ocorreram apenas adequações curriculares para atender normativas de âmbito nacional e local, sem, contudo, mudar a estrutura principal do curso. As adequações datam dos anos de 2008 (2 alterações), 2009 (3 alterações), [&hellip;]</p>
