{"id":178,"date":"2024-07-08T11:49:11","date_gmt":"2024-07-08T14:49:11","guid":{"rendered":"https:\/\/graduacao.uel.br\/arquitetura-e-urbanismo\/?page_id=178"},"modified":"2024-07-08T11:49:12","modified_gmt":"2024-07-08T14:49:12","slug":"centro-academico-ca","status":"publish","type":"page","link":"https:\/\/graduacao.uel.br\/arquitetura-e-urbanismo\/centro-academico-ca\/","title":{"rendered":"Centro Acad\u00eamico (CA)"},"content":{"rendered":"\n<p><strong>CACAU &#8211; Centro Acad\u00eamico de Arquitetura e Urbanismo da UEL<\/strong>: <\/p>\n\n\n\n<p>O Centro Acad\u00eamico de Arquitetura e Urbanismo \u00e9 o cora\u00e7\u00e3o pulsante onde ideias se encontram, projetos ganham vida, e a criatividade transforma espa\u00e7os em narrativas urbanas.<\/p>\n\n\n\n<p>Conhe\u00e7a o CACAU: <strong><a href=\"https:\/\/www.instagram.com\/cacau.uel\/\">Instagran<\/a><\/strong><\/p>\n","protected":false},"excerpt":{"rendered":"<p>CACAU &#8211; Centro Acad\u00eamico de Arquitetura e Urbanismo da UEL: O Centro Acad\u00eamico de Arquitetura e Urbanismo \u00e9 o cora\u00e7\u00e3o pulsante onde ideias se encontram, projetos ganham vida, e a criatividade transforma espa\u00e7os em narrativas urbanas. Conhe\u00e7a o CACAU: Instagran<\/p>\n","protected":false},"author":10,"featured_media":0,"parent":0,"menu_order":0,"comment_status":"closed","ping_status":"closed","template":"","meta":{"_acf_changed":false,"footnotes":""},"class_list":["post-178","page","type-page","status-publish","hentry"],"acf":[],"_links":{"self":[{"href":"https:\/\/graduacao.uel.br\/arquitetura-e-urbanismo\/wp-json\/wp\/v2\/pages\/178","targetHints":{"allow":["GET"]}}],"collection":[{"href":"https:\/\/graduacao.uel.br\/arquitetura-e-urbanismo\/wp-json\/wp\/v2\/pages"}],"about":[{"href":"https:\/\/graduacao.uel.br\/arquitetura-e-urbanismo\/wp-json\/wp\/v2\/types\/page"}],"author":[{"embeddable":true,"href":"https:\/\/graduacao.uel.br\/arquitetura-e-urbanismo\/wp-json\/wp\/v2\/users\/10"}],"replies":[{"embeddable":true,"href":"https:\/\/graduacao.uel.br\/arquitetura-e-urbanismo\/wp-json\/wp\/v2\/comments?post=178"}],"version-history":[{"count":1,"href":"https:\/\/graduacao.uel.br\/arquitetura-e-urbanismo\/wp-json\/wp\/v2\/pages\/178\/revisions"}],"predecessor-version":[{"id":180,"href":"https:\/\/graduacao.uel.br\/arquitetura-e-urbanismo\/wp-json\/wp\/v2\/pages\/178\/revisions\/180"}],"wp:attachment":[{"href":"https:\/\/graduacao.uel.br\/arquitetura-e-urbanismo\/wp-json\/wp\/v2\/media?parent=178"}],"curies":[{"name":"wp","href":"https:\/\/api.w.org\/{rel}","templated":true}]}}

Centro Acadêmico (CA)

<p><strong>CACAU &#8211; Centro Acadêmico de Arquitetura e Urbanismo da UEL</strong>: </p>



<p>O Centro Acadêmico de Arquitetura e Urbanismo é o coração pulsante onde ideias se encontram, projetos ganham vida, e a criatividade transforma espaços em narrativas urbanas.</p>



<p>Conheça o CACAU: <strong><a href="https://www.instagram.com/cacau.uel/">Instagran</a></strong></p>

<p>CACAU &#8211; Centro Acadêmico de Arquitetura e Urbanismo da UEL: O Centro Acadêmico de Arquitetura e Urbanismo é o coração pulsante onde ideias se encontram, projetos ganham vida, e a criatividade transforma espaços em narrativas urbanas. Conheça o CACAU: Instagran</p>
