{"id":14,"date":"2024-06-27T11:05:57","date_gmt":"2024-06-27T14:05:57","guid":{"rendered":"https:\/\/graduacao.uel.br\/arquivologia\/?page_id=14"},"modified":"2025-01-22T11:17:33","modified_gmt":"2025-01-22T14:17:33","slug":"o-curso","status":"publish","type":"page","link":"https:\/\/graduacao.uel.br\/arquivologia\/o-curso\/","title":{"rendered":"O curso"},"content":{"rendered":"\n<p><strong>Perfil do Profissional<\/strong><br>O profissional formado no Curso de Arquivologia deve: deter n\u00e3o s\u00f3 a compet\u00eancia t\u00e9cnico-cient\u00edfica que o mundo do trabalho requer, mas tamb\u00e9m a capacita\u00e7\u00e3o para o exerc\u00edcio da cidadania; buscar de forma cont\u00ednua informa\u00e7\u00e3o e conhecimento, pois s\u00e3o tais fatores os mais valiosos recursos estrat\u00e9gicos; manter uma postura investigadora e cr\u00edtica, de modo que este possa assumir as mudan\u00e7as sociais de forma natural.<\/p>\n\n\n\n<p>A forma\u00e7\u00e3o do profissional sup\u00f5e o desenvolvimento de habilidades espec\u00edficas, de esp\u00edrito cr\u00edtico, do dom\u00ednio das pr\u00e1ticas essenciais de produ\u00e7\u00e3o e difus\u00e3o do conhecimento na \u00e1rea, observando padr\u00f5es \u00e9ticos de conduta. <\/p>\n\n\n\n<p>Tal forma\u00e7\u00e3o oferecer\u00e1 ao profissional, condi\u00e7\u00f5es para suprir demandas relativas ao seu campo de atua\u00e7\u00e3o, e enfrentar com profici\u00eancia e criatividade a realidade de sua pr\u00e1xis.<\/p>\n\n\n\n<p><strong>Objetivo do Curso<\/strong><\/p>\n\n\n\n<ul class=\"wp-block-list\">\n<li>Desenvolver capacidades para aprender a aprender, a ser, a fazer, a viver junto e a conhecer, levando em considera\u00e7\u00e3o a autonomia na forma\u00e7\u00e3o para capacitar os alunos a atuar em um mundo que est\u00e1 em permanente mudan\u00e7a;<\/li>\n<\/ul>\n\n\n\n<ul class=\"wp-block-list\">\n<li>Desenvolver capacidades para pensar, inovar e executar para o futuro, atendendo com compet\u00eancia e criatividade as diferentes demandas de informa\u00e7\u00e3o oriundas da sociedade; <\/li>\n\n\n\n<li>propiciar a forma\u00e7\u00e3o de profissionais com vis\u00e3o cient\u00edfica que compreendam a provisoriedade da verdade cient\u00edfica, portanto cr\u00edticos, reflexivos, aut\u00f4nomos, \u00e9ticos e que enfrentem os desafios pr\u00f3prios da \u00e1rea com compet\u00eancia; <\/li>\n\n\n\n<li>possibilitar o desenvolvimento da capacidade cr\u00edtica e anal\u00edtica do profissional para atender a demanda atual e exercer os pap\u00e9is a ele destinados em fun\u00e7\u00e3o das mudan\u00e7as que v\u00eam ocorrendo mundialmente, seja pela globaliza\u00e7\u00e3o da sociedade, seja pelos novos paradigmas do mundo moderno; <\/li>\n\n\n\n<li>Incentivar o desenvolvimento de atitudes solid\u00e1rias e n\u00e3o apenas competitivas tal como induzido pela ideologia hegem\u00f4nica e possibilitar o reconhecimento da dimens\u00e3o social da profiss\u00e3o, por meio de uma forma\u00e7\u00e3o que capacite o profissional a modificar o meio onde atua, de modo a induzir as desigualdades e compreender a diversidade sociocultural.<\/li>\n<\/ul>\n\n\n\n<p><\/p>\n\n\n\n<p><strong>Conhe\u00e7a um pouco mais sobre o Curso de Arquivologia da UEL:<\/strong><\/p>\n\n\n\n<div class=\"wp-block-columns is-layout-flex wp-container-core-columns-is-layout-9d6595d7 wp-block-columns-is-layout-flex\">\n<div class=\"wp-block-column is-layout-flow wp-block-column-is-layout-flow\">\n<div class=\"wp-block-columns is-layout-flex wp-container-core-columns-is-layout-9d6595d7 wp-block-columns-is-layout-flex\">\n<div class=\"wp-block-column is-layout-flow wp-block-column-is-layout-flow\" style=\"flex-basis:66.66%\">\n<figure class=\"wp-block-embed is-type-video is-provider-youtube wp-block-embed-youtube wp-embed-aspect-16-9 wp-has-aspect-ratio\"><div class=\"wp-block-embed__wrapper\">\n<iframe loading=\"lazy\" title=\"Arquivologia - Cursos de A a Z\" width=\"640\" height=\"360\" src=\"https:\/\/www.youtube.com\/embed\/E3sxViVxvkA?feature=oembed\" frameborder=\"0\" allow=\"accelerometer; autoplay; clipboard-write; encrypted-media; gyroscope; picture-in-picture; web-share\" referrerpolicy=\"strict-origin-when-cross-origin\" allowfullscreen><\/iframe>\n<\/div><\/figure>\n<\/div>\n\n\n\n<div class=\"wp-block-column is-layout-flow wp-block-column-is-layout-flow\" style=\"flex-basis:33.33%\">\n<p><strong>Campos de Atua\u00e7\u00e3o<\/strong><br>Institui\u00e7\u00f5es p\u00fablicas e privadas, empresas, cl\u00ednicas m\u00e9dicas, institui\u00e7\u00f5es culturais, universidades e outras institui\u00e7\u00f5es. A profiss\u00e3o \u00e9 regulamentada pela Lei n.\u00ba 6.545, de 1978 e Decreto n.\u00ba 82.590, de 06.11.78.<\/p>\n\n\n\n<p><strong>Sistema&nbsp;Acad\u00eamico<\/strong><br>Matr\u00edcula por Atividade Acad\u00eamica<\/p>\n\n\n\n<p><strong>Dura\u00e7\u00e3o M\u00ednima e M\u00e1xima<\/strong><br>4\/8 anos<\/p>\n\n\n\n<p><strong>Turno\/vagas<\/strong><br>Noturno \u2013 20<\/p>\n<\/div>\n<\/div>\n<\/div>\n<\/div>\n","protected":false},"excerpt":{"rendered":"<p>Perfil do ProfissionalO profissional formado no Curso de Arquivologia deve: deter n\u00e3o s\u00f3 a compet\u00eancia t\u00e9cnico-cient\u00edfica que o mundo do trabalho requer, mas tamb\u00e9m a capacita\u00e7\u00e3o para o exerc\u00edcio da cidadania; buscar de forma cont\u00ednua informa\u00e7\u00e3o e conhecimento, pois s\u00e3o tais fatores os mais valiosos recursos estrat\u00e9gicos; manter uma postura investigadora e cr\u00edtica, de modo [&hellip;]<\/p>\n","protected":false},"author":6,"featured_media":0,"parent":0,"menu_order":0,"comment_status":"closed","ping_status":"closed","template":"","meta":{"_acf_changed":false,"footnotes":""},"class_list":["post-14","page","type-page","status-publish","hentry"],"acf":[],"_links":{"self":[{"href":"https:\/\/graduacao.uel.br\/arquivologia\/wp-json\/wp\/v2\/pages\/14","targetHints":{"allow":["GET"]}}],"collection":[{"href":"https:\/\/graduacao.uel.br\/arquivologia\/wp-json\/wp\/v2\/pages"}],"about":[{"href":"https:\/\/graduacao.uel.br\/arquivologia\/wp-json\/wp\/v2\/types\/page"}],"author":[{"embeddable":true,"href":"https:\/\/graduacao.uel.br\/arquivologia\/wp-json\/wp\/v2\/users\/6"}],"replies":[{"embeddable":true,"href":"https:\/\/graduacao.uel.br\/arquivologia\/wp-json\/wp\/v2\/comments?post=14"}],"version-history":[{"count":9,"href":"https:\/\/graduacao.uel.br\/arquivologia\/wp-json\/wp\/v2\/pages\/14\/revisions"}],"predecessor-version":[{"id":145,"href":"https:\/\/graduacao.uel.br\/arquivologia\/wp-json\/wp\/v2\/pages\/14\/revisions\/145"}],"wp:attachment":[{"href":"https:\/\/graduacao.uel.br\/arquivologia\/wp-json\/wp\/v2\/media?parent=14"}],"curies":[{"name":"wp","href":"https:\/\/api.w.org\/{rel}","templated":true}]}}