{"id":16,"date":"2024-06-20T09:41:11","date_gmt":"2024-06-20T12:41:11","guid":{"rendered":"https:\/\/graduacao.uel.br\/artes-cenicas\/?page_id=16"},"modified":"2025-01-21T16:37:21","modified_gmt":"2025-01-21T19:37:21","slug":"o-curso","status":"publish","type":"page","link":"https:\/\/graduacao.uel.br\/artes-cenicas\/o-curso\/","title":{"rendered":"O curso"},"content":{"rendered":"\n<p><strong>Perfil do Profissional<\/strong><br>O bacharel em Artes C\u00eanicas &#8211; Habilita\u00e7\u00e3o em Interpreta\u00e7\u00e3o Teatral estar\u00e1 apto a: <\/p>\n\n\n\n<ul class=\"wp-block-list\">\n<li>Desenvolver-se como ator de teatro ou para atuar em manifesta\u00e7\u00f5es c\u00eanico-teatrais;<\/li>\n\n\n\n<li>realizar trabalhos como ator em televis\u00e3o, cinema ou publicidade; <\/li>\n\n\n\n<li>trabalhar como professor\/pesquisador em institui\u00e7\u00f5es de ensino superior; <\/li>\n\n\n\n<li>atuar como agente cultural, proponente ou coordenador de diferentes modalidades de ensino, na inicia\u00e7\u00e3o teatral de crian\u00e7as, jovens ou adultos; <\/li>\n\n\n\n<li>aliar teorias e pr\u00e1ticas teatrais, integrando elencos ou propondo novas produ\u00e7\u00f5es e produtos art\u00edsticos; <\/li>\n\n\n\n<li>respeitar e fazer respeitar o direito e os deveres \u00e9ticos do artista c\u00eanico, marcados pela busca constante da emancipa\u00e7\u00e3o e autonomia de um perfil pessoal de int\u00e9rprete no territ\u00f3rio conceitual das artes no mundo contempor\u00e2neo.<\/li>\n<\/ul>\n\n\n\n<p><strong>Objetivos do Curso<\/strong><\/p>\n\n\n\n<ul class=\"wp-block-list\">\n<li>Oferecer aos alunos subs\u00eddios para a atua\u00e7\u00e3o profissional em Artes C\u00eanicas, propondo situa\u00e7\u00f5es de aprendizagem significativa que lhes permitam desenvolver compet\u00eancias art\u00edsticas, culturais e profissionais para integrar, intervir e atuar na realidade socioecon\u00f4mica, pol\u00edtica e cultural da sociedade contempor\u00e2nea; <\/li>\n\n\n\n<li>Ampliar o campo de atua\u00e7\u00e3o profissional do ator; <\/li>\n\n\n\n<li>Promover processos de produ\u00e7\u00e3o art\u00edstica acompanhados de an\u00e1lise cr\u00edtica, intervindo qualitativamente na cultura; <\/li>\n\n\n\n<li>Atuar interdisciplinarmente com outras \u00e1reas, como sa\u00fade e educa\u00e7\u00e3o; <\/li>\n\n\n\n<li>Integrar ao Curso eventos art\u00edsticos da cidade e regi\u00e3o, tais como o FILO; <\/li>\n\n\n\n<li>Oferecer continuidade, em n\u00edvel superior, aos estudos feitos em escolas de n\u00edvel m\u00e9dio; <\/li>\n\n\n\n<li>Contribuir com pesquisas acad\u00eamicas sistem\u00e1ticas, de modo a fornecer subs\u00eddios para o desenvolvimento da produ\u00e7\u00e3o art\u00edstica de grupos, institui\u00e7\u00f5es ou \u00f3rg\u00e3os envolvidos nas atividades teatrais na sociedade, promovendo tamb\u00e9m o inter-relacionamento destes.<\/li>\n<\/ul>\n\n\n\n<p><\/p>\n\n\n\n<p><strong>Conhe\u00e7a um pouco mais sobre o Curso de Artes C\u00eanicas da UEL:<\/strong><\/p>\n\n\n\n<div class=\"wp-block-columns is-layout-flex wp-container-core-columns-is-layout-9d6595d7 wp-block-columns-is-layout-flex\">\n<div class=\"wp-block-column is-layout-flow wp-block-column-is-layout-flow\" style=\"flex-basis:66.66%\">\n<figure class=\"wp-block-embed is-type-video is-provider-youtube wp-block-embed-youtube wp-embed-aspect-16-9 wp-has-aspect-ratio\"><div class=\"wp-block-embed__wrapper\">\n<iframe loading=\"lazy\" title=\"Artes C\u00eanicas \u2013 Cursos de A a Z\" width=\"640\" height=\"360\" src=\"https:\/\/www.youtube.com\/embed\/cgnewL863vI?list=PLViP9rEFf1TMNC7bufHvtjh2ljFXM1hgz\" frameborder=\"0\" allow=\"accelerometer; autoplay; clipboard-write; encrypted-media; gyroscope; picture-in-picture; web-share\" referrerpolicy=\"strict-origin-when-cross-origin\" allowfullscreen><\/iframe>\n<\/div><\/figure>\n<\/div>\n\n\n\n<div class=\"wp-block-column is-layout-flow wp-block-column-is-layout-flow\" style=\"flex-basis:33.33%\">\n<div class=\"wp-block-columns is-layout-flex wp-container-core-columns-is-layout-9d6595d7 wp-block-columns-is-layout-flex\">\n<div class=\"wp-block-column is-layout-flow wp-block-column-is-layout-flow\"><\/div>\n<\/div>\n\n\n\n<p><strong>Campos de Atua\u00e7\u00e3o<\/strong><br>Teatro, cinema, televis\u00e3o e pesquisa. A profiss\u00e3o \u00e9 regulamentada pela Lei n.\u00ba 6.533, de 24.05.78.<\/p>\n\n\n\n<p><strong>Dura\u00e7\u00e3o<\/strong><br>M\u00ednima: 4 anos M\u00e1xima: 8 anos<\/p>\n\n\n\n<p><strong>Ano de Implanta\u00e7\u00e3o do Curr\u00edculo<\/strong><br>2005<\/p>\n\n\n\n<p><strong>Avalia\u00e7\u00e3o do MEC<\/strong><br>2006: 5<\/p>\n<\/div>\n<\/div>\n","protected":false},"excerpt":{"rendered":"<p>Perfil do ProfissionalO bacharel em Artes C\u00eanicas &#8211; Habilita\u00e7\u00e3o em Interpreta\u00e7\u00e3o Teatral estar\u00e1 apto a: Objetivos do Curso Conhe\u00e7a um pouco mais sobre o Curso de Artes C\u00eanicas da UEL: Campos de Atua\u00e7\u00e3oTeatro, cinema, televis\u00e3o e pesquisa. A profiss\u00e3o \u00e9 regulamentada pela Lei n.\u00ba 6.533, de 24.05.78. Dura\u00e7\u00e3oM\u00ednima: 4 anos M\u00e1xima: 8 anos Ano de [&hellip;]<\/p>\n","protected":false},"author":6,"featured_media":0,"parent":0,"menu_order":0,"comment_status":"closed","ping_status":"closed","template":"","meta":{"_acf_changed":false,"footnotes":""},"class_list":["post-16","page","type-page","status-publish","hentry"],"acf":[],"_links":{"self":[{"href":"https:\/\/graduacao.uel.br\/artes-cenicas\/wp-json\/wp\/v2\/pages\/16","targetHints":{"allow":["GET"]}}],"collection":[{"href":"https:\/\/graduacao.uel.br\/artes-cenicas\/wp-json\/wp\/v2\/pages"}],"about":[{"href":"https:\/\/graduacao.uel.br\/artes-cenicas\/wp-json\/wp\/v2\/types\/page"}],"author":[{"embeddable":true,"href":"https:\/\/graduacao.uel.br\/artes-cenicas\/wp-json\/wp\/v2\/users\/6"}],"replies":[{"embeddable":true,"href":"https:\/\/graduacao.uel.br\/artes-cenicas\/wp-json\/wp\/v2\/comments?post=16"}],"version-history":[{"count":5,"href":"https:\/\/graduacao.uel.br\/artes-cenicas\/wp-json\/wp\/v2\/pages\/16\/revisions"}],"predecessor-version":[{"id":157,"href":"https:\/\/graduacao.uel.br\/artes-cenicas\/wp-json\/wp\/v2\/pages\/16\/revisions\/157"}],"wp:attachment":[{"href":"https:\/\/graduacao.uel.br\/artes-cenicas\/wp-json\/wp\/v2\/media?parent=16"}],"curies":[{"name":"wp","href":"https:\/\/api.w.org\/{rel}","templated":true}]}}

<p><strong>Perfil do Profissional</strong><br>O bacharel em Artes Cênicas &#8211; Habilitação em Interpretação Teatral estará apto a: </p>



<ul class="wp-block-list">
<li>Desenvolver-se como ator de teatro ou para atuar em manifestações cênico-teatrais;</li>



<li>realizar trabalhos como ator em televisão, cinema ou publicidade; </li>



<li>trabalhar como professor/pesquisador em instituições de ensino superior; </li>



<li>atuar como agente cultural, proponente ou coordenador de diferentes modalidades de ensino, na iniciação teatral de crianças, jovens ou adultos; </li>



<li>aliar teorias e práticas teatrais, integrando elencos ou propondo novas produções e produtos artísticos; </li>



<li>respeitar e fazer respeitar o direito e os deveres éticos do artista cênico, marcados pela busca constante da emancipação e autonomia de um perfil pessoal de intérprete no território conceitual das artes no mundo contemporâneo.</li>
</ul>



<p><strong>Objetivos do Curso</strong></p>



<ul class="wp-block-list">
<li>Oferecer aos alunos subsídios para a atuação profissional em Artes Cênicas, propondo situações de aprendizagem significativa que lhes permitam desenvolver competências artísticas, culturais e profissionais para integrar, intervir e atuar na realidade socioeconômica, política e cultural da sociedade contemporânea; </li>



<li>Ampliar o campo de atuação profissional do ator; </li>



<li>Promover processos de produção artística acompanhados de análise crítica, intervindo qualitativamente na cultura; </li>



<li>Atuar interdisciplinarmente com outras áreas, como saúde e educação; </li>



<li>Integrar ao Curso eventos artísticos da cidade e região, tais como o FILO; </li>



<li>Oferecer continuidade, em nível superior, aos estudos feitos em escolas de nível médio; </li>



<li>Contribuir com pesquisas acadêmicas sistemáticas, de modo a fornecer subsídios para o desenvolvimento da produção artística de grupos, instituições ou órgãos envolvidos nas atividades teatrais na sociedade, promovendo também o inter-relacionamento destes.</li>
</ul>



<p></p>



<p><strong>Conheça um pouco mais sobre o Curso de Artes Cênicas da UEL:</strong></p>



<div class="wp-block-columns is-layout-flex wp-container-core-columns-is-layout-9d6595d7 wp-block-columns-is-layout-flex">
<div class="wp-block-column is-layout-flow wp-block-column-is-layout-flow" style="flex-basis:66.66%">
<figure class="wp-block-embed is-type-video is-provider-youtube wp-block-embed-youtube wp-embed-aspect-16-9 wp-has-aspect-ratio"><div class="wp-block-embed__wrapper">
<iframe loading="lazy" title="Artes Cênicas – Cursos de A a Z" width="640" height="360" src="https://www.youtube.com/embed/cgnewL863vI?list=PLViP9rEFf1TMNC7bufHvtjh2ljFXM1hgz" frameborder="0" allow="accelerometer; autoplay; clipboard-write; encrypted-media; gyroscope; picture-in-picture; web-share" referrerpolicy="strict-origin-when-cross-origin" allowfullscreen></iframe>
</div></figure>
</div>



<div class="wp-block-column is-layout-flow wp-block-column-is-layout-flow" style="flex-basis:33.33%">
<div class="wp-block-columns is-layout-flex wp-container-core-columns-is-layout-9d6595d7 wp-block-columns-is-layout-flex">
<div class="wp-block-column is-layout-flow wp-block-column-is-layout-flow"></div>
</div>



<p><strong>Campos de Atuação</strong><br>Teatro, cinema, televisão e pesquisa. A profissão é regulamentada pela Lei n.º 6.533, de 24.05.78.</p>



<p><strong>Duração</strong><br>Mínima: 4 anos Máxima: 8 anos</p>



<p><strong>Ano de Implantação do Currículo</strong><br>2005</p>



<p><strong>Avaliação do MEC</strong><br>2006: 5</p>
</div>
</div>

<p>Perfil do ProfissionalO bacharel em Artes Cênicas &#8211; Habilitação em Interpretação Teatral estará apto a: Objetivos do Curso Conheça um pouco mais sobre o Curso de Artes Cênicas da UEL: Campos de AtuaçãoTeatro, cinema, televisão e pesquisa. A profissão é regulamentada pela Lei n.º 6.533, de 24.05.78. DuraçãoMínima: 4 anos Máxima: 8 anos Ano de [&hellip;]</p>
