{"id":30,"date":"2024-06-20T10:39:39","date_gmt":"2024-06-20T13:39:39","guid":{"rendered":"https:\/\/graduacao.uel.br\/artes-cenicas\/?page_id=30"},"modified":"2024-06-20T11:15:33","modified_gmt":"2024-06-20T14:15:33","slug":"matriz-curricular","status":"publish","type":"page","link":"https:\/\/graduacao.uel.br\/artes-cenicas\/matriz-curricular\/","title":{"rendered":"Matriz Curricular"},"content":{"rendered":"\n<p>Abaixo a Matriz Curricular do Curso de Artes C\u00eanicas, m\u00e9dia de 4 e m\u00e1xima de 8 anos para conclus\u00e3o do curso:<\/p>\n\n\n\n<p><\/p>\n\n\n\n<div data-wp-interactive=\"core\/file\" class=\"wp-block-file\"><object data-wp-bind--hidden=\"!state.hasPdfPreview\" hidden class=\"wp-block-file__embed\" data=\"https:\/\/graduacao.uel.br\/artes-cenicas\/wp-content\/uploads\/2024\/06\/artes_cenicas.pdf\" type=\"application\/pdf\" style=\"width:100%;height:600px\" aria-label=\"Incorporado de artes_cenicas.\"><\/object><a id=\"wp-block-file--media-31a1ba33-dabf-49d4-84cd-bc1fa93b1354\" href=\"https:\/\/graduacao.uel.br\/artes-cenicas\/wp-content\/uploads\/2024\/06\/artes_cenicas.pdf\">artes_cenicas<\/a><a href=\"https:\/\/graduacao.uel.br\/artes-cenicas\/wp-content\/uploads\/2024\/06\/artes_cenicas.pdf\" class=\"wp-block-file__button wp-element-button\" download aria-describedby=\"wp-block-file--media-31a1ba33-dabf-49d4-84cd-bc1fa93b1354\">Baixar<\/a><\/div>\n","protected":false},"excerpt":{"rendered":"<p>Abaixo a Matriz Curricular do Curso de Artes C\u00eanicas, m\u00e9dia de 4 e m\u00e1xima de 8 anos para conclus\u00e3o do curso:<\/p>\n","protected":false},"author":6,"featured_media":0,"parent":0,"menu_order":0,"comment_status":"closed","ping_status":"closed","template":"","meta":{"_acf_changed":false,"footnotes":""},"class_list":["post-30","page","type-page","status-publish","hentry"],"acf":[],"_links":{"self":[{"href":"https:\/\/graduacao.uel.br\/artes-cenicas\/wp-json\/wp\/v2\/pages\/30","targetHints":{"allow":["GET"]}}],"collection":[{"href":"https:\/\/graduacao.uel.br\/artes-cenicas\/wp-json\/wp\/v2\/pages"}],"about":[{"href":"https:\/\/graduacao.uel.br\/artes-cenicas\/wp-json\/wp\/v2\/types\/page"}],"author":[{"embeddable":true,"href":"https:\/\/graduacao.uel.br\/artes-cenicas\/wp-json\/wp\/v2\/users\/6"}],"replies":[{"embeddable":true,"href":"https:\/\/graduacao.uel.br\/artes-cenicas\/wp-json\/wp\/v2\/comments?post=30"}],"version-history":[{"count":4,"href":"https:\/\/graduacao.uel.br\/artes-cenicas\/wp-json\/wp\/v2\/pages\/30\/revisions"}],"predecessor-version":[{"id":65,"href":"https:\/\/graduacao.uel.br\/artes-cenicas\/wp-json\/wp\/v2\/pages\/30\/revisions\/65"}],"wp:attachment":[{"href":"https:\/\/graduacao.uel.br\/artes-cenicas\/wp-json\/wp\/v2\/media?parent=30"}],"curies":[{"name":"wp","href":"https:\/\/api.w.org\/{rel}","templated":true}]}}

<p>Abaixo a Matriz Curricular do Curso de Artes Cênicas, média de 4 e máxima de 8 anos para conclusão do curso:</p>



<p></p>



<div data-wp-interactive="core/file" class="wp-block-file"><object data-wp-bind--hidden="!state.hasPdfPreview" hidden class="wp-block-file__embed" data="https://graduacao.uel.br/artes-cenicas/wp-content/uploads/2024/06/artes_cenicas.pdf" type="application/pdf" style="width:100%;height:600px" aria-label="Incorporado de artes_cenicas."></object><a id="wp-block-file--media-31a1ba33-dabf-49d4-84cd-bc1fa93b1354" href="https://graduacao.uel.br/artes-cenicas/wp-content/uploads/2024/06/artes_cenicas.pdf">artes_cenicas</a><a href="https://graduacao.uel.br/artes-cenicas/wp-content/uploads/2024/06/artes_cenicas.pdf" class="wp-block-file__button wp-element-button" download aria-describedby="wp-block-file--media-31a1ba33-dabf-49d4-84cd-bc1fa93b1354">Baixar</a></div>

<p>Abaixo a Matriz Curricular do Curso de Artes Cênicas, média de 4 e máxima de 8 anos para conclusão do curso:</p>
