{"id":32,"date":"2024-06-20T10:40:09","date_gmt":"2024-06-20T13:40:09","guid":{"rendered":"https:\/\/graduacao.uel.br\/artes-cenicas\/?page_id=32"},"modified":"2024-06-21T14:39:01","modified_gmt":"2024-06-21T17:39:01","slug":"projeto-pedagogico-ppc","status":"publish","type":"page","link":"https:\/\/graduacao.uel.br\/artes-cenicas\/projeto-pedagogico-ppc\/","title":{"rendered":"Projeto Pedag\u00f3gico (PPC)"},"content":{"rendered":"\n<p>Este Bacharelado nasceu da necessidade de uma forma\u00e7\u00e3o profissional em artes c\u00eanicas nas dimens\u00f5es est\u00e9tica e art\u00edstica comprometida com a a\u00e7\u00e3o cultural. Ele tem por princ\u00edpio o entrela\u00e7amento de teorias e pr\u00e1ticas de maneira sistem\u00e1tica, aprofundada e fundamentada, dirigidas \u00e0 a\u00e7\u00e3o pedag\u00f3gica do artista no mundo contempor\u00e2neo.<\/p>\n\n\n\n<p>O curso tem contemplado as demandas efetivas de natureza econ\u00f4mica e social da regi\u00e3o de Londrina, do estado do Paran\u00e1 e nacionais, no que concerne \u00e0 necessidade da forma\u00e7\u00e3o acad\u00eamica e art\u00edstica. <\/p>\n\n\n\n<p>As pol\u00edticas de ensino, pesquisa e extens\u00e3o acad\u00eamicas, previstas e implantadas no Bacharelado em Artes C\u00eanicas, dialogam com as mais novas linguagens das Artes C\u00eanicas que se  apresentam em mostras e festivais de artes locais, nacionais e internacionais bem com apresenta-se na literatura da \u00e1rea. <\/p>\n\n\n\n<p>O curso integra-se com a comunidade regional e igualmente de \u00e2mbito nacional, pelos programas de ensino e pela a\u00e7\u00e3o extensionista. <\/p>\n\n\n\n<p>As avalia\u00e7\u00f5es realizadas, do Projeto Pedag\u00f3gico em vigor, apontam que os objetivos do curso apresentam coer\u00eancia com a demanda social que reclama a participa\u00e7\u00e3o de profissionais das artes c\u00eanicas na sociedade. Isto nota-se no n\u00famero de egressos que se inserem<br>na comunidade art\u00edstica da cidade de Londrina, em institui\u00e7\u00f5es culturais e tamb\u00e9m educacionais como gestores, promotores,  disseminadores e criadores de bens e servi\u00e7os no campo das artes c\u00eanicas. <\/p>\n\n\n\n<p>Egressos do Bacharelado em Artes C\u00eanicas t\u00eam cria\u00e7\u00e3o e mantido tamb\u00e9m grupos e coletivos de teatro e, muito embora esta n\u00e3o seja uma licenciatura, tamb\u00e9m os encontramos promovendo atividades formativas em teatro e pedagogia do teatro em todos os n\u00edveis da educa\u00e7\u00e3o. A produ\u00e7\u00e3o de conhecimentos, neste bacharelado, atinge a interdisciplinaridade de maneira a integrar e atender \u00e0s demandas de trabalho profissional na sociedade e comunidade local, regional e nacional. <\/p>\n\n\n\n<p>A estrutura curricular deste bacharelado contempla os aspectos de flexibilidade, interdisciplinaridade e acessibilidade pedag\u00f3gica. O curr\u00edculo apresenta equanimidade quanto a carga hor\u00e1ria, permitindo articula\u00e7\u00e3o e integra\u00e7\u00e3o entre as teorias e as pr\u00e1ticas e vice e versa. Os conte\u00fados curriculares implantados possibilitam o desenvolvimento do perfil profissional do egresso, considerando a coer\u00eancia com as DCNs e os objetivos do curso. <\/p>\n\n\n\n<p>Os conte\u00fados vivenciados diariamente nas atividades acad\u00e9micas s\u00e3o din\u00e2micos e acompanham as necessidades contempor\u00e2neas, sendo traduzidas e vivenciadas por cada pessoa em suas cria\u00e7\u00f5es di\u00e1rias. Todos os estudantes participam dos projetos oportunizados pelo curso, sejam eles ensino, pesquisa ou extens\u00e3o. <\/p>\n\n\n\n<p>Participam ainda do Programa de Forma\u00e7\u00e3o Complementar: Pr\u00e1ticas de Encena\u00e7\u00e3o, no qual se vinculam \u00e0s pr\u00e1ticas art\u00edsticas realizadas ao longo do \u00faltimo ano do curso e demais a\u00e7\u00f5es ao longo da forma\u00e7\u00e3o. Uma carater\u00edstica deste curso \u00e9 a diversidade de processos formativos e as variadas perspectivas de avalia\u00e7\u00e3o pedag\u00f3gica que ocorrem integradas ao longo dos quatro anos da gradua\u00e7\u00e3o. <\/p>\n\n\n\n<p>Devido \u00e0s variadas abordagens e ou de conte\u00fado de ensino e das aprendizagens sugeridas turma a turma, programa a programa. Os deslocamentos ocorrem, igualmente, pela pluralidade da forma\u00e7\u00e3o do corpo docente, advindo das sub\u00e1reas das Artes C\u00eanicas, Dan\u00e7a, Licenciatura em Educa\u00e7\u00e3o Art\u00edstica, Ensino de Teatro, Filosofia, Letras, Comunica\u00e7\u00e3o, Antropologia, Ci\u00eancias Sociais. <\/p>\n\n\n\n<p>Esta carater\u00edstica do corpo docente permite desenvolver diferentes metodologias e dimensionamentos de saberes, gerando nesta gradua\u00e7\u00e3o uma diversidade de a\u00e7\u00f5es e debates cont\u00ednuos, o que enriquece a experi\u00eancia pedag\u00f3gica pela pesquisa docente continuada.<\/p>\n\n\n\n<div class=\"wp-block-columns is-layout-flex wp-container-core-columns-is-layout-9d6595d7 wp-block-columns-is-layout-flex\">\n<div class=\"wp-block-column is-layout-flow wp-block-column-is-layout-flow\"><\/div>\n<\/div>\n\n\n\n<div class=\"wp-block-buttons is-content-justification-center is-layout-flex wp-container-core-buttons-is-layout-16018d1d wp-block-buttons-is-layout-flex\">\n<div class=\"wp-block-button\"><a class=\"wp-block-button__link has-primary-accent-background-color has-background wp-element-button\" href=\"https:\/\/sites.uel.br\/prograd\/graduacao\/projetos-pedagogicos\/projetos-pedagogicos-artes-cenicas\/\">Resolu\u00e7\u00f5es e Delibera\u00e7\u00f5es<\/a><\/div>\n<\/div>\n\n\n\n<div class=\"wp-block-pb-accordion-item c-accordion__item js-accordion-item no-js\" data-initially-open=\"false\" data-click-to-close=\"true\" data-auto-close=\"true\" data-scroll=\"false\" data-scroll-offset=\"0\"><h6 id=\"at-320\" class=\"c-accordion__title js-accordion-controller\" role=\"button\"><strong>DEPARTAMENTO<\/strong><\/h6><div id=\"ac-320\" class=\"c-accordion__content\">\n<p>O Departamento, subunidade dos Centros de Estudos, constitui-se na menor estrutura de organiza\u00e7\u00e3o administrativa, did\u00e1tico cient\u00edfica e de lota\u00e7\u00e3o de pessoal.<br>No Departamento s\u00e3o reunidas atividades acad\u00eamicas afins e nele est\u00e3o integrados docentes e t\u00e9cnico administrativos para objetivos comuns. (Art. 122 do Regimento Geral da UEL).<\/p>\n<\/div><\/div>\n\n\n\n<div class=\"wp-block-pb-accordion-item c-accordion__item js-accordion-item no-js\" data-initially-open=\"false\" data-click-to-close=\"true\" data-auto-close=\"true\" data-scroll=\"false\" data-scroll-offset=\"0\"><h6 id=\"at-321\" class=\"c-accordion__title js-accordion-controller\" role=\"button\"><strong>COLEGIADO<\/strong><\/h6><div id=\"ac-321\" class=\"c-accordion__content\">\n<p>Os Colegiados de cursos de gradua\u00e7\u00e3o exercem a coordena\u00e7\u00e3o pedag\u00f3gica dos cursos e ser\u00e3o constitu\u00eddos por representantes docentes da \u00e1rea principal de conhecimento e da \u00e1rea b\u00e1sica e\/ou complementar de conhecimento, estudantes e servidores, na forma prevista nos \u00a72\u00ba e \u00a73\u00ba do Art. 27 do Estatuto da Universidade. (Art. alterado atrav\u00e9s da Resolu\u00e7\u00e3o CU 168\/2007).<\/p>\n<\/div><\/div>\n\n\n\n<div class=\"wp-block-pb-accordion-item c-accordion__item js-accordion-item no-js\" data-initially-open=\"false\" data-click-to-close=\"true\" data-auto-close=\"true\" data-scroll=\"false\" data-scroll-offset=\"0\"><h6 id=\"at-322\" class=\"c-accordion__title js-accordion-controller\" role=\"button\"><strong>N\u00daCLEO DOCENTE ESTRUTURANTE (NDE)<\/strong><\/h6><div id=\"ac-322\" class=\"c-accordion__content\">\n<p>O NDE institui-se como parte da estrutura de gest\u00e3o acad\u00eamica do curso com atribui\u00e7\u00f5es consultivas, propositivas e de assessoria, acerca de mat\u00e9rias de natureza acad\u00eamica e pedag\u00f3gica, sendo correspons\u00e1vel pela elabora\u00e7\u00e3o, implementa\u00e7\u00e3o e consolida\u00e7\u00e3o do Projeto Pedag\u00f3gico do Curso (PPC), al\u00e9m de zelar pelo cumprimento das Diretrizes Curriculares Nacionais (DCNs). Tem como objetivos:<\/p>\n\n\n\n<p>1 \u2013 Levantar dificuldades na atua\u00e7\u00e3o do corpo docente do Curso;<\/p>\n\n\n\n<p>2 \u2013 Auxiliar na elabora\u00e7\u00e3o e no acompanhamento do PPC;<\/p>\n\n\n\n<p>3 \u2013 Propor programas ou outras formas de capacita\u00e7\u00e3o docente;<\/p>\n\n\n\n<p>4 \u2013 Acompanhar as avalia\u00e7\u00f5es do Curso definidas pelo Colegiado;<\/p>\n\n\n\n<p>5 \u2013 Analisar e propor modifica\u00e7\u00f5es, quando necess\u00e1rias;<\/p>\n\n\n\n<p>6 \u2013 Indicar formas de incentivo ao desenvolvimento de atividades de pesquisa;<\/p>\n\n\n\n<p>7 \u2013 Contribuir para a concretiza\u00e7\u00e3o do perfil profissional;<\/p>\n\n\n\n<p>8 \u2013 Zelar pelo cumprimento das DCNs aplic\u00e1veis ao Curso de Artes C\u00eanicas.<\/p>\n<\/div><\/div>\n\n\n\n<div class=\"wp-block-columns is-layout-flex wp-container-core-columns-is-layout-9d6595d7 wp-block-columns-is-layout-flex\">\n<div class=\"wp-block-column is-layout-flow wp-block-column-is-layout-flow\"><\/div>\n<\/div>\n","protected":false},"excerpt":{"rendered":"<p>Este Bacharelado nasceu da necessidade de uma forma\u00e7\u00e3o profissional em artes c\u00eanicas nas dimens\u00f5es est\u00e9tica e art\u00edstica comprometida com a a\u00e7\u00e3o cultural. Ele tem por princ\u00edpio o entrela\u00e7amento de teorias e pr\u00e1ticas de maneira sistem\u00e1tica, aprofundada e fundamentada, dirigidas \u00e0 a\u00e7\u00e3o pedag\u00f3gica do artista no mundo contempor\u00e2neo. O curso tem contemplado as demandas efetivas de [&hellip;]<\/p>\n","protected":false},"author":6,"featured_media":0,"parent":0,"menu_order":0,"comment_status":"closed","ping_status":"closed","template":"","meta":{"_acf_changed":false,"footnotes":""},"class_list":["post-32","page","type-page","status-publish","hentry"],"acf":[],"_links":{"self":[{"href":"https:\/\/graduacao.uel.br\/artes-cenicas\/wp-json\/wp\/v2\/pages\/32","targetHints":{"allow":["GET"]}}],"collection":[{"href":"https:\/\/graduacao.uel.br\/artes-cenicas\/wp-json\/wp\/v2\/pages"}],"about":[{"href":"https:\/\/graduacao.uel.br\/artes-cenicas\/wp-json\/wp\/v2\/types\/page"}],"author":[{"embeddable":true,"href":"https:\/\/graduacao.uel.br\/artes-cenicas\/wp-json\/wp\/v2\/users\/6"}],"replies":[{"embeddable":true,"href":"https:\/\/graduacao.uel.br\/artes-cenicas\/wp-json\/wp\/v2\/comments?post=32"}],"version-history":[{"count":11,"href":"https:\/\/graduacao.uel.br\/artes-cenicas\/wp-json\/wp\/v2\/pages\/32\/revisions"}],"predecessor-version":[{"id":138,"href":"https:\/\/graduacao.uel.br\/artes-cenicas\/wp-json\/wp\/v2\/pages\/32\/revisions\/138"}],"wp:attachment":[{"href":"https:\/\/graduacao.uel.br\/artes-cenicas\/wp-json\/wp\/v2\/media?parent=32"}],"curies":[{"name":"wp","href":"https:\/\/api.w.org\/{rel}","templated":true}]}}