{"id":126,"date":"2024-06-06T15:42:05","date_gmt":"2024-06-06T18:42:05","guid":{"rendered":"https:\/\/graduacao.uel.br\/artes-visuais\/?page_id=126"},"modified":"2024-06-06T16:04:21","modified_gmt":"2024-06-06T19:04:21","slug":"pcc","status":"publish","type":"page","link":"https:\/\/graduacao.uel.br\/artes-visuais\/pcc\/","title":{"rendered":"PCC"},"content":{"rendered":"\n<p>As horas destinadas \u00e0s Pr\u00e1ticas Pedag\u00f3gicas como Componente Curricular (PCC) ser\u00e3o cumpridas ao longo de toda a gradua\u00e7\u00e3o na forma de produ\u00e7\u00e3o de objetos pedag\u00f3gicos, atividades ligadas \u00e0 Divis\u00e3o de Artes Pl\u00e1sticas \u2013 elabora\u00e7\u00e3o de relatos sobre media\u00e7\u00e3o, curadorias educativas, grupos de estudos programados e dirigidos, conforme as orienta\u00e7\u00f5es dos docentes dos diferentes eixos de conhecimento, de acordo com as atividades de cada disciplina, visando a pr\u00e1tica pedag\u00f3gica. <\/p>\n\n\n\n<p>Assim, a PCC relacionar-se-\u00e1, desde as s\u00e9ries iniciais, \u00e0s experi\u00eancias dos estudantes em diversas disciplinas, situa\u00e7\u00f5es advindas dos espa\u00e7os de ensino formal e n\u00e3o formal, assim como dos espa\u00e7os de circula\u00e7\u00e3o e dissemina\u00e7\u00e3o das pesquisas em arte e sobre arte. <\/p>\n\n\n\n<p>A carga hor\u00e1ria total das Pr\u00e1ticas Pedag\u00f3gicas como Componente Curricular, est\u00e1 distribu\u00edda nas seguintes disciplinas: Fundamentos do Ensino de Artes Visuais, Espa\u00e7os Relacionais I, II, III e IV, Hist\u00f3ria e Teorias da Arte I, Gravura I, Espa\u00e7os Relacionais II, Fotografia I e II, Hist\u00f3ria e Teorias da Arte II, Curr\u00edculo Cultura e Sociedade, Metodologia do Ensino de Artes Visuais I e II, Hist\u00f3ria e Teorias da Arte Moderna I e II, Hist\u00f3ria e Teorias da Arte Brasileira, Hist\u00f3ria da Arte Africana e Afro-brasileira, Desenho II, Pintura II, Express\u00e3o em M\u00eddias Tecnol\u00f3gicas, Hist\u00f3ria e Teorias da Arte Contempor\u00e2nea I e II, Express\u00e3o em M\u00eddias Digitais, Hist\u00f3ria e Teorias da Arte Contempor\u00e2nea Brasileira, e Gravura II, perfazendo um total de 420 horas.<\/p>\n","protected":false},"excerpt":{"rendered":"<p>As horas destinadas \u00e0s Pr\u00e1ticas Pedag\u00f3gicas como Componente Curricular (PCC) ser\u00e3o cumpridas ao longo de toda a gradua\u00e7\u00e3o na forma de produ\u00e7\u00e3o de objetos pedag\u00f3gicos, atividades ligadas \u00e0 Divis\u00e3o de Artes Pl\u00e1sticas \u2013 elabora\u00e7\u00e3o de relatos sobre media\u00e7\u00e3o, curadorias educativas, grupos de estudos programados e dirigidos, conforme as orienta\u00e7\u00f5es dos docentes dos diferentes eixos de [&hellip;]<\/p>\n","protected":false},"author":6,"featured_media":0,"parent":0,"menu_order":0,"comment_status":"closed","ping_status":"closed","template":"","meta":{"_acf_changed":false,"footnotes":""},"class_list":["post-126","page","type-page","status-publish","hentry"],"acf":[],"_links":{"self":[{"href":"https:\/\/graduacao.uel.br\/artes-visuais\/wp-json\/wp\/v2\/pages\/126","targetHints":{"allow":["GET"]}}],"collection":[{"href":"https:\/\/graduacao.uel.br\/artes-visuais\/wp-json\/wp\/v2\/pages"}],"about":[{"href":"https:\/\/graduacao.uel.br\/artes-visuais\/wp-json\/wp\/v2\/types\/page"}],"author":[{"embeddable":true,"href":"https:\/\/graduacao.uel.br\/artes-visuais\/wp-json\/wp\/v2\/users\/6"}],"replies":[{"embeddable":true,"href":"https:\/\/graduacao.uel.br\/artes-visuais\/wp-json\/wp\/v2\/comments?post=126"}],"version-history":[{"count":2,"href":"https:\/\/graduacao.uel.br\/artes-visuais\/wp-json\/wp\/v2\/pages\/126\/revisions"}],"predecessor-version":[{"id":142,"href":"https:\/\/graduacao.uel.br\/artes-visuais\/wp-json\/wp\/v2\/pages\/126\/revisions\/142"}],"wp:attachment":[{"href":"https:\/\/graduacao.uel.br\/artes-visuais\/wp-json\/wp\/v2\/media?parent=126"}],"curies":[{"name":"wp","href":"https:\/\/api.w.org\/{rel}","templated":true}]}}

<p>As horas destinadas às Práticas Pedagógicas como Componente Curricular (PCC) serão cumpridas ao longo de toda a graduação na forma de produção de objetos pedagógicos, atividades ligadas à Divisão de Artes Plásticas – elaboração de relatos sobre mediação, curadorias educativas, grupos de estudos programados e dirigidos, conforme as orientações dos docentes dos diferentes eixos de conhecimento, de acordo com as atividades de cada disciplina, visando a prática pedagógica. </p>



<p>Assim, a PCC relacionar-se-á, desde as séries iniciais, às experiências dos estudantes em diversas disciplinas, situações advindas dos espaços de ensino formal e não formal, assim como dos espaços de circulação e disseminação das pesquisas em arte e sobre arte. </p>



<p>A carga horária total das Práticas Pedagógicas como Componente Curricular, está distribuída nas seguintes disciplinas: Fundamentos do Ensino de Artes Visuais, Espaços Relacionais I, II, III e IV, História e Teorias da Arte I, Gravura I, Espaços Relacionais II, Fotografia I e II, História e Teorias da Arte II, Currículo Cultura e Sociedade, Metodologia do Ensino de Artes Visuais I e II, História e Teorias da Arte Moderna I e II, História e Teorias da Arte Brasileira, História da Arte Africana e Afro-brasileira, Desenho II, Pintura II, Expressão em Mídias Tecnológicas, História e Teorias da Arte Contemporânea I e II, Expressão em Mídias Digitais, História e Teorias da Arte Contemporânea Brasileira, e Gravura II, perfazendo um total de 420 horas.</p>

<p>As horas destinadas às Práticas Pedagógicas como Componente Curricular (PCC) serão cumpridas ao longo de toda a graduação na forma de produção de objetos pedagógicos, atividades ligadas à Divisão de Artes Plásticas – elaboração de relatos sobre mediação, curadorias educativas, grupos de estudos programados e dirigidos, conforme as orientações dos docentes dos diferentes eixos de [&hellip;]</p>
