{"id":531,"date":"2024-02-22T16:04:10","date_gmt":"2024-02-22T19:04:10","guid":{"rendered":"https:\/\/graduacao.uel.br\/biomedicina\/?page_id=531"},"modified":"2024-06-15T17:37:16","modified_gmt":"2024-06-15T20:37:16","slug":"tcc","status":"publish","type":"page","link":"https:\/\/graduacao.uel.br\/biomedicina\/tcc\/","title":{"rendered":"TCC"},"content":{"rendered":"\n<p>O Trabalho de Conclus\u00e3o de Curso (TCC) de Biomedicina \u00e9 desenvolvido durante a 4\u00aa s\u00e9rie e \u00e9 uma atividade acad\u00eamica obrigat\u00f3ria para a forma\u00e7\u00e3o do estudante.<\/p>\n\n\n\n<p>Consistindo na elabora\u00e7\u00e3o de um trabalho de natureza cient\u00edfica, o TCC de Biomedicina deve ser apresentado na forma de monografia e estar em conformidade com o Projeto Pedag\u00f3gico do Curso.<\/p>\n\n\n\n<p>Para acessar os documentos do TCC, clique nos links abaixo:<\/p>\n\n\n\n<div class=\"wp-block-group is-vertical is-layout-flex wp-container-core-group-is-layout-6c939f74 wp-block-group-is-layout-flex\">\n<div class=\"wp-block-buttons is-style-outline is-vertical is-content-justification-stretch is-layout-flex wp-container-core-buttons-is-layout-628836ec wp-block-buttons-is-layout-flex\">\n<div class=\"wp-block-button has-custom-width wp-block-button__width-100 is-style-outline is-style-outline--1\"><a class=\"wp-block-button__link has-text-align-left wp-element-button\" href=\"https:\/\/graduacao.uel.br\/biomedicina\/wp-content\/uploads\/2024\/06\/Manual_TCC_BiomedicinaUEL_2024.pdf\" target=\"_blank\" rel=\"noreferrer noopener\">Manual do TCC de Biomedicina &#8211; atualizado em 2024<\/a><\/div>\n\n\n\n<div class=\"wp-block-button has-custom-width wp-block-button__width-100 is-style-outline is-style-outline--2\"><a class=\"wp-block-button__link has-text-align-left wp-element-button\" href=\"https:\/\/graduacao.uel.br\/biomedicina\/wp-content\/uploads\/2024\/06\/Ficha_Inscricao_Termo_Aceite_TCC_BiomedicinaUEL.pdf\" target=\"_blank\" rel=\"noreferrer noopener\">Ficha de Inscri\u00e7\u00e3o e Termo de Aceite do TCC<\/a><\/div>\n\n\n\n<div class=\"wp-block-button has-custom-width wp-block-button__width-100 is-style-outline is-style-outline--3\"><a class=\"wp-block-button__link has-text-align-left wp-element-button\" href=\"https:\/\/graduacao.uel.br\/biomedicina\/wp-content\/uploads\/2024\/06\/Modelo_Projeto_Monografia_BiomedicinaUEL.docx\" target=\"_blank\" rel=\"noreferrer noopener\">Modelo de Projeto de Monografia &#8211; Biomedicina UEL<\/a><\/div>\n\n\n\n<div class=\"wp-block-button has-custom-width wp-block-button__width-100 is-style-outline is-style-outline--4\"><a class=\"wp-block-button__link has-text-align-left wp-element-button\" href=\"https:\/\/graduacao.uel.br\/biomedicina\/wp-content\/uploads\/2024\/06\/Ficha_Analise_Projeto_Monografia_BiomedicinaUEL.pdf\" target=\"_blank\" rel=\"noreferrer noopener\">Ficha de An\u00e1lise do Projeto de Monografia<\/a><\/div>\n\n\n\n<div class=\"wp-block-button has-custom-width wp-block-button__width-100 is-style-outline is-style-outline--5\"><a class=\"wp-block-button__link has-text-align-left wp-element-button\" href=\"https:\/\/graduacao.uel.br\/biomedicina\/wp-content\/uploads\/2024\/06\/Indicacao_Banca_Examinadora_TCC_Biomedicina_2024.pdf\" target=\"_blank\" rel=\"noreferrer noopener\">Indica\u00e7\u00e3o de Banca Examinadora da Monografia<\/a><\/div>\n\n\n\n<div class=\"wp-block-button has-custom-width wp-block-button__width-100 is-style-outline is-style-outline--6\"><a class=\"wp-block-button__link has-text-align-left wp-element-button\" href=\"https:\/\/graduacao.uel.br\/biomedicina\/wp-content\/uploads\/2024\/06\/Modelo_Monografia_BiomedicinaUEL.docx\" target=\"_blank\" rel=\"noreferrer noopener\">Modelo de Monografia &#8211; Biomedicina UEL<\/a><\/div>\n\n\n\n<div class=\"wp-block-button has-custom-width wp-block-button__width-100 is-style-outline is-style-outline--7\"><a class=\"wp-block-button__link has-text-align-left wp-element-button\" href=\"https:\/\/graduacao.uel.br\/biomedicina\/wp-content\/uploads\/2024\/06\/Ficha_Avaliacao_Texto_Monografia_BiomedicinaUEL.pdf\" target=\"_blank\" rel=\"noreferrer noopener\">Ficha de Avalia\u00e7\u00e3o do Texto da Monografia<\/a><\/div>\n\n\n\n<div class=\"wp-block-button has-custom-width wp-block-button__width-100 is-style-outline is-style-outline--8\"><a class=\"wp-block-button__link has-text-align-left wp-element-button\" href=\"https:\/\/graduacao.uel.br\/biomedicina\/wp-content\/uploads\/2024\/06\/Ficha_Avaliacao_Apresentacao_Arguicao_Monografia_BiomedicinaUEL.pdf\" target=\"_blank\" rel=\"noreferrer noopener\">Ficha de Avalia\u00e7\u00e3o da Apresenta\u00e7\u00e3o e da Argui\u00e7\u00e3o da Monografia<\/a><\/div>\n<\/div>\n<\/div>\n\n\n\n<p><\/p>\n\n\n\n<p>Para entrar em contato com a coordena\u00e7\u00e3o do TCC de Biomedicina, envie e-mail para <a href=\"mailto:tccbiomedicina@uel.br\">tccbiomedicina@uel.br<\/a><\/p>\n","protected":false},"excerpt":{"rendered":"<p>O Trabalho de Conclus\u00e3o de Curso (TCC) de Biomedicina \u00e9 desenvolvido durante a 4\u00aa s\u00e9rie e \u00e9 uma atividade acad\u00eamica obrigat\u00f3ria para a forma\u00e7\u00e3o do estudante. Consistindo na elabora\u00e7\u00e3o de um trabalho de natureza cient\u00edfica, o TCC de Biomedicina deve ser apresentado na forma de monografia e estar em conformidade com o Projeto Pedag\u00f3gico do [&hellip;]<\/p>\n","protected":false},"author":6,"featured_media":0,"parent":0,"menu_order":0,"comment_status":"closed","ping_status":"closed","template":"","meta":{"_acf_changed":false,"footnotes":""},"class_list":["post-531","page","type-page","status-publish","hentry"],"acf":[],"_links":{"self":[{"href":"https:\/\/graduacao.uel.br\/biomedicina\/wp-json\/wp\/v2\/pages\/531","targetHints":{"allow":["GET"]}}],"collection":[{"href":"https:\/\/graduacao.uel.br\/biomedicina\/wp-json\/wp\/v2\/pages"}],"about":[{"href":"https:\/\/graduacao.uel.br\/biomedicina\/wp-json\/wp\/v2\/types\/page"}],"author":[{"embeddable":true,"href":"https:\/\/graduacao.uel.br\/biomedicina\/wp-json\/wp\/v2\/users\/6"}],"replies":[{"embeddable":true,"href":"https:\/\/graduacao.uel.br\/biomedicina\/wp-json\/wp\/v2\/comments?post=531"}],"version-history":[{"count":22,"href":"https:\/\/graduacao.uel.br\/biomedicina\/wp-json\/wp\/v2\/pages\/531\/revisions"}],"predecessor-version":[{"id":928,"href":"https:\/\/graduacao.uel.br\/biomedicina\/wp-json\/wp\/v2\/pages\/531\/revisions\/928"}],"wp:attachment":[{"href":"https:\/\/graduacao.uel.br\/biomedicina\/wp-json\/wp\/v2\/media?parent=531"}],"curies":[{"name":"wp","href":"https:\/\/api.w.org\/{rel}","templated":true}]}}