{"id":35,"date":"2024-06-05T15:38:49","date_gmt":"2024-06-05T18:38:49","guid":{"rendered":"https:\/\/graduacao.uel.br\/biotecnologia\/?page_id=35"},"modified":"2025-02-13T09:56:00","modified_gmt":"2025-02-13T12:56:00","slug":"o-curso","status":"publish","type":"page","link":"https:\/\/graduacao.uel.br\/biotecnologia\/o-curso\/","title":{"rendered":"O Curso"},"content":{"rendered":"\n<p>A cria\u00e7\u00e3o do curso de Biotecnologia da UEL foi autorizada em novembro de 2018 pelo Governo do Estado. A primeira turma teve in\u00edcio em mar\u00e7o de 2020.<\/p>\n\n\n\n<p><strong>Objetivo do Curso<\/strong><br>Promover a forma\u00e7\u00e3o de profissionais competentes nas suas atribui\u00e7\u00f5es t\u00e9cnicas \u2013 cient\u00edficas, com esp\u00edrito cr\u00edtico, reflexivo e questionador, capaz de utilizar eticamente as t\u00e9cnicas e os conhecimentos adquiridos no estudo e na pr\u00e1tica da Biotecnologia, exercendo, desta forma, a cidadania e a profiss\u00e3o dignamente. Estimular a criatividade, a autonomia intelectual, o pensamento cr\u00edtico e a auto-aprendizagem para a sistematiza\u00e7\u00e3o e constru\u00e7\u00e3o do conhecimento sustentada na rela\u00e7\u00e3o te\u00f3rica e pr\u00e1tica. <\/p>\n\n\n\n<p>Desenvolver a capacidade de observa\u00e7\u00e3o, planejamento, contextualiza\u00e7\u00e3o e interpreta\u00e7\u00e3o dos processos biotecnol\u00f3gicos e dos fatores que neles interv\u00e9m, buscando solu\u00e7\u00f5es para os problemas relacionados a sua atividade profissional. Buscar solu\u00e7\u00f5es aos desafios e problemas da pr\u00e1tica profissional, com cidadania e respeito ao meio ambiente e aos princ\u00edpios \u00e9ticos, est\u00e9ticos e pol\u00edticos. <\/p>\n\n\n\n<p>Desenvolver t\u00e9cnicas e m\u00e9todos relativos \u00e0 produ\u00e7\u00e3o de servi\u00e7os e bens biotecnol\u00f3gicos. Elaborar, executar, monitorar e\/ou acompanhar pesquisas e produ\u00e7\u00f5es biotecnol\u00f3gicas. Promover a intera\u00e7\u00e3o entre ci\u00eancia, tecnologia e produ\u00e7\u00e3o biotecnol\u00f3gica. Enfim, promover a capacita\u00e7\u00e3o de um profissional com caracter\u00edsticas inovadoras, criativas, empreendedoras para atender as demandas de mercado, regionais, nacionais e internacionais, na \u00e1rea de biotecnologia.&nbsp;<\/p>\n\n\n\n<p><\/p>\n\n\n\n<p><strong>Conhe\u00e7a um pouco mais sobre o Curso de Biotecnologia da UEL:<\/strong><\/p>\n\n\n\n<div class=\"wp-block-columns is-layout-flex wp-container-core-columns-is-layout-9d6595d7 wp-block-columns-is-layout-flex\">\n<div class=\"wp-block-column is-layout-flow wp-block-column-is-layout-flow\" style=\"flex-basis:66.66%\">\n<figure class=\"wp-block-embed is-type-video is-provider-youtube wp-block-embed-youtube wp-embed-aspect-16-9 wp-has-aspect-ratio\"><div class=\"wp-block-embed__wrapper\">\n<iframe loading=\"lazy\" title=\"Biotecnologia - Cursos De A a Z\" width=\"640\" height=\"360\" src=\"https:\/\/www.youtube.com\/embed\/fRACeGyWsG8?list=PLViP9rEFf1TMNC7bufHvtjh2ljFXM1hgz\" frameborder=\"0\" allow=\"accelerometer; autoplay; clipboard-write; encrypted-media; gyroscope; picture-in-picture; web-share\" referrerpolicy=\"strict-origin-when-cross-origin\" allowfullscreen><\/iframe>\n<\/div><\/figure>\n<\/div>\n\n\n\n<div class=\"wp-block-column is-layout-flow wp-block-column-is-layout-flow\" style=\"flex-basis:33.33%\">\n<p><\/p>\n\n\n\n<p><strong>Campos de Atua\u00e7\u00e3o<\/strong><br>O mercado de trabalho est\u00e1 em ampla ascens\u00e3o. O Bacharel em Biotecnologia atuar\u00e1 em empresas de Biotecnologia do setor p\u00fablico e privado, em Consultorias e Assessorias, Universidades, Institui\u00e7\u00f5es de Ensino T\u00e9cnico, Centros de Pesquisa, Laborat\u00f3rios e Ind\u00fastrias nas \u00e1reas de sa\u00fade, agr\u00e1rias, ambiental, bioenergia e de alimentos, vinculados \u00e0 Biotecnologia, bem como poder\u00e1 dar continuidade \u00e0 seus estudos visando a P\u00f3s-gradua\u00e7\u00e3o em Biotecnologia ou \u00e1reas afins.<\/p>\n<\/div>\n<\/div>\n\n\n\n<p><\/p>\n","protected":false},"excerpt":{"rendered":"<p>A cria\u00e7\u00e3o do curso de Biotecnologia da UEL foi autorizada em novembro de 2018 pelo Governo do Estado. A primeira turma teve in\u00edcio em mar\u00e7o de 2020. Objetivo do CursoPromover a forma\u00e7\u00e3o de profissionais competentes nas suas atribui\u00e7\u00f5es t\u00e9cnicas \u2013 cient\u00edficas, com esp\u00edrito cr\u00edtico, reflexivo e questionador, capaz de utilizar eticamente as t\u00e9cnicas e os [&hellip;]<\/p>\n","protected":false},"author":8,"featured_media":0,"parent":0,"menu_order":0,"comment_status":"closed","ping_status":"closed","template":"","meta":{"_acf_changed":false,"footnotes":""},"class_list":["post-35","page","type-page","status-publish","hentry"],"acf":[],"_links":{"self":[{"href":"https:\/\/graduacao.uel.br\/biotecnologia\/wp-json\/wp\/v2\/pages\/35","targetHints":{"allow":["GET"]}}],"collection":[{"href":"https:\/\/graduacao.uel.br\/biotecnologia\/wp-json\/wp\/v2\/pages"}],"about":[{"href":"https:\/\/graduacao.uel.br\/biotecnologia\/wp-json\/wp\/v2\/types\/page"}],"author":[{"embeddable":true,"href":"https:\/\/graduacao.uel.br\/biotecnologia\/wp-json\/wp\/v2\/users\/8"}],"replies":[{"embeddable":true,"href":"https:\/\/graduacao.uel.br\/biotecnologia\/wp-json\/wp\/v2\/comments?post=35"}],"version-history":[{"count":5,"href":"https:\/\/graduacao.uel.br\/biotecnologia\/wp-json\/wp\/v2\/pages\/35\/revisions"}],"predecessor-version":[{"id":115,"href":"https:\/\/graduacao.uel.br\/biotecnologia\/wp-json\/wp\/v2\/pages\/35\/revisions\/115"}],"wp:attachment":[{"href":"https:\/\/graduacao.uel.br\/biotecnologia\/wp-json\/wp\/v2\/media?parent=35"}],"curies":[{"name":"wp","href":"https:\/\/api.w.org\/{rel}","templated":true}]}}

<p>A criação do curso de Biotecnologia da UEL foi autorizada em novembro de 2018 pelo Governo do Estado. A primeira turma teve início em março de 2020.</p>



<p><strong>Objetivo do Curso</strong><br>Promover a formação de profissionais competentes nas suas atribuições técnicas – científicas, com espírito crítico, reflexivo e questionador, capaz de utilizar eticamente as técnicas e os conhecimentos adquiridos no estudo e na prática da Biotecnologia, exercendo, desta forma, a cidadania e a profissão dignamente. Estimular a criatividade, a autonomia intelectual, o pensamento crítico e a auto-aprendizagem para a sistematização e construção do conhecimento sustentada na relação teórica e prática. </p>



<p>Desenvolver a capacidade de observação, planejamento, contextualização e interpretação dos processos biotecnológicos e dos fatores que neles intervém, buscando soluções para os problemas relacionados a sua atividade profissional. Buscar soluções aos desafios e problemas da prática profissional, com cidadania e respeito ao meio ambiente e aos princípios éticos, estéticos e políticos. </p>



<p>Desenvolver técnicas e métodos relativos à produção de serviços e bens biotecnológicos. Elaborar, executar, monitorar e/ou acompanhar pesquisas e produções biotecnológicas. Promover a interação entre ciência, tecnologia e produção biotecnológica. Enfim, promover a capacitação de um profissional com características inovadoras, criativas, empreendedoras para atender as demandas de mercado, regionais, nacionais e internacionais, na área de biotecnologia.&nbsp;</p>



<p></p>



<p><strong>Conheça um pouco mais sobre o Curso de Biotecnologia da UEL:</strong></p>



<div class="wp-block-columns is-layout-flex wp-container-core-columns-is-layout-9d6595d7 wp-block-columns-is-layout-flex">
<div class="wp-block-column is-layout-flow wp-block-column-is-layout-flow" style="flex-basis:66.66%">
<figure class="wp-block-embed is-type-video is-provider-youtube wp-block-embed-youtube wp-embed-aspect-16-9 wp-has-aspect-ratio"><div class="wp-block-embed__wrapper">
<iframe loading="lazy" title="Biotecnologia - Cursos De A a Z" width="640" height="360" src="https://www.youtube.com/embed/fRACeGyWsG8?list=PLViP9rEFf1TMNC7bufHvtjh2ljFXM1hgz" frameborder="0" allow="accelerometer; autoplay; clipboard-write; encrypted-media; gyroscope; picture-in-picture; web-share" referrerpolicy="strict-origin-when-cross-origin" allowfullscreen></iframe>
</div></figure>
</div>



<div class="wp-block-column is-layout-flow wp-block-column-is-layout-flow" style="flex-basis:33.33%">
<p></p>



<p><strong>Campos de Atuação</strong><br>O mercado de trabalho está em ampla ascensão. O Bacharel em Biotecnologia atuará em empresas de Biotecnologia do setor público e privado, em Consultorias e Assessorias, Universidades, Instituições de Ensino Técnico, Centros de Pesquisa, Laboratórios e Indústrias nas áreas de saúde, agrárias, ambiental, bioenergia e de alimentos, vinculados à Biotecnologia, bem como poderá dar continuidade à seus estudos visando a Pós-graduação em Biotecnologia ou áreas afins.</p>
</div>
</div>



<p></p>

<p>A criação do curso de Biotecnologia da UEL foi autorizada em novembro de 2018 pelo Governo do Estado. A primeira turma teve início em março de 2020. Objetivo do CursoPromover a formação de profissionais competentes nas suas atribuições técnicas – científicas, com espírito crítico, reflexivo e questionador, capaz de utilizar eticamente as técnicas e os [&hellip;]</p>
