{"id":37,"date":"2024-06-05T15:39:59","date_gmt":"2024-06-05T18:39:59","guid":{"rendered":"https:\/\/graduacao.uel.br\/biotecnologia\/?page_id=37"},"modified":"2024-06-18T11:58:33","modified_gmt":"2024-06-18T14:58:33","slug":"projeto-pedagogico-ppc","status":"publish","type":"page","link":"https:\/\/graduacao.uel.br\/biotecnologia\/projeto-pedagogico-ppc\/","title":{"rendered":"Projeto Pedag\u00f3gico (PPC)"},"content":{"rendered":"\n<p>O Projeto Pedag\u00f3gico do curso de Gradua\u00e7\u00e3o em Biotecnologia &#8211; Habilita\u00e7\u00e3o: Bacharelado est\u00e1 fundamentado nas seguintes diretrizes:<\/p>\n\n\n\n<ul class=\"wp-block-list\">\n<li>O curso de Bacharelado em Biotecnologia tem por meta a forma\u00e7\u00e3o de profissionais com vis\u00e3o generalista nos campos de atua\u00e7\u00e3o da \u00e1rea de Biotecnologia, com \u00eanfase em Sa\u00fade, Ambiente e Agroind\u00fastria, instrumentalizados para o exerc\u00edcio profissional, bem como, para dar continuidade a seus estudos visando a P\u00f3s-Gradua\u00e7\u00e3o em Biotecnologia ou \u00e1reas afins;<\/li>\n<\/ul>\n\n\n\n<ul class=\"wp-block-list\">\n<li>Para a forma\u00e7\u00e3o dos profissionais na \u00e1rea de Biotecnologia ser\u00e3o oportunizadas atividades de ensino, pesquisa e extens\u00e3o, integradas e articuladas, visando uma forma\u00e7\u00e3o pessoal, social e cultural para que os mesmos possam compreender e assumir responsabilidades para o desenvolvimento de atitudes reflexivas, que ser\u00e3o de fundamental import\u00e2ncia na sua pr\u00e1tica profissional e, ainda, que conhe\u00e7am a realidade sociocultural do pa\u00eds, para que esta ci\u00eancia e os resultados das pesquisas nessa \u00e1rea sejam aproveitados e aplicados em fun\u00e7\u00e3o dessa realidade.<\/li>\n<\/ul>\n\n\n\n<ul class=\"wp-block-list\">\n<li>Quanto \u00e0 forma\u00e7\u00e3o cient\u00edfica, tecnol\u00f3gica e t\u00e9cnica, os profissionais ser\u00e3o capacitados com forma\u00e7\u00e3o b\u00e1sica que permitir\u00e1 desenvolver bioconvers\u00f5es e bioss\u00ednteses, a partir de mol\u00e9culas ou c\u00e9lulas de natureza microbiana, animal ou vegetal, na perspectiva de disponibilizar processos e produtos que garantam maior economia, efic\u00e1cia, competitividade e adaptabilidade para o seu uso social final;<\/li>\n<\/ul>\n\n\n\n<ol class=\"wp-block-list\" style=\"list-style-type:upper-roman\"><\/ol>\n\n\n\n<ul class=\"wp-block-list\">\n<li>O v\u00ednculo entre a teoria e a pr\u00e1tica \u00e9 indissoci\u00f3vel e deve ser evidenciado nas disciplinas que constituem os componentes curriculares. Para tanto as disciplinas ser\u00e3o oferecidas como anuais e semestrais, de maneira que os conte\u00fados sejam disponibilizados ao longo do curso de forma inter e multidisciplinarmente e estudados numa abordagem unificada, permitindo a compreens\u00e3o das rela\u00e7\u00f5es estabelecidas na constru\u00e7\u00e3o da teoria e que estabelecer\u00e3o as bases que assegurem a contextualiza\u00e7\u00e3o do experimento<\/li>\n<\/ul>\n\n\n\n<p><\/p>\n\n\n\n<div class=\"wp-block-buttons is-content-justification-center is-layout-flex wp-container-core-buttons-is-layout-16018d1d wp-block-buttons-is-layout-flex\">\n<div class=\"wp-block-button\"><a class=\"wp-block-button__link has-primary-accent-background-color has-background wp-element-button\" href=\"https:\/\/sites.uel.br\/prograd\/graduacao\/projetos-pedagogicos\/projetos-pedagogicos-biotecnologia\/\" target=\"_blank\" rel=\"noreferrer noopener\">Resolu\u00e7\u00f5es e Delibera\u00e7\u00f5es<\/a><\/div>\n<\/div>\n\n\n\n<div class=\"wp-block-columns is-layout-flex wp-container-core-columns-is-layout-9d6595d7 wp-block-columns-is-layout-flex\">\n<div class=\"wp-block-column is-layout-flow wp-block-column-is-layout-flow\"><\/div>\n<\/div>\n\n\n\n<div class=\"wp-block-pb-accordion-item c-accordion__item js-accordion-item no-js\" data-initially-open=\"false\" data-click-to-close=\"true\" data-auto-close=\"true\" data-scroll=\"false\" data-scroll-offset=\"0\"><h5 id=\"at-370\" class=\"c-accordion__title js-accordion-controller\" role=\"button\">DEPARTAMENTO<\/h5><div id=\"ac-370\" class=\"c-accordion__content\">\n<p>O Departamento, subunidade dos Centros de Estudos, constitui-se na menor estrutura de organiza\u00e7\u00e3o administrativa, did\u00e1tico cient\u00edfica e de lota\u00e7\u00e3o de pessoal.<br>No Departamento s\u00e3o reunidas atividades acad\u00eamicas afins e nele est\u00e3o integrados docentes e t\u00e9cnico administrativos para objetivos comuns. (Art. 122 do Regimento Geral da UEL).<\/p>\n<\/div><\/div>\n\n\n\n<div class=\"wp-block-pb-accordion-item c-accordion__item js-accordion-item no-js\" data-initially-open=\"false\" data-click-to-close=\"true\" data-auto-close=\"true\" data-scroll=\"false\" data-scroll-offset=\"0\"><h5 id=\"at-371\" class=\"c-accordion__title js-accordion-controller\" role=\"button\">COLEGIADO<\/h5><div id=\"ac-371\" class=\"c-accordion__content\">\n<p>Os Colegiados de cursos de gradua\u00e7\u00e3o exercem a coordena\u00e7\u00e3o pedag\u00f3gica dos cursos e ser\u00e3o constitu\u00eddos por representantes docentes da \u00e1rea principal de conhecimento e da \u00e1rea b\u00e1sica e\/ou complementar de conhecimento, estudantes e servidores, na forma prevista nos \u00a72\u00ba e \u00a73\u00ba do Art. 27 do Estatuto da Universidade. (Art. alterado atrav\u00e9s da Resolu\u00e7\u00e3o CU 168\/2007).<\/p>\n<\/div><\/div>\n\n\n\n<div class=\"wp-block-pb-accordion-item c-accordion__item js-accordion-item no-js\" data-initially-open=\"false\" data-click-to-close=\"true\" data-auto-close=\"true\" data-scroll=\"false\" data-scroll-offset=\"0\"><h5 id=\"at-372\" class=\"c-accordion__title js-accordion-controller\" role=\"button\"><strong>N\u00daCLEO DOCENTE ESTRUTURANTE (NDE)<\/strong><\/h5><div id=\"ac-372\" class=\"c-accordion__content\">\n<p>O NDE institui-se como parte da estrutura de gest\u00e3o acad\u00eamica do curso com atribui\u00e7\u00f5es consultivas, propositivas e de assessoria, acerca de mat\u00e9rias de natureza acad\u00eamica e pedag\u00f3gica, sendo correspons\u00e1vel pela elabora\u00e7\u00e3o, implementa\u00e7\u00e3o e consolida\u00e7\u00e3o do Projeto Pedag\u00f3gico do Curso (PPC), al\u00e9m de zelar pelo cumprimento das Diretrizes Curriculares Nacionais (DCNs). Tem como objetivos:<\/p>\n\n\n\n<p>1 \u2013 Levantar dificuldades na atua\u00e7\u00e3o do corpo docente do Curso;<\/p>\n\n\n\n<p>2 \u2013 Auxiliar na elabora\u00e7\u00e3o e no acompanhamento do PPC;<\/p>\n\n\n\n<p>3 \u2013 Propor programas ou outras formas de capacita\u00e7\u00e3o docente;<\/p>\n\n\n\n<p>4 \u2013 Acompanhar as avalia\u00e7\u00f5es do Curso definidas pelo Colegiado;<\/p>\n\n\n\n<p>5 \u2013 Analisar e propor modifica\u00e7\u00f5es, quando necess\u00e1rias;<\/p>\n\n\n\n<p>6 \u2013 Indicar formas de incentivo ao desenvolvimento de atividades de pesquisa;<\/p>\n\n\n\n<p>7 \u2013 Contribuir para a concretiza\u00e7\u00e3o do perfil profissional;<\/p>\n\n\n\n<p>8 \u2013 Zelar pelo cumprimento das DCNs aplic\u00e1veis ao Curso de Biotecnologia.<\/p>\n\n\n\n<p><\/p>\n<\/div><\/div>\n","protected":false},"excerpt":{"rendered":"<p>O Projeto Pedag\u00f3gico do curso de Gradua\u00e7\u00e3o em Biotecnologia &#8211; Habilita\u00e7\u00e3o: Bacharelado est\u00e1 fundamentado nas seguintes diretrizes:<\/p>\n","protected":false},"author":8,"featured_media":0,"parent":0,"menu_order":0,"comment_status":"closed","ping_status":"closed","template":"","meta":{"_acf_changed":false,"footnotes":""},"class_list":["post-37","page","type-page","status-publish","hentry"],"acf":[],"_links":{"self":[{"href":"https:\/\/graduacao.uel.br\/biotecnologia\/wp-json\/wp\/v2\/pages\/37","targetHints":{"allow":["GET"]}}],"collection":[{"href":"https:\/\/graduacao.uel.br\/biotecnologia\/wp-json\/wp\/v2\/pages"}],"about":[{"href":"https:\/\/graduacao.uel.br\/biotecnologia\/wp-json\/wp\/v2\/types\/page"}],"author":[{"embeddable":true,"href":"https:\/\/graduacao.uel.br\/biotecnologia\/wp-json\/wp\/v2\/users\/8"}],"replies":[{"embeddable":true,"href":"https:\/\/graduacao.uel.br\/biotecnologia\/wp-json\/wp\/v2\/comments?post=37"}],"version-history":[{"count":3,"href":"https:\/\/graduacao.uel.br\/biotecnologia\/wp-json\/wp\/v2\/pages\/37\/revisions"}],"predecessor-version":[{"id":90,"href":"https:\/\/graduacao.uel.br\/biotecnologia\/wp-json\/wp\/v2\/pages\/37\/revisions\/90"}],"wp:attachment":[{"href":"https:\/\/graduacao.uel.br\/biotecnologia\/wp-json\/wp\/v2\/media?parent=37"}],"curies":[{"name":"wp","href":"https:\/\/api.w.org\/{rel}","templated":true}]}}

Projeto Pedagógico (PPC)

<p>O Projeto Pedagógico do curso de Graduação em Biotecnologia &#8211; Habilitação: Bacharelado está fundamentado nas seguintes diretrizes:</p>



<ul class="wp-block-list">
<li>O curso de Bacharelado em Biotecnologia tem por meta a formação de profissionais com visão generalista nos campos de atuação da área de Biotecnologia, com ênfase em Saúde, Ambiente e Agroindústria, instrumentalizados para o exercício profissional, bem como, para dar continuidade a seus estudos visando a Pós-Graduação em Biotecnologia ou áreas afins;</li>
</ul>



<ul class="wp-block-list">
<li>Para a formação dos profissionais na área de Biotecnologia serão oportunizadas atividades de ensino, pesquisa e extensão, integradas e articuladas, visando uma formação pessoal, social e cultural para que os mesmos possam compreender e assumir responsabilidades para o desenvolvimento de atitudes reflexivas, que serão de fundamental importância na sua prática profissional e, ainda, que conheçam a realidade sociocultural do país, para que esta ciência e os resultados das pesquisas nessa área sejam aproveitados e aplicados em função dessa realidade.</li>
</ul>



<ul class="wp-block-list">
<li>Quanto à formação científica, tecnológica e técnica, os profissionais serão capacitados com formação básica que permitirá desenvolver bioconversões e biossínteses, a partir de moléculas ou células de natureza microbiana, animal ou vegetal, na perspectiva de disponibilizar processos e produtos que garantam maior economia, eficácia, competitividade e adaptabilidade para o seu uso social final;</li>
</ul>



<ol class="wp-block-list" style="list-style-type:upper-roman"></ol>



<ul class="wp-block-list">
<li>O vínculo entre a teoria e a prática é indissocióvel e deve ser evidenciado nas disciplinas que constituem os componentes curriculares. Para tanto as disciplinas serão oferecidas como anuais e semestrais, de maneira que os conteúdos sejam disponibilizados ao longo do curso de forma inter e multidisciplinarmente e estudados numa abordagem unificada, permitindo a compreensão das relações estabelecidas na construção da teoria e que estabelecerão as bases que assegurem a contextualização do experimento</li>
</ul>



<p></p>



<div class="wp-block-buttons is-content-justification-center is-layout-flex wp-container-core-buttons-is-layout-16018d1d wp-block-buttons-is-layout-flex">
<div class="wp-block-button"><a class="wp-block-button__link has-primary-accent-background-color has-background wp-element-button" href="https://sites.uel.br/prograd/graduacao/projetos-pedagogicos/projetos-pedagogicos-biotecnologia/" target="_blank" rel="noreferrer noopener">Resoluções e Deliberações</a></div>
</div>



<div class="wp-block-columns is-layout-flex wp-container-core-columns-is-layout-9d6595d7 wp-block-columns-is-layout-flex">
<div class="wp-block-column is-layout-flow wp-block-column-is-layout-flow"></div>
</div>



<div class="wp-block-pb-accordion-item c-accordion__item js-accordion-item no-js" data-initially-open="false" data-click-to-close="true" data-auto-close="true" data-scroll="false" data-scroll-offset="0"><h5 id="at-370" class="c-accordion__title js-accordion-controller" role="button">DEPARTAMENTO</h5><div id="ac-370" class="c-accordion__content">
<p>O Departamento, subunidade dos Centros de Estudos, constitui-se na menor estrutura de organização administrativa, didático científica e de lotação de pessoal.<br>No Departamento são reunidas atividades acadêmicas afins e nele estão integrados docentes e técnico administrativos para objetivos comuns. (Art. 122 do Regimento Geral da UEL).</p>
</div></div>



<div class="wp-block-pb-accordion-item c-accordion__item js-accordion-item no-js" data-initially-open="false" data-click-to-close="true" data-auto-close="true" data-scroll="false" data-scroll-offset="0"><h5 id="at-371" class="c-accordion__title js-accordion-controller" role="button">COLEGIADO</h5><div id="ac-371" class="c-accordion__content">
<p>Os Colegiados de cursos de graduação exercem a coordenação pedagógica dos cursos e serão constituídos por representantes docentes da área principal de conhecimento e da área básica e/ou complementar de conhecimento, estudantes e servidores, na forma prevista nos §2º e §3º do Art. 27 do Estatuto da Universidade. (Art. alterado através da Resolução CU 168/2007).</p>
</div></div>



<div class="wp-block-pb-accordion-item c-accordion__item js-accordion-item no-js" data-initially-open="false" data-click-to-close="true" data-auto-close="true" data-scroll="false" data-scroll-offset="0"><h5 id="at-372" class="c-accordion__title js-accordion-controller" role="button"><strong>NÚCLEO DOCENTE ESTRUTURANTE (NDE)</strong></h5><div id="ac-372" class="c-accordion__content">
<p>O NDE institui-se como parte da estrutura de gestão acadêmica do curso com atribuições consultivas, propositivas e de assessoria, acerca de matérias de natureza acadêmica e pedagógica, sendo corresponsável pela elaboração, implementação e consolidação do Projeto Pedagógico do Curso (PPC), além de zelar pelo cumprimento das Diretrizes Curriculares Nacionais (DCNs). Tem como objetivos:</p>



<p>1 – Levantar dificuldades na atuação do corpo docente do Curso;</p>



<p>2 – Auxiliar na elaboração e no acompanhamento do PPC;</p>



<p>3 – Propor programas ou outras formas de capacitação docente;</p>



<p>4 – Acompanhar as avaliações do Curso definidas pelo Colegiado;</p>



<p>5 – Analisar e propor modificações, quando necessárias;</p>



<p>6 – Indicar formas de incentivo ao desenvolvimento de atividades de pesquisa;</p>



<p>7 – Contribuir para a concretização do perfil profissional;</p>



<p>8 – Zelar pelo cumprimento das DCNs aplicáveis ao Curso de Biotecnologia.</p>



<p></p>
</div></div>

<p>O Projeto Pedagógico do curso de Graduação em Biotecnologia &#8211; Habilitação: Bacharelado está fundamentado nas seguintes diretrizes:</p>
