{"id":274,"date":"2024-09-19T14:37:17","date_gmt":"2024-09-19T17:37:17","guid":{"rendered":"https:\/\/graduacao.uel.br\/ciencia-da-computacao\/?page_id=274"},"modified":"2024-09-19T14:37:17","modified_gmt":"2024-09-19T17:37:17","slug":"lista-de-projetos-programas-de-extensao","status":"publish","type":"page","link":"https:\/\/graduacao.uel.br\/ciencia-da-computacao\/lista-de-projetos-programas-de-extensao\/","title":{"rendered":"Lista de Projetos\/Programas de Extens\u00e3o"},"content":{"rendered":"\n<div style=\"height:11px\" aria-hidden=\"true\" class=\"wp-block-spacer\"><\/div>\n\n\n\n<p>A seguir ser\u00e3o listados Projetos\/Programas de Extens\u00e3o indicados pelo Colegiado de Ci\u00eancia da Computa\u00e7\u00e3o, onde a participa\u00e7\u00e3o do aluno pode ser considerada como AEX Indicada.<\/p>\n\n\n\n<div style=\"height:35px\" aria-hidden=\"true\" class=\"wp-block-spacer\"><\/div>\n\n\n\n<p>02828 &#8211; PARKINTER -PROJETO DE ASSIST\u00caNCIA INTEGRADA E ESPECIALIZADA A INDIV\u00cdDUOS COM DOEN\u00c7A DE PARKINSON.<\/p>\n\n\n\n<p>Coordenador: Prof. F\u00e1bio Sakuray (e-mail: sakuray@uel.br)<\/p>\n\n\n\n<div style=\"height:31px\" aria-hidden=\"true\" class=\"wp-block-spacer\"><\/div>\n\n\n\n<p>02695 \u2013 LABORAT\u00d3RIO DE PESQUISAS E ESTUDOS DE CRIMES CIBERN\u00c9TICOS (CYBERLAB). <\/p>\n\n\n\n<p>Coordenador: Prof. Rodolfo Barros (e-mail: rodolfo@uel.br)<\/p>\n\n\n\n<div style=\"height:36px\" aria-hidden=\"true\" class=\"wp-block-spacer\"><\/div>\n\n\n\n<p>02698 \u2013 ASSESSORIA EM TECNOLOGIAS DA INFORMA\u00c7\u00c3O E COMUNICA\u00c7\u00c3O. <\/p>\n\n\n\n<p>Coordenador: Prof Vitor Val\u00e9rio Campos (e-mail: valerio@uel.br)<\/p>\n\n\n\n<div style=\"height:30px\" aria-hidden=\"true\" class=\"wp-block-spacer\"><\/div>\n\n\n\n<p>Grupo PET &#8211; Computa\u00e7\u00e3o e Design <\/p>\n\n\n\n<p>Coordenador: Prof. Rodolfo Barros (e-mail: rodolfo@uel.br)<\/p>\n","protected":false},"excerpt":{"rendered":"<p>A seguir ser\u00e3o listados Projetos\/Programas de Extens\u00e3o indicados pelo Colegiado de Ci\u00eancia da Computa\u00e7\u00e3o, onde a participa\u00e7\u00e3o do aluno pode ser considerada como AEX Indicada. 02828 &#8211; PARKINTER -PROJETO DE ASSIST\u00caNCIA INTEGRADA E ESPECIALIZADA A INDIV\u00cdDUOS COM DOEN\u00c7A DE PARKINSON. Coordenador: Prof. F\u00e1bio Sakuray (e-mail: sakuray@uel.br) 02695 \u2013 LABORAT\u00d3RIO DE PESQUISAS E ESTUDOS DE CRIMES [&hellip;]<\/p>\n","protected":false},"author":13,"featured_media":0,"parent":0,"menu_order":0,"comment_status":"closed","ping_status":"closed","template":"","meta":{"_acf_changed":false,"footnotes":""},"class_list":["post-274","page","type-page","status-publish","hentry"],"acf":[],"_links":{"self":[{"href":"https:\/\/graduacao.uel.br\/ciencia-da-computacao\/wp-json\/wp\/v2\/pages\/274","targetHints":{"allow":["GET"]}}],"collection":[{"href":"https:\/\/graduacao.uel.br\/ciencia-da-computacao\/wp-json\/wp\/v2\/pages"}],"about":[{"href":"https:\/\/graduacao.uel.br\/ciencia-da-computacao\/wp-json\/wp\/v2\/types\/page"}],"author":[{"embeddable":true,"href":"https:\/\/graduacao.uel.br\/ciencia-da-computacao\/wp-json\/wp\/v2\/users\/13"}],"replies":[{"embeddable":true,"href":"https:\/\/graduacao.uel.br\/ciencia-da-computacao\/wp-json\/wp\/v2\/comments?post=274"}],"version-history":[{"count":1,"href":"https:\/\/graduacao.uel.br\/ciencia-da-computacao\/wp-json\/wp\/v2\/pages\/274\/revisions"}],"predecessor-version":[{"id":275,"href":"https:\/\/graduacao.uel.br\/ciencia-da-computacao\/wp-json\/wp\/v2\/pages\/274\/revisions\/275"}],"wp:attachment":[{"href":"https:\/\/graduacao.uel.br\/ciencia-da-computacao\/wp-json\/wp\/v2\/media?parent=274"}],"curies":[{"name":"wp","href":"https:\/\/api.w.org\/{rel}","templated":true}]}}