{"id":90,"date":"2024-05-16T14:27:06","date_gmt":"2024-05-16T17:27:06","guid":{"rendered":"https:\/\/graduacao.uel.br\/ciencia-da-computacao\/?page_id=90"},"modified":"2024-09-19T17:43:55","modified_gmt":"2024-09-19T20:43:55","slug":"aex","status":"publish","type":"page","link":"https:\/\/graduacao.uel.br\/ciencia-da-computacao\/aex\/","title":{"rendered":"AEX"},"content":{"rendered":"\n<p>O projeto pedag\u00f3gico do curso de Ci\u00eancia da Computa\u00e7\u00e3o estabelece que seja comprido no m\u00ednimo 343 (trezentos e quarenta e tr\u00eas) horas para o desenvolvimento das Atividades Extensionistas, sendo divididas da seguinte forma: 172 (cento e setenta e dois) horas de carga hor\u00e1ria m\u00ednima para AEX Indicadas e 171 (cento e setenta e uma) horas de carga hor\u00e1ria m\u00ednima para as <strong>AEX Livres<\/strong>. <\/p>\n\n\n\n<p>As Atividades Acad\u00eamicas de Extens\u00e3o Indicadas \u2013 <strong>AEX Indicadas<\/strong> \u2013 s\u00e3o aquelas que se vinculam diretamente \u00e0 forma\u00e7\u00e3o acad\u00eamica do estudante e que estejam articuladas aos demais componentes curriculares, sendo escolhidas livremente pelo estudante dentre aquelas indicadas pelo Colegiado de Curso, observada a regulamenta\u00e7\u00e3o vigente.<\/p>\n\n\n\n<p> S\u00e3o consideradas modalidades de AEX Indicadas os programas de extens\u00e3o, os projetos de extens\u00e3o ou projetos integrados com \u00eanfase em extens\u00e3o, eventos, cursos e oficinas e os projetos de presta\u00e7\u00e3o de servi\u00e7o. <\/p>\n\n\n\n<p>Para saber os projetos\/programas de extens\u00e3o dispon\u00edveis para o Curso de Ci\u00eancia da Computa\u00e7\u00e3o, onde a participa\u00e7\u00e3o do aluno pode ser considerada como AEX Indicada, <strong><a href=\"https:\/\/graduacao.uel.br\/ciencia-da-computacao\/lista-de-projetos-programas-de-extensao\/\">clique aqui<\/a>.<\/strong><\/p>\n\n\n\n<p>Esclarecemos que, conforme art. 7, \u00a7 3\u00ba da Resolu\u00e7\u00e3o 039\/2021 \u201cpara fins da Credita\u00e7\u00e3o Curricular da Extens\u00e3o, somente poder\u00e3o ser considerados os cursos e eventos de extens\u00e3o nos quais o estudante tenha participa\u00e7\u00e3o ativa, seja na qualidade de palestrante, ministrante, organizador, membro de comiss\u00e3o ou cong\u00e9neres\u201d<\/p>\n\n\n\n<p><\/p>\n\n\n\n<p>As Atividades Acad\u00eamicas de Extens\u00e3o Livres \u2013 AEX Livres s\u00e3o aquelas que n\u00e3o necessariamente se vinculam diretamente \u00e0 forma\u00e7\u00e3o acad\u00eamica do estudante, sendo objeto de seu interesse espec\u00edfico, escolhidas livremente pelo estudante dentre aquelas regulamentadas pela Universidade Estadual de Londrina, observada a normatiza\u00e7\u00e3o vigente. <\/p>\n\n\n\n<p>S\u00e3o consideradas modalidades de AEX Livres os programas de extens\u00e3o, os projetos de extens\u00e3o ou projetos integrados com \u00eanfase em extens\u00e3o, eventos, cursos e oficinas e os projetos de presta\u00e7\u00e3o de servi\u00e7o. Os objetivos das atividades de extens\u00e3o s\u00e3o: <\/p>\n\n\n\n<p>a) Articular a\u00e7\u00f5es que promovam a consolida\u00e7\u00e3o da organiza\u00e7\u00e3o das comunidades externas e a UEL; <\/p>\n\n\n\n<p>b) Promover a identifica\u00e7\u00e3o de demandas e necessidades comuns, visando ao processo de integra\u00e7\u00e3o e de autonomia das comunidades envolvidas; <\/p>\n\n\n\n<p>c) Favorecer a forma\u00e7\u00e3o do estudante como ser humano social, afetivo, emocional, financeiro e profissional por meio das rela\u00e7\u00f5es entre as comunidades externas. <\/p>\n\n\n\n<p>As Atividades Extensionistas s\u00e3o consideradas como carga hor\u00e1ria obrigat\u00f3ria e cada atividade de extens\u00e3o ter\u00e1 o seu objetivo e a sua regulamenta\u00e7\u00e3o pr\u00f3pria, sendo que todos os crit\u00e9rios a serem adotadas quanto \u00e0 participa\u00e7\u00e3o do estudante nas AEX indicadas ser\u00e3o apresentados pelo Colegiado de Curso de Ci\u00eancia da Computa\u00e7\u00e3o em conson\u00e2ncia com as resolu\u00e7\u00f5es vigentes. <\/p>\n\n\n\n<p>As Atividades Extensionistas Indicadas, do Curso de Ci\u00eancia da Computa\u00e7\u00e3o ser\u00e3o desenvolvidas parcialmente no turno do curso.<\/p>\n\n\n\n<p>Para obter mais informa\u00e7\u00f5es sobre AEX, clique em <strong><a href=\"https:\/\/sites.uel.br\/proex\/atividades-academicas-de-extensao-aex\/\">saiba mais<\/a><\/strong>.<\/p>\n\n\n\n<p><\/p>\n","protected":false},"excerpt":{"rendered":"<p>O projeto pedag\u00f3gico do curso de Ci\u00eancia da Computa\u00e7\u00e3o estabelece que seja comprido no m\u00ednimo 343 (trezentos e quarenta e tr\u00eas) horas para o desenvolvimento das Atividades Extensionistas, sendo divididas da seguinte forma: 172 (cento e setenta e dois) horas de carga hor\u00e1ria m\u00ednima para AEX Indicadas e 171 (cento e setenta e uma) horas [&hellip;]<\/p>\n","protected":false},"author":6,"featured_media":0,"parent":0,"menu_order":0,"comment_status":"closed","ping_status":"closed","template":"","meta":{"_acf_changed":false,"footnotes":""},"class_list":["post-90","page","type-page","status-publish","hentry"],"acf":[],"_links":{"self":[{"href":"https:\/\/graduacao.uel.br\/ciencia-da-computacao\/wp-json\/wp\/v2\/pages\/90","targetHints":{"allow":["GET"]}}],"collection":[{"href":"https:\/\/graduacao.uel.br\/ciencia-da-computacao\/wp-json\/wp\/v2\/pages"}],"about":[{"href":"https:\/\/graduacao.uel.br\/ciencia-da-computacao\/wp-json\/wp\/v2\/types\/page"}],"author":[{"embeddable":true,"href":"https:\/\/graduacao.uel.br\/ciencia-da-computacao\/wp-json\/wp\/v2\/users\/6"}],"replies":[{"embeddable":true,"href":"https:\/\/graduacao.uel.br\/ciencia-da-computacao\/wp-json\/wp\/v2\/comments?post=90"}],"version-history":[{"count":7,"href":"https:\/\/graduacao.uel.br\/ciencia-da-computacao\/wp-json\/wp\/v2\/pages\/90\/revisions"}],"predecessor-version":[{"id":279,"href":"https:\/\/graduacao.uel.br\/ciencia-da-computacao\/wp-json\/wp\/v2\/pages\/90\/revisions\/279"}],"wp:attachment":[{"href":"https:\/\/graduacao.uel.br\/ciencia-da-computacao\/wp-json\/wp\/v2\/media?parent=90"}],"curies":[{"name":"wp","href":"https:\/\/api.w.org\/{rel}","templated":true}]}}