{"id":93,"date":"2024-06-27T14:21:18","date_gmt":"2024-06-27T17:21:18","guid":{"rendered":"https:\/\/graduacao.uel.br\/ciencias-biologicas\/?page_id=93"},"modified":"2024-07-01T17:21:13","modified_gmt":"2024-07-01T20:21:13","slug":"licenciatura-ppc","status":"publish","type":"page","link":"https:\/\/graduacao.uel.br\/ciencias-biologicas\/licenciatura-ppc\/","title":{"rendered":"Licenciatura (PPC)"},"content":{"rendered":"\n<p>O curso de  Ci\u00eancias Biol\u00f3gicas Licenciatura \u00e9 oferecido no per\u00edodo matutino, com sistema de matr\u00edcula por atividade acad\u00eamica. Esse sistema permite que o pr\u00f3prio estudante, a partir do final do primeiro ano letivo, se matricule nas atividades acad\u00eamicas, podendo este adequar o seu hor\u00e1rio durante o turno conforme suas necessidades e levando em conta poss\u00edveis imprevistos e impedimentos no sistema. Apesar disso, \u00e9 importante frisar que o estudante dever\u00e1 cumprir todas as atividades acad\u00eamicas at\u00e9 o per\u00edodo m\u00e1ximo do curso.<\/p>\n\n\n\n<p>O curr\u00edculo atual soma carga hor\u00e1ria total de 3.417 horas. Deste total, 810 horas correspondem a atividades acad\u00e9micas relacionada a \u00e1rea did\u00e1tico-pedag\u00f3gica, 1.802 horas correspondem a atividades acad\u00e9micas relacionadas a conte\u00fados espec\u00edficos relacionados \u00e0 Base Nacional Comum Curricular (BNCC) para o ensino de Ci\u00eancias e Biologia no ensino Fundamental e M\u00e9dio.<\/p>\n\n\n\n<p>O curr\u00edculo conta ainda com 400 horas de est\u00e1gio supervisionado e 405 horas constam de Pr\u00e1ticas como Componentes Curriculares. Essa distribui\u00e7\u00e3o atende as mais recentes regulamenta\u00e7\u00f5es, inclusive a Resolu\u00e7\u00e3o CNE\/CP n\u00b0 2, de 20 de dezembro de 2019, BNC-Forma\u00e7\u00e3o. Embora a nova conforma\u00e7\u00e3o n\u00e3o permita a retirada do registro profissional, o Licenciado poder\u00e1 ingressar por vestibular no curso do Bacharelado, sendo realizadas as devidas equival\u00eancias, e requerer o t\u00edtulo que conferir\u00e1 o grau de Bacharel e a possibilidade de requerer o registro profissional junto ao Conselho Federal de Biologia.<\/p>\n\n\n\n<div class=\"wp-block-buttons is-content-justification-center is-layout-flex wp-container-core-buttons-is-layout-16018d1d wp-block-buttons-is-layout-flex\">\n<div class=\"wp-block-button is-style-fill\"><a class=\"wp-block-button__link has-primary-accent-background-color has-background has-text-align-center wp-element-button\" href=\"https:\/\/sites.uel.br\/prograd\/graduacao\/projetos-pedagogicos\/projetos-pedagogicos-ciencias-biologicas-licenciatura\/\" target=\"_blank\" rel=\"noreferrer noopener\">Resolu\u00e7\u00f5es e Delibera\u00e7\u00f5es<\/a><\/div>\n<\/div>\n\n\n\n<div class=\"wp-block-pb-accordion-item c-accordion__item js-accordion-item no-js\" data-initially-open=\"false\" data-click-to-close=\"true\" data-auto-close=\"true\" data-scroll=\"false\" data-scroll-offset=\"0\"><h6 id=\"at-930\" class=\"c-accordion__title js-accordion-controller\" role=\"button\">DEPARTAMENTO<\/h6><div id=\"ac-930\" class=\"c-accordion__content\">\n<p>O Departamento, subunidade dos Centros de Estudos, constitui-se na menor estrutura de organiza\u00e7\u00e3o administrativa, did\u00e1tico cient\u00edfica e de lota\u00e7\u00e3o de pessoal.<br>No Departamento s\u00e3o reunidas atividades acad\u00eamicas afins e nele est\u00e3o integrados docentes e t\u00e9cnico administrativos para objetivos comuns. (Art. 122 do Regimento Geral da UEL).<\/p>\n<\/div><\/div>\n\n\n\n<div class=\"wp-block-pb-accordion-item c-accordion__item js-accordion-item no-js\" data-initially-open=\"false\" data-click-to-close=\"true\" data-auto-close=\"true\" data-scroll=\"false\" data-scroll-offset=\"0\"><h6 id=\"at-931\" class=\"c-accordion__title js-accordion-controller\" role=\"button\">COLEGIADO<\/h6><div id=\"ac-931\" class=\"c-accordion__content\">\n<p>Os Colegiados de cursos de gradua\u00e7\u00e3o exercem a coordena\u00e7\u00e3o pedag\u00f3gica dos cursos e ser\u00e3o constitu\u00eddos por representantes docentes da \u00e1rea principal de conhecimento e da \u00e1rea b\u00e1sica e\/ou complementar de conhecimento, estudantes e servidores, na forma prevista nos \u00a72\u00ba e \u00a73\u00ba do Art. 27 do Estatuto da Universidade. (Art. alterado atrav\u00e9s da Resolu\u00e7\u00e3o CU 168\/2007).<\/p>\n<\/div><\/div>\n\n\n\n<div class=\"wp-block-pb-accordion-item c-accordion__item js-accordion-item no-js\" data-initially-open=\"false\" data-click-to-close=\"true\" data-auto-close=\"true\" data-scroll=\"false\" data-scroll-offset=\"0\"><h6 id=\"at-932\" class=\"c-accordion__title js-accordion-controller\" role=\"button\"><strong>N\u00daCLEO DOCENTE ESTRUTURANTE (NDE)<\/strong><\/h6><div id=\"ac-932\" class=\"c-accordion__content\">\n<p>&nbsp;NDE institui-se como parte da estrutura de gest\u00e3o acad\u00eamica do curso com atribui\u00e7\u00f5es consultivas, propositivas e de assessoria, acerca de mat\u00e9rias de natureza acad\u00eamica e pedag\u00f3gica, sendo correspons\u00e1vel pela elabora\u00e7\u00e3o, implementa\u00e7\u00e3o e consolida\u00e7\u00e3o do Projeto Pedag\u00f3gico do Curso (PPC), al\u00e9m de zelar pelo cumprimento das Diretrizes Curriculares Nacionais (DCNs). Tem como objetivos:<\/p>\n\n\n\n<p>1 \u2013 Levantar dificuldades na atua\u00e7\u00e3o do corpo docente do Curso;<\/p>\n\n\n\n<p>2 \u2013 Auxiliar na elabora\u00e7\u00e3o e no acompanhamento do PPC;<\/p>\n\n\n\n<p>3 \u2013 Propor programas ou outras formas de capacita\u00e7\u00e3o docente;<\/p>\n\n\n\n<p>4 \u2013 Acompanhar as avalia\u00e7\u00f5es do Curso definidas pelo Colegiado;<\/p>\n\n\n\n<p>5 \u2013 Analisar e propor modifica\u00e7\u00f5es, quando necess\u00e1rias;<\/p>\n\n\n\n<p>6 \u2013 Indicar formas de incentivo ao desenvolvimento de atividades de pesquisa;<\/p>\n\n\n\n<p>7 \u2013 Contribuir para a concretiza\u00e7\u00e3o do perfil profissional;<\/p>\n\n\n\n<p>8 \u2013 Zelar pelo cumprimento das DCNs aplic\u00e1veis ao Curso de Ci\u00eancias Sociais.<\/p>\n<\/div><\/div>\n","protected":false},"excerpt":{"rendered":"<p>O curso de Ci\u00eancias Biol\u00f3gicas Licenciatura \u00e9 oferecido no per\u00edodo matutino, com sistema de matr\u00edcula por atividade acad\u00eamica. Esse sistema permite que o pr\u00f3prio estudante, a partir do final do primeiro ano letivo, se matricule nas atividades acad\u00eamicas, podendo este adequar o seu hor\u00e1rio durante o turno conforme suas necessidades e levando em conta poss\u00edveis [&hellip;]<\/p>\n","protected":false},"author":8,"featured_media":0,"parent":0,"menu_order":0,"comment_status":"closed","ping_status":"closed","template":"","meta":{"_acf_changed":false,"footnotes":""},"class_list":["post-93","page","type-page","status-publish","hentry"],"acf":[],"_links":{"self":[{"href":"https:\/\/graduacao.uel.br\/ciencias-biologicas\/wp-json\/wp\/v2\/pages\/93","targetHints":{"allow":["GET"]}}],"collection":[{"href":"https:\/\/graduacao.uel.br\/ciencias-biologicas\/wp-json\/wp\/v2\/pages"}],"about":[{"href":"https:\/\/graduacao.uel.br\/ciencias-biologicas\/wp-json\/wp\/v2\/types\/page"}],"author":[{"embeddable":true,"href":"https:\/\/graduacao.uel.br\/ciencias-biologicas\/wp-json\/wp\/v2\/users\/8"}],"replies":[{"embeddable":true,"href":"https:\/\/graduacao.uel.br\/ciencias-biologicas\/wp-json\/wp\/v2\/comments?post=93"}],"version-history":[{"count":3,"href":"https:\/\/graduacao.uel.br\/ciencias-biologicas\/wp-json\/wp\/v2\/pages\/93\/revisions"}],"predecessor-version":[{"id":120,"href":"https:\/\/graduacao.uel.br\/ciencias-biologicas\/wp-json\/wp\/v2\/pages\/93\/revisions\/120"}],"wp:attachment":[{"href":"https:\/\/graduacao.uel.br\/ciencias-biologicas\/wp-json\/wp\/v2\/media?parent=93"}],"curies":[{"name":"wp","href":"https:\/\/api.w.org\/{rel}","templated":true}]}}

<p>O curso de  Ciências Biológicas Licenciatura é oferecido no período matutino, com sistema de matrícula por atividade acadêmica. Esse sistema permite que o próprio estudante, a partir do final do primeiro ano letivo, se matricule nas atividades acadêmicas, podendo este adequar o seu horário durante o turno conforme suas necessidades e levando em conta possíveis imprevistos e impedimentos no sistema. Apesar disso, é importante frisar que o estudante deverá cumprir todas as atividades acadêmicas até o período máximo do curso.</p>



<p>O currículo atual soma carga horária total de 3.417 horas. Deste total, 810 horas correspondem a atividades académicas relacionada a área didático-pedagógica, 1.802 horas correspondem a atividades académicas relacionadas a conteúdos específicos relacionados à Base Nacional Comum Curricular (BNCC) para o ensino de Ciências e Biologia no ensino Fundamental e Médio.</p>



<p>O currículo conta ainda com 400 horas de estágio supervisionado e 405 horas constam de Práticas como Componentes Curriculares. Essa distribuição atende as mais recentes regulamentações, inclusive a Resolução CNE/CP n° 2, de 20 de dezembro de 2019, BNC-Formação. Embora a nova conformação não permita a retirada do registro profissional, o Licenciado poderá ingressar por vestibular no curso do Bacharelado, sendo realizadas as devidas equivalências, e requerer o título que conferirá o grau de Bacharel e a possibilidade de requerer o registro profissional junto ao Conselho Federal de Biologia.</p>



<div class="wp-block-buttons is-content-justification-center is-layout-flex wp-container-core-buttons-is-layout-16018d1d wp-block-buttons-is-layout-flex">
<div class="wp-block-button is-style-fill"><a class="wp-block-button__link has-primary-accent-background-color has-background has-text-align-center wp-element-button" href="https://sites.uel.br/prograd/graduacao/projetos-pedagogicos/projetos-pedagogicos-ciencias-biologicas-licenciatura/" target="_blank" rel="noreferrer noopener">Resoluções e Deliberações</a></div>
</div>



<div class="wp-block-pb-accordion-item c-accordion__item js-accordion-item no-js" data-initially-open="false" data-click-to-close="true" data-auto-close="true" data-scroll="false" data-scroll-offset="0"><h6 id="at-930" class="c-accordion__title js-accordion-controller" role="button">DEPARTAMENTO</h6><div id="ac-930" class="c-accordion__content">
<p>O Departamento, subunidade dos Centros de Estudos, constitui-se na menor estrutura de organização administrativa, didático científica e de lotação de pessoal.<br>No Departamento são reunidas atividades acadêmicas afins e nele estão integrados docentes e técnico administrativos para objetivos comuns. (Art. 122 do Regimento Geral da UEL).</p>
</div></div>



<div class="wp-block-pb-accordion-item c-accordion__item js-accordion-item no-js" data-initially-open="false" data-click-to-close="true" data-auto-close="true" data-scroll="false" data-scroll-offset="0"><h6 id="at-931" class="c-accordion__title js-accordion-controller" role="button">COLEGIADO</h6><div id="ac-931" class="c-accordion__content">
<p>Os Colegiados de cursos de graduação exercem a coordenação pedagógica dos cursos e serão constituídos por representantes docentes da área principal de conhecimento e da área básica e/ou complementar de conhecimento, estudantes e servidores, na forma prevista nos §2º e §3º do Art. 27 do Estatuto da Universidade. (Art. alterado através da Resolução CU 168/2007).</p>
</div></div>



<div class="wp-block-pb-accordion-item c-accordion__item js-accordion-item no-js" data-initially-open="false" data-click-to-close="true" data-auto-close="true" data-scroll="false" data-scroll-offset="0"><h6 id="at-932" class="c-accordion__title js-accordion-controller" role="button"><strong>NÚCLEO DOCENTE ESTRUTURANTE (NDE)</strong></h6><div id="ac-932" class="c-accordion__content">
<p>&nbsp;NDE institui-se como parte da estrutura de gestão acadêmica do curso com atribuições consultivas, propositivas e de assessoria, acerca de matérias de natureza acadêmica e pedagógica, sendo corresponsável pela elaboração, implementação e consolidação do Projeto Pedagógico do Curso (PPC), além de zelar pelo cumprimento das Diretrizes Curriculares Nacionais (DCNs). Tem como objetivos:</p>



<p>1 – Levantar dificuldades na atuação do corpo docente do Curso;</p>



<p>2 – Auxiliar na elaboração e no acompanhamento do PPC;</p>



<p>3 – Propor programas ou outras formas de capacitação docente;</p>



<p>4 – Acompanhar as avaliações do Curso definidas pelo Colegiado;</p>



<p>5 – Analisar e propor modificações, quando necessárias;</p>



<p>6 – Indicar formas de incentivo ao desenvolvimento de atividades de pesquisa;</p>



<p>7 – Contribuir para a concretização do perfil profissional;</p>



<p>8 – Zelar pelo cumprimento das DCNs aplicáveis ao Curso de Ciências Sociais.</p>
</div></div>

<p>O curso de Ciências Biológicas Licenciatura é oferecido no período matutino, com sistema de matrícula por atividade acadêmica. Esse sistema permite que o próprio estudante, a partir do final do primeiro ano letivo, se matricule nas atividades acadêmicas, podendo este adequar o seu horário durante o turno conforme suas necessidades e levando em conta possíveis [&hellip;]</p>
