{"id":23,"date":"2024-07-03T20:38:07","date_gmt":"2024-07-03T23:38:07","guid":{"rendered":"https:\/\/graduacao.uel.br\/ciencias-economicas\/?page_id=23"},"modified":"2024-07-04T17:33:44","modified_gmt":"2024-07-04T20:33:44","slug":"o-curso","status":"publish","type":"page","link":"https:\/\/graduacao.uel.br\/ciencias-economicas\/o-curso\/","title":{"rendered":"O Curso"},"content":{"rendered":"\n<p>O Curso de Ci\u00eancias Econ\u00f4micas, da Universidade Estadual de Londrina, foi criado e reconhecido pelo Decreto Federal n\u00ba 68.814, de 28\/06\/1971. Visa formar bachar\u00e9is em Ci\u00eancias Econ\u00f4micas para atuarem no mercado interno e externo com uma s\u00f3lida forma\u00e7\u00e3o te\u00f3rica, hist\u00f3rica e instrumental. <\/p>\n\n\n\n<p>Ao constatar-se uma demanda significativa de profissionais para atuar na \u00e1rea econ\u00f4mica no munic\u00edpio de Londrina e regi\u00e3o, o Curso de Ci\u00eancias Econ\u00f4micas da UEL almeja proporcionar uma s\u00f3lida forma\u00e7\u00e3o te\u00f3rica aos estudantes do Curso. A partir de uma forma\u00e7\u00e3o ampla em Ci\u00eancias Econ\u00f4micas, busca desenvolver a capacidade anal\u00edtica e cr\u00edtica no estudante, por meio de ferramental te\u00f3rico-metodol\u00f3gico, com o objetivo de ajudar o estudante a desenvolver compet\u00eancias essenciais \u00e0s demandas do mercado de trabalho local, regional e nacional, e a atender a demanda da sociedade. <\/p>\n\n\n\n<p>De modo geral o Curso caracteriza-se pela multiplicidade metodol\u00f3gica, em coer\u00eancia com o car\u00e1ter plural das Ci\u00eancias Econ\u00f4micas. A Proposta Pedag\u00f3gica Curricular (PPC) 2022 \u00e9 formado por correntes de pensamento e paradigmas diversos; pelo ensino das v\u00e1rias disciplinas do curso, que enfatizam a import\u00e2ncia fundamental das inter-rela\u00e7\u00f5es, ligando os fen\u00f4menos econ\u00f4micos ao todo social em que se inserem; e pela transmiss\u00e3o ao estudante, ao longo do Curso, do senso \u00e9tico de responsabilidade social, que norteia o exerc\u00edcio futuro de sua profiss\u00e3o, conforme o perfil do Curso (RESOLU\u00c7\u00c3O CEPE\/CA N\u00ba 0111\/2009).<\/p>\n\n\n\n<p>Atos normativos: <br>&#8211; Decreto Fed. n\u00ba 68.814 de 28\/06\/71 &#8211; Concede reconhecimento \u00e0 Faculdade Estadual de Ci\u00eancias Econ\u00f4micas e Cont\u00e1beis de Londrina, com o curso de Ci\u00eancias Econ\u00f4micas, PR. <br>&#8211; Decreto Estadual n\u00ba 9.999 de 11\/06\/2018 &#8211; Autoriza renova\u00e7\u00e3o do reconhecimento do Curso de Gradua\u00e7\u00e3o em Ci\u00eancias Econ\u00f4micas &#8211; Bacharelado, ofertado pela UEL. <\/p>\n","protected":false},"excerpt":{"rendered":"<p>O Curso de Ci\u00eancias Econ\u00f4micas, da Universidade Estadual de Londrina, foi criado e reconhecido pelo Decreto Federal n\u00ba 68.814, de 28\/06\/1971. Visa formar bachar\u00e9is em Ci\u00eancias Econ\u00f4micas para atuarem no mercado interno e externo com uma s\u00f3lida forma\u00e7\u00e3o te\u00f3rica, hist\u00f3rica e instrumental. Ao constatar-se uma demanda significativa de profissionais para atuar na \u00e1rea econ\u00f4mica no [&hellip;]<\/p>\n","protected":false},"author":8,"featured_media":0,"parent":0,"menu_order":0,"comment_status":"closed","ping_status":"closed","template":"","meta":{"_acf_changed":false,"footnotes":""},"class_list":["post-23","page","type-page","status-publish","hentry"],"acf":[],"_links":{"self":[{"href":"https:\/\/graduacao.uel.br\/ciencias-economicas\/wp-json\/wp\/v2\/pages\/23","targetHints":{"allow":["GET"]}}],"collection":[{"href":"https:\/\/graduacao.uel.br\/ciencias-economicas\/wp-json\/wp\/v2\/pages"}],"about":[{"href":"https:\/\/graduacao.uel.br\/ciencias-economicas\/wp-json\/wp\/v2\/types\/page"}],"author":[{"embeddable":true,"href":"https:\/\/graduacao.uel.br\/ciencias-economicas\/wp-json\/wp\/v2\/users\/8"}],"replies":[{"embeddable":true,"href":"https:\/\/graduacao.uel.br\/ciencias-economicas\/wp-json\/wp\/v2\/comments?post=23"}],"version-history":[{"count":2,"href":"https:\/\/graduacao.uel.br\/ciencias-economicas\/wp-json\/wp\/v2\/pages\/23\/revisions"}],"predecessor-version":[{"id":59,"href":"https:\/\/graduacao.uel.br\/ciencias-economicas\/wp-json\/wp\/v2\/pages\/23\/revisions\/59"}],"wp:attachment":[{"href":"https:\/\/graduacao.uel.br\/ciencias-economicas\/wp-json\/wp\/v2\/media?parent=23"}],"curies":[{"name":"wp","href":"https:\/\/api.w.org\/{rel}","templated":true}]}}