{"id":12,"date":"2024-04-19T15:30:45","date_gmt":"2024-04-19T18:30:45","guid":{"rendered":"https:\/\/graduacao.uel.br\/ciencias-sociais\/?page_id=12"},"modified":"2025-01-22T15:05:06","modified_gmt":"2025-01-22T18:05:06","slug":"o-curso","status":"publish","type":"page","link":"https:\/\/graduacao.uel.br\/ciencias-sociais\/o-curso\/","title":{"rendered":"O curso"},"content":{"rendered":"\n<p><strong>Bacharelado<\/strong>: Data de cria\u00e7\u00e3o e Resolu\u00e7\u00e3o: Cria\u00e7\u00e3o: Resolu\u00e7\u00e3o n\u00ba 100\/72, de 25 de maio de 1972; In\u00edcio: 16 de fevereiro de 1973; Reconhecimento: Decreto Federal n\u00b0 81.727\/1978, de 24 de maio de 1978; \u00daltima renova\u00e7\u00e3o do reconhecimento: Resolu\u00e7\u00e3o CEPE\/CA n\u00ba, 127\/2018\/ <a href=\"http:\/\/www.uel.br\/arquivo-prograd\/divisao-colegiado-cursos-curriculos\/documentos\/decretos_datas_renovacao_cursos_graduacao.pdf\">Decreto Estadual n\u00ba 4047 de 26\/03\/2020 com Retifica\u00e7\u00e3o do Decreto n\u00ba 3106\/2020<\/a>.<br><br>O Curso de Ci\u00eancias Sociais &#8211; <strong>Habilita\u00e7\u00e3o Bacharelado<\/strong> &#8211; deseja propiciar ao concluinte:<\/p>\n\n\n\n<ul class=\"wp-block-list\">\n<li>Capacidade de pesquisa e reflex\u00e3o cr\u00edtica sobre a realidade social;<\/li>\n\n\n\n<li>Compromisso social; <\/li>\n\n\n\n<li>Capacidade de operar com teorias, conceitos e m\u00e9todos pr\u00f3prios das Ci\u00eancias Sociais; <\/li>\n\n\n\n<li>Abertura para outras compet\u00eancias necess\u00e1rias \u00e0 forma\u00e7\u00e3o do educador\/ pesquisador.<\/li>\n<\/ul>\n\n\n\n<p><strong>Licenciatura<\/strong>: Cria\u00e7\u00e3o: Resolu\u00e7\u00e3o n\u00ba 100\/72, de 25 de maio de 1972; In\u00edcio: 16 de fevereiro de 1973; Reconhecimento: Decreto Federal n\u00b0 81.727\/1978, de 24 de maio de 1978; \u00daltima renova\u00e7\u00e3o do reconhecimento: <a href=\"http:\/\/www.uel.br\/arquivo-prograd\/divisao-colegiado-cursos-curriculos\/documentos\/decretos_datas_renovacao_cursos_graduacao.pdf\">Resolu\u00e7\u00e3o CEPE\/CA n\u00ba 128\/2018 \/Decreto Estadual n\u00b0 4907 de 26\/08\/2016<\/a>.<br><br>O Curso de Ci\u00eancias Sociais \u2013 <strong>Habilita\u00e7\u00e3o Licenciatura<\/strong> \u2013 deseja propiciar ao concluinte:<\/p>\n\n\n\n<ul class=\"wp-block-list\">\n<li>Habilidades did\u00e1tico-pedag\u00f3gicas e dom\u00ednio dos conte\u00fados b\u00e1sicos para o exerc\u00edcio do magist\u00e9rio;<\/li>\n\n\n\n<li>Ensino da Sociologia no Ensino M\u00e9dio; <\/li>\n\n\n\n<li>Capacidade de pesquisa e reflex\u00e3o cr\u00edtica sobre a realidade social;<\/li>\n\n\n\n<li>Compromisso social;<\/li>\n\n\n\n<li>Capacidade de operar com teorias, conceitos e m\u00e9todos pr\u00f3prios das Ci\u00eancias Sociais;<\/li>\n<\/ul>\n\n\n\n<p><strong>Objetivo do Curso:<\/strong><br><br>\u201cPermitir uma forma\u00e7\u00e3o te\u00f3rica e de pesquisa capaz de conduzir o aluno a uma reflex\u00e3o cr\u00edtica sobre a sociedade contempor\u00e2nea e, ao mesmo tempo, prepar\u00e1-lo para a inser\u00e7\u00e3o no mercado de trabalho; integrar o ensino, a pesquisa e a extens\u00e3o como momentos de<br>um mesmo processo de constru\u00e7\u00e3o do conhecimento; propiciar ao aluno uma forma\u00e7\u00e3o integrada das \u00e1reas e sub\u00e1reas das Ci\u00eancias Sociais; promover discuss\u00f5es interdisciplinares atrav\u00e9s de atividades e semin\u00e1rios integrados e garantir, na forma\u00e7\u00e3o do estudante, o compromisso \u00e9tico e social com sua pr\u00e1tica profissional.\u201d<\/p>\n\n\n\n<p><\/p>\n\n\n\n<p><strong>Conhe\u00e7a um pouco mais sobre o Curso de Ci\u00eancias Sociais da UEL:<\/strong><\/p>\n\n\n\n<div class=\"wp-block-columns is-layout-flex wp-container-core-columns-is-layout-9d6595d7 wp-block-columns-is-layout-flex\">\n<div class=\"wp-block-column is-layout-flow wp-block-column-is-layout-flow\" style=\"flex-basis:66.66%\">\n<figure class=\"wp-block-embed is-type-video is-provider-youtube wp-block-embed-youtube wp-embed-aspect-16-9 wp-has-aspect-ratio\"><div class=\"wp-block-embed__wrapper\">\n<iframe loading=\"lazy\" title=\"Ci\u00eancias Sociais \u2013 Cursos de A a Z\" width=\"640\" height=\"360\" src=\"https:\/\/www.youtube.com\/embed\/tdoI247Ow-c?feature=oembed\" frameborder=\"0\" allow=\"accelerometer; autoplay; clipboard-write; encrypted-media; gyroscope; picture-in-picture; web-share\" referrerpolicy=\"strict-origin-when-cross-origin\" allowfullscreen><\/iframe>\n<\/div><\/figure>\n<\/div>\n\n\n\n<div class=\"wp-block-column is-layout-flow wp-block-column-is-layout-flow\" style=\"flex-basis:33.33%\">\n<p><strong>Objetivo do Curso:<\/strong><br>Permitir uma forma\u00e7\u00e3o te\u00f3rica e de pesquisa capaz de conduzir o aluno a uma reflex\u00e3o cr\u00edtica sobre a sociedade contempor\u00e2nea e, ao mesmo tempo, prepar\u00e1-lo para a inser\u00e7\u00e3o no mercado de trabalho; integrar o ensino, a pesquisa e a extens\u00e3o como momentos de<br>um mesmo processo de constru\u00e7\u00e3o do conhecimento; propiciar ao aluno uma forma\u00e7\u00e3o integrada das \u00e1reas e sub\u00e1reas das Ci\u00eancias Sociais; promover discuss\u00f5es interdisciplinares atrav\u00e9s de atividades e semin\u00e1rios integrados e garantir, na forma\u00e7\u00e3o do estudante, o compromisso \u00e9tico e social com sua pr\u00e1tica profissional.<\/p>\n<\/div>\n<\/div>\n\n\n\n<div class=\"wp-block-columns is-layout-flex wp-container-core-columns-is-layout-9d6595d7 wp-block-columns-is-layout-flex\">\n<div class=\"wp-block-column is-layout-flow wp-block-column-is-layout-flow\"><\/div>\n<\/div>\n","protected":false},"excerpt":{"rendered":"<p>Bacharelado: Data de cria\u00e7\u00e3o e Resolu\u00e7\u00e3o: Cria\u00e7\u00e3o: Resolu\u00e7\u00e3o n\u00ba 100\/72, de 25 de maio de 1972; In\u00edcio: 16 de fevereiro de 1973; Reconhecimento: Decreto Federal n\u00b0 81.727\/1978, de 24 de maio de 1978; \u00daltima renova\u00e7\u00e3o do reconhecimento: Resolu\u00e7\u00e3o CEPE\/CA n\u00ba, 127\/2018\/ Decreto Estadual n\u00ba 4047 de 26\/03\/2020 com Retifica\u00e7\u00e3o do Decreto n\u00ba 3106\/2020. O Curso [&hellip;]<\/p>\n","protected":false},"author":6,"featured_media":0,"parent":0,"menu_order":0,"comment_status":"closed","ping_status":"closed","template":"","meta":{"_acf_changed":false,"footnotes":""},"class_list":["post-12","page","type-page","status-publish","hentry"],"acf":[],"_links":{"self":[{"href":"https:\/\/graduacao.uel.br\/ciencias-sociais\/wp-json\/wp\/v2\/pages\/12","targetHints":{"allow":["GET"]}}],"collection":[{"href":"https:\/\/graduacao.uel.br\/ciencias-sociais\/wp-json\/wp\/v2\/pages"}],"about":[{"href":"https:\/\/graduacao.uel.br\/ciencias-sociais\/wp-json\/wp\/v2\/types\/page"}],"author":[{"embeddable":true,"href":"https:\/\/graduacao.uel.br\/ciencias-sociais\/wp-json\/wp\/v2\/users\/6"}],"replies":[{"embeddable":true,"href":"https:\/\/graduacao.uel.br\/ciencias-sociais\/wp-json\/wp\/v2\/comments?post=12"}],"version-history":[{"count":19,"href":"https:\/\/graduacao.uel.br\/ciencias-sociais\/wp-json\/wp\/v2\/pages\/12\/revisions"}],"predecessor-version":[{"id":394,"href":"https:\/\/graduacao.uel.br\/ciencias-sociais\/wp-json\/wp\/v2\/pages\/12\/revisions\/394"}],"wp:attachment":[{"href":"https:\/\/graduacao.uel.br\/ciencias-sociais\/wp-json\/wp\/v2\/media?parent=12"}],"curies":[{"name":"wp","href":"https:\/\/api.w.org\/{rel}","templated":true}]}}