{"id":72,"date":"2024-04-22T15:13:59","date_gmt":"2024-04-22T18:13:59","guid":{"rendered":"https:\/\/graduacao.uel.br\/ciencias-sociais\/?page_id=72"},"modified":"2024-05-02T11:53:49","modified_gmt":"2024-05-02T14:53:49","slug":"bacharelado","status":"publish","type":"page","link":"https:\/\/graduacao.uel.br\/ciencias-sociais\/bacharelado\/","title":{"rendered":"Bacharelado"},"content":{"rendered":"\n<p>O Curso de Ci\u00eancias Sociais &#8211; habilita\u00e7\u00e3o Bacharelado tem dura\u00e7\u00e3o de 4 anos a 8 anos e \u00e9 presencial, sediado nas depend\u00eancias do CLCH da UEL. As aulas ocorrem no per\u00edodo da manh\u00e3 e a carga hor\u00e1ria total \u00e9 de 2630 horas, sendo que a matriz curricular \u00e9 organizada a partir do cumprimento de disciplinas obrigat\u00f3rias, optativas, atividades de extens\u00e3o, realiza\u00e7\u00e3o de est\u00e1gio e trabalho de conclus\u00e3o do curso (TCC). Conclu\u00eddo esse percurso acad\u00eamico, formam-se bachar\u00e9is em Ci\u00eancias Sociais, ou seja, profissionais cujo exerc\u00edcio da pr\u00e1tica profissional \u00e9 capaz de conduzir a uma reflex\u00e3o profunda e cr\u00edtica sobre a sociedade e que, ao mesmo tempo, esteja aliada ao comprometimento com a busca pelos meios de resolu\u00e7\u00e3o de problemas relativos \u00e0s quest\u00f5es sociais, culturais e pol\u00edticas.<\/p>\n\n\n\n<p><strong>Abaixo temos o modelo da Matriz Curricular com habilita\u00e7\u00e3o Bacharelado para Ci\u00eancias Sociais:<\/strong><\/p>\n\n\n\n<div data-wp-interactive=\"core\/file\" class=\"wp-block-file\"><object data-wp-bind--hidden=\"!state.hasPdfPreview\" hidden class=\"wp-block-file__embed\" data=\"https:\/\/graduacao.uel.br\/ciencias-sociais\/wp-content\/uploads\/2024\/05\/Matriz-2023-Bacharelado.pdf\" type=\"application\/pdf\" style=\"width:100%;height:600px\" aria-label=\"Incorporado de Matriz 2023 Bacharelado.\"><\/object><a id=\"wp-block-file--media-79631c1c-010a-4c5b-aa62-209e47c268bb\" href=\"https:\/\/graduacao.uel.br\/ciencias-sociais\/wp-content\/uploads\/2024\/05\/Matriz-2023-Bacharelado.pdf\">Matriz 2023 Bacharelado<\/a><a href=\"https:\/\/graduacao.uel.br\/ciencias-sociais\/wp-content\/uploads\/2024\/05\/Matriz-2023-Bacharelado.pdf\" class=\"wp-block-file__button wp-element-button\" download aria-describedby=\"wp-block-file--media-79631c1c-010a-4c5b-aa62-209e47c268bb\">Baixar<\/a><\/div>\n","protected":false},"excerpt":{"rendered":"<p>O Curso de Ci\u00eancias Sociais &#8211; habilita\u00e7\u00e3o Bacharelado tem dura\u00e7\u00e3o de 4 anos a 8 anos e \u00e9 presencial, sediado nas depend\u00eancias do CLCH da UEL. As aulas ocorrem no per\u00edodo da manh\u00e3 e a carga hor\u00e1ria total \u00e9 de 2630 horas, sendo que a matriz curricular \u00e9 organizada a partir do cumprimento de disciplinas [&hellip;]<\/p>\n","protected":false},"author":6,"featured_media":0,"parent":0,"menu_order":0,"comment_status":"closed","ping_status":"closed","template":"","meta":{"_acf_changed":false,"footnotes":""},"class_list":["post-72","page","type-page","status-publish","hentry"],"acf":[],"_links":{"self":[{"href":"https:\/\/graduacao.uel.br\/ciencias-sociais\/wp-json\/wp\/v2\/pages\/72","targetHints":{"allow":["GET"]}}],"collection":[{"href":"https:\/\/graduacao.uel.br\/ciencias-sociais\/wp-json\/wp\/v2\/pages"}],"about":[{"href":"https:\/\/graduacao.uel.br\/ciencias-sociais\/wp-json\/wp\/v2\/types\/page"}],"author":[{"embeddable":true,"href":"https:\/\/graduacao.uel.br\/ciencias-sociais\/wp-json\/wp\/v2\/users\/6"}],"replies":[{"embeddable":true,"href":"https:\/\/graduacao.uel.br\/ciencias-sociais\/wp-json\/wp\/v2\/comments?post=72"}],"version-history":[{"count":4,"href":"https:\/\/graduacao.uel.br\/ciencias-sociais\/wp-json\/wp\/v2\/pages\/72\/revisions"}],"predecessor-version":[{"id":255,"href":"https:\/\/graduacao.uel.br\/ciencias-sociais\/wp-json\/wp\/v2\/pages\/72\/revisions\/255"}],"wp:attachment":[{"href":"https:\/\/graduacao.uel.br\/ciencias-sociais\/wp-json\/wp\/v2\/media?parent=72"}],"curies":[{"name":"wp","href":"https:\/\/api.w.org\/{rel}","templated":true}]}}