{"id":78,"date":"2024-04-22T15:27:42","date_gmt":"2024-04-22T18:27:42","guid":{"rendered":"https:\/\/graduacao.uel.br\/ciencias-sociais\/?page_id=78"},"modified":"2024-05-02T15:16:09","modified_gmt":"2024-05-02T18:16:09","slug":"estagio","status":"publish","type":"page","link":"https:\/\/graduacao.uel.br\/ciencias-sociais\/estagio\/","title":{"rendered":"Est\u00e1gio"},"content":{"rendered":"\n<p><strong>Bacharelado<\/strong> &#8211; O Est\u00e1gio Curricular Obrigat\u00f3rio ocupa lugar importante na forma\u00e7\u00e3o das habilidades do futuro bacharel em Ci\u00eancias Sociais, capacitando a unir reflex\u00e3o te\u00f3rico-metodol\u00f3gica a experi\u00eancias e viv\u00eancias pr\u00e1ticas. <\/p>\n\n\n\n<p>Neste sentido, o Curso de Bacharelado em Ci\u00eancias Sociais, da UEL adota o Est\u00e1gio Curricular Obrigat\u00f3rio (ECO), que se caracteriza como um conjunto de atividades de aprendizagem profissional e cultural realizado em diferentes contextos e situa\u00e7\u00f5es, como pr\u00e1tica de forma\u00e7\u00e3o curricular.<\/p>\n\n\n\n<p><strong>Licenciatura<\/strong> &#8211; Conforme Legisla\u00e7\u00e3o Federal em especial a Resolu\u00e7\u00e3o CNE\/CP n0 02\/2015, desde o in\u00edcio do Curso, o\/a estudante do curso de Licenciatura em Ci\u00eancias Sociais dever\u00e1 aliar estudos te\u00f3ricos com atividades pr\u00e1ticas ligadas \u00e0 doc\u00eancia (400 h de atividades de pr\u00e1tica como componente curricular &#8211; PCC), sendo que, na segunda metade do Curso dever\u00e1 iniciar o Est\u00e1gio Supervisionado obrigat\u00f3rio (400 h), totalizando 800 h. <\/p>\n\n\n\n<p>Assim, de acordo com a proposta do Projeto Pedag\u00f3gico (PPC) em n\u00e3o separar a forma\u00e7\u00e3o do docente da forma\u00e7\u00e3o do pesquisador, as atividades pr\u00e1ticas acad\u00eamicas est\u00e3o distribu\u00eddas ao longo do curso, iniciando no 1\u00b0 per\u00edodo. <\/p>\n\n\n\n<p>Est\u00e1gio Curricular obrigat\u00f3rio do Curso de Ci\u00eancias Sociais da Licenciatura, caracteriza-se como um conjunto de atividades desenvolvidas pelo estudante, sob a responsabilidade direta de professores da \u00e1rea de Metodologia e Pr\u00e1tica de Ensino, do Departamento de Ci\u00eancias Sociais, que s\u00e3o todos supervisores de est\u00e1gio, al\u00e9m da coordena\u00e7\u00e3o de est\u00e1gio do Curso de Ci\u00eancias Sociais, que integram o PPC e que contribuem para a forma\u00e7\u00e3o acad\u00eamica e profissional do estudante. <\/p>\n\n\n\n<p><\/p>\n\n\n\n<div class=\"wp-block-columns is-layout-flex wp-container-core-columns-is-layout-9d6595d7 wp-block-columns-is-layout-flex\">\n<div class=\"wp-block-column is-layout-flow wp-block-column-is-layout-flow\">\n<div class=\"wp-block-buttons is-content-justification-center is-layout-flex wp-container-core-buttons-is-layout-16018d1d wp-block-buttons-is-layout-flex\">\n<div class=\"wp-block-button\"><a class=\"wp-block-button__link has-primary-accent-background-color has-background wp-element-button\" href=\"https:\/\/sites.uel.br\/prograd\/wp-content\/uploads\/documentos\/deliberacoes\/2022\/deliberacao_22_22.pdf\">Regulamento Bacharelado<\/a><\/div>\n<\/div>\n<\/div>\n\n\n\n<div class=\"wp-block-column is-layout-flow wp-block-column-is-layout-flow\">\n<div class=\"wp-block-buttons is-content-justification-center is-layout-flex wp-container-core-buttons-is-layout-16018d1d wp-block-buttons-is-layout-flex\">\n<div class=\"wp-block-button\"><a class=\"wp-block-button__link has-primary-accent-background-color has-background wp-element-button\" href=\"https:\/\/sites.uel.br\/prograd\/wp-content\/uploads\/documentos\/deliberacoes\/2022\/deliberacao_23_22.pdf\">Regulamento Licenciatura<\/a><\/div>\n<\/div>\n<\/div>\n<\/div>\n\n\n\n<p>Para informa\u00e7\u00f5es espec\u00edficas sobre est\u00e1gio <strong><a href=\"https:\/\/sites.uel.br\/prograd\/estudante\/estagios-e-intercambios\/\">clique aqui<\/a><\/strong>.<\/p>\n\n\n\n<div class=\"wp-block-columns is-layout-flex wp-container-core-columns-is-layout-9d6595d7 wp-block-columns-is-layout-flex\">\n<div class=\"wp-block-column is-layout-flow wp-block-column-is-layout-flow\"><\/div>\n<\/div>\n","protected":false},"excerpt":{"rendered":"<p>Bacharelado &#8211; O Est\u00e1gio Curricular Obrigat\u00f3rio ocupa lugar importante na forma\u00e7\u00e3o das habilidades do futuro bacharel em Ci\u00eancias Sociais, capacitando a unir reflex\u00e3o te\u00f3rico-metodol\u00f3gica a experi\u00eancias e viv\u00eancias pr\u00e1ticas. Neste sentido, o Curso de Bacharelado em Ci\u00eancias Sociais, da UEL adota o Est\u00e1gio Curricular Obrigat\u00f3rio (ECO), que se caracteriza como um conjunto de atividades de [&hellip;]<\/p>\n","protected":false},"author":6,"featured_media":0,"parent":0,"menu_order":0,"comment_status":"closed","ping_status":"closed","template":"","meta":{"_acf_changed":false,"footnotes":""},"class_list":["post-78","page","type-page","status-publish","hentry"],"acf":[],"_links":{"self":[{"href":"https:\/\/graduacao.uel.br\/ciencias-sociais\/wp-json\/wp\/v2\/pages\/78","targetHints":{"allow":["GET"]}}],"collection":[{"href":"https:\/\/graduacao.uel.br\/ciencias-sociais\/wp-json\/wp\/v2\/pages"}],"about":[{"href":"https:\/\/graduacao.uel.br\/ciencias-sociais\/wp-json\/wp\/v2\/types\/page"}],"author":[{"embeddable":true,"href":"https:\/\/graduacao.uel.br\/ciencias-sociais\/wp-json\/wp\/v2\/users\/6"}],"replies":[{"embeddable":true,"href":"https:\/\/graduacao.uel.br\/ciencias-sociais\/wp-json\/wp\/v2\/comments?post=78"}],"version-history":[{"count":8,"href":"https:\/\/graduacao.uel.br\/ciencias-sociais\/wp-json\/wp\/v2\/pages\/78\/revisions"}],"predecessor-version":[{"id":286,"href":"https:\/\/graduacao.uel.br\/ciencias-sociais\/wp-json\/wp\/v2\/pages\/78\/revisions\/286"}],"wp:attachment":[{"href":"https:\/\/graduacao.uel.br\/ciencias-sociais\/wp-json\/wp\/v2\/media?parent=78"}],"curies":[{"name":"wp","href":"https:\/\/api.w.org\/{rel}","templated":true}]}}