{"id":172,"date":"2024-06-03T16:07:42","date_gmt":"2024-06-03T19:07:42","guid":{"rendered":"https:\/\/graduacao.uel.br\/design-grafico\/?page_id=172"},"modified":"2024-06-03T16:07:43","modified_gmt":"2024-06-03T19:07:43","slug":"atletica","status":"publish","type":"page","link":"https:\/\/graduacao.uel.br\/design-grafico\/atletica\/","title":{"rendered":"Atl\u00e9tica"},"content":{"rendered":"\n<p>Os estudantes do curso de Design Gr\u00e1fico podem participar das atividades esportivas da Atl\u00e9tica do CECA &#8211; Centro de Educa\u00e7\u00e3o, Comunica\u00e7\u00e3o e Artes.<\/p>\n\n\n\n<p>Quer saber mais sobre Atl\u00e9tica do CECA, clique em\u00a0<strong><a href=\"https:\/\/www.instagram.com\/exatasuel\/\" target=\"_blank\" rel=\"noreferrer noopener\">saiba mais<\/a><\/strong>.<\/p>\n","protected":false},"excerpt":{"rendered":"<p>Os estudantes do curso de Design Gr\u00e1fico podem participar das atividades esportivas da Atl\u00e9tica do CECA &#8211; Centro de Educa\u00e7\u00e3o, Comunica\u00e7\u00e3o e Artes. Quer saber mais sobre Atl\u00e9tica do CECA, clique em\u00a0saiba mais.<\/p>\n","protected":false},"author":8,"featured_media":0,"parent":0,"menu_order":0,"comment_status":"closed","ping_status":"closed","template":"","meta":{"_acf_changed":false,"footnotes":""},"class_list":["post-172","page","type-page","status-publish","hentry"],"acf":[],"_links":{"self":[{"href":"https:\/\/graduacao.uel.br\/design-grafico\/wp-json\/wp\/v2\/pages\/172","targetHints":{"allow":["GET"]}}],"collection":[{"href":"https:\/\/graduacao.uel.br\/design-grafico\/wp-json\/wp\/v2\/pages"}],"about":[{"href":"https:\/\/graduacao.uel.br\/design-grafico\/wp-json\/wp\/v2\/types\/page"}],"author":[{"embeddable":true,"href":"https:\/\/graduacao.uel.br\/design-grafico\/wp-json\/wp\/v2\/users\/8"}],"replies":[{"embeddable":true,"href":"https:\/\/graduacao.uel.br\/design-grafico\/wp-json\/wp\/v2\/comments?post=172"}],"version-history":[{"count":1,"href":"https:\/\/graduacao.uel.br\/design-grafico\/wp-json\/wp\/v2\/pages\/172\/revisions"}],"predecessor-version":[{"id":173,"href":"https:\/\/graduacao.uel.br\/design-grafico\/wp-json\/wp\/v2\/pages\/172\/revisions\/173"}],"wp:attachment":[{"href":"https:\/\/graduacao.uel.br\/design-grafico\/wp-json\/wp\/v2\/media?parent=172"}],"curies":[{"name":"wp","href":"https:\/\/api.w.org\/{rel}","templated":true}]}}