{"id":49,"date":"2024-04-10T14:28:31","date_gmt":"2024-04-10T17:28:31","guid":{"rendered":"https:\/\/graduacao.uel.br\/design-grafico\/?page_id=49"},"modified":"2024-04-11T15:51:24","modified_gmt":"2024-04-11T18:51:24","slug":"tcc","status":"publish","type":"page","link":"https:\/\/graduacao.uel.br\/design-grafico\/tcc\/","title":{"rendered":"TCC"},"content":{"rendered":"\n<p>O Trabalho de Conclus\u00e3o do Curso (TCC) do curso de Design Gr\u00e1fico \u00e9 uma Atividade Acad\u00eamica de Natureza Obrigat\u00f3ria Especial, que deve atender aos objetivos do projeto pedag\u00f3gico do curso e respeitar o Regulamento de TCC, objeto de delibera\u00e7\u00e3o espec\u00edfica para o Curso. <\/p>\n\n\n\n<p>Possui sistema de avalia\u00e7\u00e3o e controle de frequ\u00eancia definidos em regulamentos pr\u00f3prios da Universidade, aprovados pela C\u00e2mara de Gradua\u00e7\u00e3o do CEPE &#8211; Conselho de Ensino, Pesquisa e Extens\u00e3o da UEL. Possui calend\u00e1rio, manual e instrumentos de avalia\u00e7\u00e3o elaborados pelo(a) Coordenador(a) de TCC e aprovados, anualmente, pelo Colegiado de Curso de Design Gr\u00e1fico. <\/p>\n\n\n\n<p>O TCC possui os seguintes objetivos: <\/p>\n\n\n\n<p>I &#8211; reunir em um projeto acad\u00eamico final o conhecimento acumulado durante o curso, em especial aqueles referentes \u00e0 metodologia cient\u00edfica e do Design, utilizando-se de m\u00e9todos e t\u00e9cnicas espec\u00edficas; <\/p>\n\n\n\n<p>II &#8211; promover a busca de formas de apoio e esclarecimentos nas \u00e1reas inter-relacionadas ao projeto acad\u00eamico final, junto a outros profissionais e \u00e1reas afins; <\/p>\n\n\n\n<p>III &#8211; possibilitar a utiliza\u00e7\u00e3o de tecnologias atuais em processo de elabora\u00e7\u00e3o para o planejamento, desenvolvimento e solu\u00e7\u00e3o dos problemas abordados no projeto acad\u00eamico final; <\/p>\n\n\n\n<p>IV &#8211; apontar a partir de estudo e de pesquisa a solu\u00e7\u00e3o de problemas, contribuindo na melhoria da qualidade de vida da sociedade, notadamente aqueles relacionados aos problemas de comunica\u00e7\u00e3o; <\/p>\n\n\n\n<p>V &#8211; integrar o tema do TCC aos aspectos socioecon\u00f4micos e culturais da regi\u00e3o onde estar\u00e1 inserido. <\/p>\n\n\n\n<p>O trabalho com \u00eanfase na pr\u00e1tica \u00e9 caracterizado por trabalho de pesquisa cient\u00edfica e projetual. J\u00e1 aqueles com \u00eanfase na teoria, contemplam a pesquisa cient\u00edfica e o discente deve entregar, al\u00e9m da monografia, um artigo cient\u00edfico. O TCC envolve o desenvolvimento de um produto ou sistema de design gr\u00e1fico, consistindo de coleta e an\u00e1lise sistem\u00e1tica de dados, conceitua\u00e7\u00e3o, gera\u00e7\u00e3o de alternativas e apresenta\u00e7\u00e3o de memorial descritivo contendo todo o detalhamento t\u00e9cnico do projeto. <\/p>\n\n\n\n<p><\/p>\n\n\n\n<div class=\"wp-block-buttons is-content-justification-center is-layout-flex wp-container-core-buttons-is-layout-16018d1d wp-block-buttons-is-layout-flex\">\n<div class=\"wp-block-button\"><a class=\"wp-block-button__link has-primary-accent-background-color has-background wp-element-button\" href=\"https:\/\/sites.uel.br\/prograd\/regulamentos-trabalho-de-conclusao-de-curso-tcc\/\">Regulamento<\/a><\/div>\n<\/div>\n","protected":false},"excerpt":{"rendered":"<p>O Trabalho de Conclus\u00e3o do Curso (TCC) do curso de Design Gr\u00e1fico \u00e9 uma Atividade Acad\u00eamica de Natureza Obrigat\u00f3ria Especial, que deve atender aos objetivos do projeto pedag\u00f3gico do curso e respeitar o Regulamento de TCC, objeto de delibera\u00e7\u00e3o espec\u00edfica para o Curso. Possui sistema de avalia\u00e7\u00e3o e controle de frequ\u00eancia definidos em regulamentos pr\u00f3prios [&hellip;]<\/p>\n","protected":false},"author":6,"featured_media":0,"parent":0,"menu_order":0,"comment_status":"closed","ping_status":"closed","template":"","meta":{"_acf_changed":false,"footnotes":""},"class_list":["post-49","page","type-page","status-publish","hentry"],"acf":[],"_links":{"self":[{"href":"https:\/\/graduacao.uel.br\/design-grafico\/wp-json\/wp\/v2\/pages\/49","targetHints":{"allow":["GET"]}}],"collection":[{"href":"https:\/\/graduacao.uel.br\/design-grafico\/wp-json\/wp\/v2\/pages"}],"about":[{"href":"https:\/\/graduacao.uel.br\/design-grafico\/wp-json\/wp\/v2\/types\/page"}],"author":[{"embeddable":true,"href":"https:\/\/graduacao.uel.br\/design-grafico\/wp-json\/wp\/v2\/users\/6"}],"replies":[{"embeddable":true,"href":"https:\/\/graduacao.uel.br\/design-grafico\/wp-json\/wp\/v2\/comments?post=49"}],"version-history":[{"count":3,"href":"https:\/\/graduacao.uel.br\/design-grafico\/wp-json\/wp\/v2\/pages\/49\/revisions"}],"predecessor-version":[{"id":160,"href":"https:\/\/graduacao.uel.br\/design-grafico\/wp-json\/wp\/v2\/pages\/49\/revisions\/160"}],"wp:attachment":[{"href":"https:\/\/graduacao.uel.br\/design-grafico\/wp-json\/wp\/v2\/media?parent=49"}],"curies":[{"name":"wp","href":"https:\/\/api.w.org\/{rel}","templated":true}]}}