{"id":20,"date":"2024-03-11T16:10:46","date_gmt":"2024-03-11T19:10:46","guid":{"rendered":"https:\/\/graduacao.uel.br\/educacao-fisica\/?page_id=20"},"modified":"2025-04-04T10:43:59","modified_gmt":"2025-04-04T13:43:59","slug":"matriz-curricular","status":"publish","type":"page","link":"https:\/\/graduacao.uel.br\/educacao-fisica\/matriz-curricular\/","title":{"rendered":"Matriz Curricular"},"content":{"rendered":"\n<p>A Matriz Curricular vigente do curso de Educa\u00e7\u00e3o F\u00edsica \u00e9 a mesma na etapa comum do curso, mas diferente na etapa espec\u00edfica, para as habilta\u00e7\u00f5es de <strong>Licenciatura<\/strong> ou<strong> Bacharelado<\/strong>. <\/p>\n\n\n\n<p>Para informa\u00e7\u00f5es sobre o Projeto Pedag\u00f3gico completo, acesso o <a href=\"https:\/\/sites.uel.br\/prograd\/graduacao\/projetos-pedagogicos\/projetos-pedagogicos-educacao-fisica\/\" data-type=\"link\" data-id=\"https:\/\/sites.uel.br\/prograd\/graduacao\/projetos-pedagogicos\/projetos-pedagogicos-educacao-fisica\/\"><strong>link<\/strong><\/a>.<\/p>\n\n\n\n<div class=\"wp-block-columns is-layout-flex wp-container-core-columns-is-layout-9d6595d7 wp-block-columns-is-layout-flex\">\n<div class=\"wp-block-column is-layout-flow wp-block-column-is-layout-flow\">\n<h2 class=\"wp-block-heading has-text-align-center has-medium-font-size\"><strong>MATRIZ CURRICULAR DA ETAPA ESPEC\u00cdFICA DO CURSO &#8211; HABILITA\u00c7\u00c3O LICENCIATURA<\/strong><\/h2>\n\n\n\n<div data-wp-interactive=\"core\/file\" class=\"wp-block-file\"><object data-wp-bind--hidden=\"!state.hasPdfPreview\" hidden class=\"wp-block-file__embed\" data=\"https:\/\/graduacao.uel.br\/educacao-fisica\/wp-content\/uploads\/2024\/06\/educacao_fisica_licenciatura_matutino.pdf\" type=\"application\/pdf\" style=\"width:100%;height:600px\" aria-label=\"Incorporado de Educacao_Fisica_Licenciatura_matutino.\"><\/object><a id=\"wp-block-file--media-a7e84f10-b842-4f77-93b6-0944339af6c9\" href=\"https:\/\/graduacao.uel.br\/educacao-fisica\/wp-content\/uploads\/2024\/06\/educacao_fisica_licenciatura_matutino.pdf\">Educacao_Fisica_Licenciatura_matutino<\/a><a href=\"https:\/\/graduacao.uel.br\/educacao-fisica\/wp-content\/uploads\/2024\/06\/educacao_fisica_licenciatura_matutino.pdf\" class=\"wp-block-file__button wp-element-button\" download aria-describedby=\"wp-block-file--media-a7e84f10-b842-4f77-93b6-0944339af6c9\">Baixar<\/a><\/div>\n<\/div>\n\n\n\n<div class=\"wp-block-column is-layout-flow wp-block-column-is-layout-flow\">\n<h2 class=\"wp-block-heading has-text-align-center has-medium-font-size\">MATRIZ CURRICULAR DA ETAPA ESPEC\u00cdFICA DO CURSO &#8211; HABILITA\u00c7\u00c3O BACHARELADO<\/h2>\n\n\n\n<div data-wp-interactive=\"core\/file\" class=\"wp-block-file\"><object data-wp-bind--hidden=\"!state.hasPdfPreview\" hidden class=\"wp-block-file__embed\" data=\"https:\/\/graduacao.uel.br\/educacao-fisica\/wp-content\/uploads\/2025\/02\/matriz_bacharelado.pdf\" type=\"application\/pdf\" style=\"width:100%;height:600px\" aria-label=\"Incorporado de Educa\u00e7\u00e3o_F\u00edsica_Bacharelado.\"><\/object><a id=\"wp-block-file--media-31265619-b5dc-437a-a24d-6826d8c0532c\" href=\"https:\/\/graduacao.uel.br\/educacao-fisica\/wp-content\/uploads\/2025\/02\/matriz_bacharelado.pdf\">Educa\u00e7\u00e3o_F\u00edsica_Bacharelado<\/a><a href=\"https:\/\/graduacao.uel.br\/educacao-fisica\/wp-content\/uploads\/2025\/02\/matriz_bacharelado.pdf\" class=\"wp-block-file__button wp-element-button\" download aria-describedby=\"wp-block-file--media-31265619-b5dc-437a-a24d-6826d8c0532c\">Baixar<\/a><\/div>\n<\/div>\n<\/div>\n\n\n\n<p class=\"has-primary-accent-color has-text-color has-link-color has-medium-font-size wp-elements-e25236bed299a5211d78b65052550bc9\"><\/p>\n\n\n\n<p><\/p>\n","protected":false},"excerpt":{"rendered":"<p>A Matriz Curricular vigente do curso de Educa\u00e7\u00e3o F\u00edsica \u00e9 a mesma na etapa comum do curso, mas diferente na etapa espec\u00edfica, para as habilta\u00e7\u00f5es de Licenciatura ou Bacharelado. Para informa\u00e7\u00f5es sobre o Projeto Pedag\u00f3gico completo, acesso o link. MATRIZ CURRICULAR DA ETAPA ESPEC\u00cdFICA DO CURSO &#8211; HABILITA\u00c7\u00c3O LICENCIATURA MATRIZ CURRICULAR DA ETAPA ESPEC\u00cdFICA DO [&hellip;]<\/p>\n","protected":false},"author":6,"featured_media":0,"parent":0,"menu_order":0,"comment_status":"closed","ping_status":"closed","template":"","meta":{"_acf_changed":false,"footnotes":""},"class_list":["post-20","page","type-page","status-publish","hentry"],"acf":[],"_links":{"self":[{"href":"https:\/\/graduacao.uel.br\/educacao-fisica\/wp-json\/wp\/v2\/pages\/20","targetHints":{"allow":["GET"]}}],"collection":[{"href":"https:\/\/graduacao.uel.br\/educacao-fisica\/wp-json\/wp\/v2\/pages"}],"about":[{"href":"https:\/\/graduacao.uel.br\/educacao-fisica\/wp-json\/wp\/v2\/types\/page"}],"author":[{"embeddable":true,"href":"https:\/\/graduacao.uel.br\/educacao-fisica\/wp-json\/wp\/v2\/users\/6"}],"replies":[{"embeddable":true,"href":"https:\/\/graduacao.uel.br\/educacao-fisica\/wp-json\/wp\/v2\/comments?post=20"}],"version-history":[{"count":12,"href":"https:\/\/graduacao.uel.br\/educacao-fisica\/wp-json\/wp\/v2\/pages\/20\/revisions"}],"predecessor-version":[{"id":542,"href":"https:\/\/graduacao.uel.br\/educacao-fisica\/wp-json\/wp\/v2\/pages\/20\/revisions\/542"}],"wp:attachment":[{"href":"https:\/\/graduacao.uel.br\/educacao-fisica\/wp-json\/wp\/v2\/media?parent=20"}],"curies":[{"name":"wp","href":"https:\/\/api.w.org\/{rel}","templated":true}]}}

<p>A Matriz Curricular vigente do curso de Educação Física é a mesma na etapa comum do curso, mas diferente na etapa específica, para as habiltações de <strong>Licenciatura</strong> ou<strong> Bacharelado</strong>. </p>



<p>Para informações sobre o Projeto Pedagógico completo, acesso o <a href="https://sites.uel.br/prograd/graduacao/projetos-pedagogicos/projetos-pedagogicos-educacao-fisica/" data-type="link" data-id="https://sites.uel.br/prograd/graduacao/projetos-pedagogicos/projetos-pedagogicos-educacao-fisica/"><strong>link</strong></a>.</p>



<div class="wp-block-columns is-layout-flex wp-container-core-columns-is-layout-9d6595d7 wp-block-columns-is-layout-flex">
<div class="wp-block-column is-layout-flow wp-block-column-is-layout-flow">
<h2 class="wp-block-heading has-text-align-center has-medium-font-size"><strong>MATRIZ CURRICULAR DA ETAPA ESPECÍFICA DO CURSO &#8211; HABILITAÇÃO LICENCIATURA</strong></h2>



<div data-wp-interactive="core/file" class="wp-block-file"><object data-wp-bind--hidden="!state.hasPdfPreview" hidden class="wp-block-file__embed" data="https://graduacao.uel.br/educacao-fisica/wp-content/uploads/2024/06/educacao_fisica_licenciatura_matutino.pdf" type="application/pdf" style="width:100%;height:600px" aria-label="Incorporado de Educacao_Fisica_Licenciatura_matutino."></object><a id="wp-block-file--media-a7e84f10-b842-4f77-93b6-0944339af6c9" href="https://graduacao.uel.br/educacao-fisica/wp-content/uploads/2024/06/educacao_fisica_licenciatura_matutino.pdf">Educacao_Fisica_Licenciatura_matutino</a><a href="https://graduacao.uel.br/educacao-fisica/wp-content/uploads/2024/06/educacao_fisica_licenciatura_matutino.pdf" class="wp-block-file__button wp-element-button" download aria-describedby="wp-block-file--media-a7e84f10-b842-4f77-93b6-0944339af6c9">Baixar</a></div>
</div>



<div class="wp-block-column is-layout-flow wp-block-column-is-layout-flow">
<h2 class="wp-block-heading has-text-align-center has-medium-font-size">MATRIZ CURRICULAR DA ETAPA ESPECÍFICA DO CURSO &#8211; HABILITAÇÃO BACHARELADO</h2>



<div data-wp-interactive="core/file" class="wp-block-file"><object data-wp-bind--hidden="!state.hasPdfPreview" hidden class="wp-block-file__embed" data="https://graduacao.uel.br/educacao-fisica/wp-content/uploads/2025/02/matriz_bacharelado.pdf" type="application/pdf" style="width:100%;height:600px" aria-label="Incorporado de Educação_Física_Bacharelado."></object><a id="wp-block-file--media-31265619-b5dc-437a-a24d-6826d8c0532c" href="https://graduacao.uel.br/educacao-fisica/wp-content/uploads/2025/02/matriz_bacharelado.pdf">Educação_Física_Bacharelado</a><a href="https://graduacao.uel.br/educacao-fisica/wp-content/uploads/2025/02/matriz_bacharelado.pdf" class="wp-block-file__button wp-element-button" download aria-describedby="wp-block-file--media-31265619-b5dc-437a-a24d-6826d8c0532c">Baixar</a></div>
</div>
</div>



<p class="has-primary-accent-color has-text-color has-link-color has-medium-font-size wp-elements-e25236bed299a5211d78b65052550bc9"></p>



<p></p>

<p>A Matriz Curricular vigente do curso de Educação Física é a mesma na etapa comum do curso, mas diferente na etapa específica, para as habiltações de Licenciatura ou Bacharelado. Para informações sobre o Projeto Pedagógico completo, acesso o link. MATRIZ CURRICULAR DA ETAPA ESPECÍFICA DO CURSO &#8211; HABILITAÇÃO LICENCIATURA MATRIZ CURRICULAR DA ETAPA ESPECÍFICA DO [&hellip;]</p>
