{"id":22,"date":"2024-03-11T16:11:08","date_gmt":"2024-03-11T19:11:08","guid":{"rendered":"https:\/\/graduacao.uel.br\/educacao-fisica\/?page_id=22"},"modified":"2025-12-16T15:36:02","modified_gmt":"2025-12-16T18:36:02","slug":"projeto-pedagogico","status":"publish","type":"page","link":"https:\/\/graduacao.uel.br\/educacao-fisica\/projeto-pedagogico\/","title":{"rendered":"Projeto Pedag\u00f3gico (PPC)"},"content":{"rendered":"\n<p><a href=\"https:\/\/sites.uel.br\/prograd\/wp-content\/uploads\/documentos\/resolucoes\/2022\/resolucao_09_22.pdf\">Resolu\u00e7\u00e3o CEPE\/CA 009\/2022<\/a> &#8211; Reformula o Projeto Pedag\u00f3gico do Curso de Educa\u00e7\u00e3o F\u00edsica, a ser implantado a partir do ano letivo de 2023. Atual Data de cria\u00e7\u00e3o &#8211; 09\/03\/2022 &#8211; implantado em Agosto de 2023 Resolu\u00e7\u00e3o CEPE\/CA &#8211; No 009\/2022<\/p>\n\n\n\n<p>Atual Data de cria\u00e7\u00e3o &#8211; 09\/03\/2022 &#8211; implantado em Agosto de 2023 Resolu\u00e7\u00e3o CEPE\/CA &#8211; No 009\/2022 Objetivo Geral Formar profissionais com habilidades, conhecimentos e atitudes necess\u00e1rias para analisar criticamente a realidade social e intervir nas manifesta\u00e7\u00f5es culturais do movimento humano, no contexto escolar e n\u00e3o escolar considerando a diversidade cultural brasileira, acessibilidade, educa\u00e7\u00e3o ambiental, direitos humanos e grupos especiais.<\/p>\n\n\n\n<p>O <strong>Projeto Pedag\u00f3gico \u00e9 o mesmo para Bacharelado e para Licenciatura <\/strong>em Educa\u00e7\u00e3o F\u00edsica.<\/p>\n\n\n\n<p>\u00c9 importante ressaltar que o Centro de Educa\u00e7\u00e3o F\u00edsica e Esporte (CEFE), por meio dos seus Departamentos, est\u00e1 propondo a reestrutura\u00e7\u00e3o do Projeto Pedag\u00f3gico Curricular para o Curso de Educa\u00e7\u00e3o F\u00edsica. <\/p>\n\n\n\n<p>Conscientes de seu papel na sociedade e buscando aprimorar seus cursos, o CEFE, por meio dos Departamentos de Ci\u00eancias do Esporte, Educa\u00e7\u00e3o F\u00edsica e Estudos do Movimento Humano, v\u00eam realizando de forma sequencial algumas a\u00e7\u00f5es de avalia\u00e7\u00e3o de seus cursos, bacharelado e licenciatura, no sentido de aprimoramento permanente. <\/p>\n\n\n\n<p>Podendo-se destacar F\u00f3runs, reuni\u00f5es, Encontros, Congressos, entre outros que sempre envolveu docentes, discentes, colegiadas, N\u00facleos Docente Estruturante (NDE) dos dois cursos e egressos. Tais oportunidades levaram \u00e0 reflex\u00e3o para o  autoconhecimento, a cria\u00e7\u00e3o de uma cultura de avalia\u00e7\u00e3o cont\u00ednua, oferecendo com isso a possibilidade de diagn\u00f3stico da realidade institucional e a defini\u00e7\u00e3o das a\u00e7\u00f5es a serem desenvolvidas em busca da qualidade e excel\u00eancia no ensino. <\/p>\n\n\n\n<p>Somente uma organiza\u00e7\u00e3o comprometida com a qualidade se disp\u00f5e a avaliar sua estrutura e expor seus resultados para uma discuss\u00e3o ampla com todos os participantes do processo. <\/p>\n\n\n\n<p>Al\u00e9m disso, o sistema de avalia\u00e7\u00e3o em sua totalidade conduz \u00e0 defini\u00e7\u00e3o do estilo de gest\u00e3o acad\u00eamica e administrativa, ao mesmo tempo em que promove a corresponsabilidade na tomada de decis\u00f5es e na utiliza\u00e7\u00e3o de recursos materiais e humanos. O sistema de avalia\u00e7\u00e3o n\u00e3o \u00e9, portanto, apenas relat\u00f3rio de avalia\u00e7\u00e3o, mas um programa que, necessariamente, envolve a comunidade escolar neste processo de reflex\u00e3o e de defini\u00e7\u00e3o das a\u00e7\u00f5es.<\/p>\n\n\n\n<p>Isto significa que, al\u00e9m da produ\u00e7\u00e3o dos dados, a avalia\u00e7\u00e3o exige a discuss\u00e3o nos diversos n\u00edveis da estrutura institucional, integrando-a e tornando-a consciente de seu papel para otimiza\u00e7\u00e3o dos resultados de toda organiza\u00e7\u00e3o. Os resultados conduzem ainda ao questionamento e melhoria dos pr\u00f3prios cursos. <\/p>\n\n\n\n<p>Neste sentido, os cursos de Educa\u00e7\u00e3o F\u00edsica bacharelado e de licenciatura, ao analisarem a estrutura curricular, o perfil desejado de ingresso e a inser\u00e7\u00e3o de seus egressos, passaram por algumas reformula\u00e7\u00f5es e adequa\u00e7\u00f5es curriculares de seus projetos pedag\u00f3gicos ao longo do seu per\u00edodo de exist\u00eancia. <\/p>\n\n\n\n<p>Tais mudan\u00e7as buscaram aparar eventuais desvios, al\u00e9m de melhorar a qualidade do ensino oferecido aos alunos, sempre atento \u00e0s inova\u00e7\u00f5es na \u00e1rea e \u00e0s exig\u00eancias do mercado de trabalho.<\/p>\n\n\n\n<div class=\"wp-block-columns is-layout-flex wp-container-core-columns-is-layout-9d6595d7 wp-block-columns-is-layout-flex\">\n<div class=\"wp-block-column is-layout-flow wp-block-column-is-layout-flow\"><\/div>\n<\/div>\n\n\n\n<div class=\"wp-block-buttons is-content-justification-center is-layout-flex wp-container-core-buttons-is-layout-16018d1d wp-block-buttons-is-layout-flex\">\n<div class=\"wp-block-button\"><a class=\"wp-block-button__link has-secondary-accent-background-color has-background wp-element-button\" href=\"https:\/\/sites.uel.br\/prograd\/graduacao\/projetos-pedagogicos\/projetos-pedagogicos-educacao-fisica-bacharelado\/\">Bacharelado &#8211; Resolu\u00e7\u00f5es e Delibera\u00e7\u00f5es<\/a><\/div>\n\n\n\n<div class=\"wp-block-button\"><a class=\"wp-block-button__link has-primary-accent-background-color has-background wp-element-button\" href=\"https:\/\/sites.uel.br\/prograd\/graduacao\/projetos-pedagogicos\/projetos-pedagogicos-educacao-fisica-licenciatura\/\">Licenciatura &#8211; Resolu\u00e7\u00f5es e Delibera\u00e7\u00f5es<\/a><\/div>\n<\/div>\n\n\n\n<div class=\"wp-block-columns is-layout-flex wp-container-core-columns-is-layout-9d6595d7 wp-block-columns-is-layout-flex\">\n<div class=\"wp-block-column is-layout-flow wp-block-column-is-layout-flow\"><\/div>\n<\/div>\n\n\n\n<div class=\"wp-block-columns is-layout-flex wp-container-core-columns-is-layout-9d6595d7 wp-block-columns-is-layout-flex\">\n<div class=\"wp-block-column is-layout-flow wp-block-column-is-layout-flow\"><\/div>\n<\/div>\n\n\n\n<div class=\"wp-block-pb-accordion-item c-accordion__item js-accordion-item no-js\" data-initially-open=\"false\" data-click-to-close=\"true\" data-auto-close=\"true\" data-scroll=\"false\" data-scroll-offset=\"0\"><h6 id=\"at-220\" class=\"c-accordion__title js-accordion-controller\" role=\"button\"><strong>DEPARTAMENTO<\/strong><\/h6><div id=\"ac-220\" class=\"c-accordion__content\">\n<p>O Departamento, subunidade dos Centros de Estudos, constitui-se na menor estrutura de organiza\u00e7\u00e3o administrativa, did\u00e1tico cient\u00edfica e de lota\u00e7\u00e3o de pessoal.<br>No Departamento s\u00e3o reunidas atividades acad\u00eamicas afins e nele est\u00e3o integrados docentes e t\u00e9cnico administrativos para objetivos comuns. (Art. 122 do Regimento Geral da UEL).<\/p>\n<\/div><\/div>\n\n\n\n<div class=\"wp-block-pb-accordion-item c-accordion__item js-accordion-item no-js\" data-initially-open=\"false\" data-click-to-close=\"true\" data-auto-close=\"true\" data-scroll=\"false\" data-scroll-offset=\"0\"><h6 id=\"at-221\" class=\"c-accordion__title js-accordion-controller\" role=\"button\"><strong>COLEGIADO<\/strong><\/h6><div id=\"ac-221\" class=\"c-accordion__content\">\n<p>Os Colegiados de cursos de gradua\u00e7\u00e3o exercem a coordena\u00e7\u00e3o pedag\u00f3gica dos cursos e ser\u00e3o constitu\u00eddos por representantes docentes da \u00e1rea principal de conhecimento e da \u00e1rea b\u00e1sica e\/ou complementar de conhecimento, estudantes e servidores, na forma prevista nos \u00a72\u00ba e \u00a73\u00ba do Art. 27 do Estatuto da Universidade. (Art. alterado atrav\u00e9s da Resolu\u00e7\u00e3o CU 168\/2007).<\/p>\n<\/div><\/div>\n\n\n\n<div class=\"wp-block-pb-accordion-item c-accordion__item js-accordion-item no-js\" data-initially-open=\"false\" data-click-to-close=\"true\" data-auto-close=\"true\" data-scroll=\"false\" data-scroll-offset=\"0\"><h6 id=\"at-222\" class=\"c-accordion__title js-accordion-controller\" role=\"button\"><strong>N\u00daCLEO DOCENTE ESTRUTURANTE (NDE)<\/strong><\/h6><div id=\"ac-222\" class=\"c-accordion__content\">\n<p>O NDE institui-se como parte da estrutura de gest\u00e3o acad\u00eamica do curso com atribui\u00e7\u00f5es consultivas, propositivas e de assessoria, acerca de mat\u00e9rias de natureza acad\u00eamica e pedag\u00f3gica, sendo correspons\u00e1vel pela elabora\u00e7\u00e3o, implementa\u00e7\u00e3o e consolida\u00e7\u00e3o do Projeto Pedag\u00f3gico do Curso (PPC), al\u00e9m de zelar pelo cumprimento das Diretrizes Curriculares Nacionais (DCNs). Tem como objetivos:<\/p>\n\n\n\n<p>1 \u2013 Levantar dificuldades na atua\u00e7\u00e3o do corpo docente do Curso;<\/p>\n\n\n\n<p>2 \u2013 Auxiliar na elabora\u00e7\u00e3o e no acompanhamento do PPC;<\/p>\n\n\n\n<p>3 \u2013 Propor programas ou outras formas de capacita\u00e7\u00e3o docente;<\/p>\n\n\n\n<p>4 \u2013 Acompanhar as avalia\u00e7\u00f5es do Curso definidas pelo Colegiado;<\/p>\n\n\n\n<p>5 \u2013 Analisar e propor modifica\u00e7\u00f5es, quando necess\u00e1rias;<\/p>\n\n\n\n<p>6 \u2013 Indicar formas de incentivo ao desenvolvimento de atividades de pesquisa;<\/p>\n\n\n\n<p>7 \u2013 Contribuir para a concretiza\u00e7\u00e3o do perfil profissional;<\/p>\n\n\n\n<p>8 \u2013 Zelar pelo cumprimento das DCNs aplic\u00e1veis ao Curso de Educa\u00e7\u00e3o F\u00edsica.<\/p>\n<\/div><\/div>\n\n\n\n<div class=\"wp-block-columns is-layout-flex wp-container-core-columns-is-layout-9d6595d7 wp-block-columns-is-layout-flex\">\n<div class=\"wp-block-column is-layout-flow wp-block-column-is-layout-flow\"><\/div>\n<\/div>\n","protected":false},"excerpt":{"rendered":"<p>Resolu\u00e7\u00e3o CEPE\/CA 009\/2022 &#8211; Reformula o Projeto Pedag\u00f3gico do Curso de Educa\u00e7\u00e3o F\u00edsica, a ser implantado a partir do ano letivo de 2023. Atual Data de cria\u00e7\u00e3o &#8211; 09\/03\/2022 &#8211; implantado em Agosto de 2023 Resolu\u00e7\u00e3o CEPE\/CA &#8211; No 009\/2022 Atual Data de cria\u00e7\u00e3o &#8211; 09\/03\/2022 &#8211; implantado em Agosto de 2023 Resolu\u00e7\u00e3o CEPE\/CA &#8211; [&hellip;]<\/p>\n","protected":false},"author":6,"featured_media":0,"parent":0,"menu_order":0,"comment_status":"closed","ping_status":"closed","template":"","meta":{"_acf_changed":false,"footnotes":""},"class_list":["post-22","page","type-page","status-publish","hentry"],"acf":[],"_links":{"self":[{"href":"https:\/\/graduacao.uel.br\/educacao-fisica\/wp-json\/wp\/v2\/pages\/22","targetHints":{"allow":["GET"]}}],"collection":[{"href":"https:\/\/graduacao.uel.br\/educacao-fisica\/wp-json\/wp\/v2\/pages"}],"about":[{"href":"https:\/\/graduacao.uel.br\/educacao-fisica\/wp-json\/wp\/v2\/types\/page"}],"author":[{"embeddable":true,"href":"https:\/\/graduacao.uel.br\/educacao-fisica\/wp-json\/wp\/v2\/users\/6"}],"replies":[{"embeddable":true,"href":"https:\/\/graduacao.uel.br\/educacao-fisica\/wp-json\/wp\/v2\/comments?post=22"}],"version-history":[{"count":17,"href":"https:\/\/graduacao.uel.br\/educacao-fisica\/wp-json\/wp\/v2\/pages\/22\/revisions"}],"predecessor-version":[{"id":553,"href":"https:\/\/graduacao.uel.br\/educacao-fisica\/wp-json\/wp\/v2\/pages\/22\/revisions\/553"}],"wp:attachment":[{"href":"https:\/\/graduacao.uel.br\/educacao-fisica\/wp-json\/wp\/v2\/media?parent=22"}],"curies":[{"name":"wp","href":"https:\/\/api.w.org\/{rel}","templated":true}]}}