{"id":26,"date":"2024-03-11T16:11:43","date_gmt":"2024-03-11T19:11:43","guid":{"rendered":"https:\/\/graduacao.uel.br\/educacao-fisica\/?page_id=26"},"modified":"2025-02-15T11:19:44","modified_gmt":"2025-02-15T14:19:44","slug":"contatos","status":"publish","type":"page","link":"https:\/\/graduacao.uel.br\/educacao-fisica\/contatos\/","title":{"rendered":"Contatos"},"content":{"rendered":"\n<p><strong>Coordenadora do Colegiado<\/strong> <strong>&#8211; Licenciatura<\/strong><br>Karina de Toledo Araujo<br>karina.araujo@uel.br<\/p>\n\n\n\n<p><strong>Vice-Coordenador do Colegiado<\/strong> <strong>&#8211; Licenciatura<\/strong><br>Fernando Pereira Candido<br>fercandidoedf@uel.br<\/p>\n\n\n\n<p><strong>Coordenadora do Colegiado<\/strong> <strong>&#8211; Bacharelado<\/strong><br>Josiane Medina Papst<br>josi_medina@uel.br<\/p>\n\n\n\n<p><strong>Vice-Coordenadora do Colegiado<\/strong> <strong>&#8211; Bacharelado<\/strong><br>Larissa Bobroff Daros<br>lbdaros@uel.br<\/p>\n\n\n\n<p><strong>Coordenadora de Est\u00e1gio<\/strong><\/p>\n\n\n\n<p>Maria F\u00e1tima Glaner<br>mfglaner@gmail.com<\/p>\n\n\n\n<p><strong>Vice-Coordenador de Est\u00e1gio<\/strong><br>Abdallah Achour J\u00fanior<br>achour@uel.br<\/p>\n\n\n\n<p><strong>Coordenador de TCC<\/strong><br>Marcos Duederlein Polito<br>marcospolito@uel.br<\/p>\n\n\n\n<p><strong>Vice-Coordenadora de TCC<\/strong><br>M\u00e1rcia Greguol<br>mgreguol@uel.br<\/p>\n\n\n\n<p><strong>Coordenadora de AEX<\/strong><br>Maria F\u00e1tima Glaner<br>mfglaner@gmail.com<\/p>\n\n\n\n<p><\/p>\n","protected":false},"excerpt":{"rendered":"<p>Coordenadora do Colegiado &#8211; LicenciaturaKarina de Toledo Araujokarina.araujo@uel.br Vice-Coordenador do Colegiado &#8211; LicenciaturaFernando Pereira Candidofercandidoedf@uel.br Coordenadora do Colegiado &#8211; BachareladoJosiane Medina Papstjosi_medina@uel.br Vice-Coordenadora do Colegiado &#8211; BachareladoLarissa Bobroff Daroslbdaros@uel.br Coordenadora de Est\u00e1gio Maria F\u00e1tima Glanermfglaner@gmail.com Vice-Coordenador de Est\u00e1gioAbdallah Achour J\u00faniorachour@uel.br Coordenador de TCCMarcos Duederlein Politomarcospolito@uel.br Vice-Coordenadora de TCCM\u00e1rcia Greguolmgreguol@uel.br Coordenadora de AEXMaria F\u00e1tima Glanermfglaner@gmail.com<\/p>\n","protected":false},"author":6,"featured_media":0,"parent":0,"menu_order":0,"comment_status":"closed","ping_status":"closed","template":"","meta":{"_acf_changed":false,"footnotes":""},"class_list":["post-26","page","type-page","status-publish","hentry"],"acf":[],"_links":{"self":[{"href":"https:\/\/graduacao.uel.br\/educacao-fisica\/wp-json\/wp\/v2\/pages\/26","targetHints":{"allow":["GET"]}}],"collection":[{"href":"https:\/\/graduacao.uel.br\/educacao-fisica\/wp-json\/wp\/v2\/pages"}],"about":[{"href":"https:\/\/graduacao.uel.br\/educacao-fisica\/wp-json\/wp\/v2\/types\/page"}],"author":[{"embeddable":true,"href":"https:\/\/graduacao.uel.br\/educacao-fisica\/wp-json\/wp\/v2\/users\/6"}],"replies":[{"embeddable":true,"href":"https:\/\/graduacao.uel.br\/educacao-fisica\/wp-json\/wp\/v2\/comments?post=26"}],"version-history":[{"count":13,"href":"https:\/\/graduacao.uel.br\/educacao-fisica\/wp-json\/wp\/v2\/pages\/26\/revisions"}],"predecessor-version":[{"id":532,"href":"https:\/\/graduacao.uel.br\/educacao-fisica\/wp-json\/wp\/v2\/pages\/26\/revisions\/532"}],"wp:attachment":[{"href":"https:\/\/graduacao.uel.br\/educacao-fisica\/wp-json\/wp\/v2\/media?parent=26"}],"curies":[{"name":"wp","href":"https:\/\/api.w.org\/{rel}","templated":true}]}}

<p><strong>Coordenadora do Colegiado</strong> <strong>&#8211; Licenciatura</strong><br>Karina de Toledo Araujo<br>karina.araujo@uel.br</p>



<p><strong>Vice-Coordenador do Colegiado</strong> <strong>&#8211; Licenciatura</strong><br>Fernando Pereira Candido<br>fercandidoedf@uel.br</p>



<p><strong>Coordenadora do Colegiado</strong> <strong>&#8211; Bacharelado</strong><br>Josiane Medina Papst<br>josi_medina@uel.br</p>



<p><strong>Vice-Coordenadora do Colegiado</strong> <strong>&#8211; Bacharelado</strong><br>Larissa Bobroff Daros<br>lbdaros@uel.br</p>



<p><strong>Coordenadora de Estágio</strong></p>



<p>Maria Fátima Glaner<br>mfglaner@gmail.com</p>



<p><strong>Vice-Coordenador de Estágio</strong><br>Abdallah Achour Júnior<br>achour@uel.br</p>



<p><strong>Coordenador de TCC</strong><br>Marcos Duederlein Polito<br>marcospolito@uel.br</p>



<p><strong>Vice-Coordenadora de TCC</strong><br>Márcia Greguol<br>mgreguol@uel.br</p>



<p><strong>Coordenadora de AEX</strong><br>Maria Fátima Glaner<br>mfglaner@gmail.com</p>



<p></p>

<p>Coordenadora do Colegiado &#8211; LicenciaturaKarina de Toledo Araujokarina.araujo@uel.br Vice-Coordenador do Colegiado &#8211; LicenciaturaFernando Pereira Candidofercandidoedf@uel.br Coordenadora do Colegiado &#8211; BachareladoJosiane Medina Papstjosi_medina@uel.br Vice-Coordenadora do Colegiado &#8211; BachareladoLarissa Bobroff Daroslbdaros@uel.br Coordenadora de Estágio Maria Fátima Glanermfglaner@gmail.com Vice-Coordenador de EstágioAbdallah Achour Júniorachour@uel.br Coordenador de TCCMarcos Duederlein Politomarcospolito@uel.br Vice-Coordenadora de TCCMárcia Greguolmgreguol@uel.br Coordenadora de AEXMaria Fátima Glanermfglaner@gmail.com</p>
