{"id":37,"date":"2024-03-11T16:17:18","date_gmt":"2024-03-11T19:17:18","guid":{"rendered":"https:\/\/graduacao.uel.br\/educacao-fisica\/?page_id=37"},"modified":"2025-02-13T10:12:39","modified_gmt":"2025-02-13T13:12:39","slug":"infraestrutura","status":"publish","type":"page","link":"https:\/\/graduacao.uel.br\/educacao-fisica\/infraestrutura\/","title":{"rendered":"Infraestrutura"},"content":{"rendered":"\n<p>O curso de <strong>Educa\u00e7\u00e3o F\u00edsica<\/strong> da UEL faz parte da estrutura administrativa e f\u00edsica do Centro de Educa\u00e7\u00e3o F\u00edsica e Esporte (CEFE). Al\u00e9m de salas de aulas, o curso se utiliza de estruturas de quadras, piscina coberta, campo de futebol, pista de atletismo e bibliotecas para as atividades acad\u00eamicas.<\/p>\n\n\n\n\n","protected":false},"excerpt":{"rendered":"<p>O curso de Educa\u00e7\u00e3o F\u00edsica da UEL faz parte da estrutura administrativa e f\u00edsica do Centro de Educa\u00e7\u00e3o F\u00edsica e Esporte (CEFE). Al\u00e9m de salas de aulas, o curso se utiliza de estruturas de quadras, piscina coberta, campo de futebol, pista de atletismo e bibliotecas para as atividades acad\u00eamicas.<\/p>\n","protected":false},"author":6,"featured_media":0,"parent":0,"menu_order":0,"comment_status":"closed","ping_status":"closed","template":"","meta":{"_acf_changed":false,"footnotes":""},"class_list":["post-37","page","type-page","status-publish","hentry"],"acf":[],"_links":{"self":[{"href":"https:\/\/graduacao.uel.br\/educacao-fisica\/wp-json\/wp\/v2\/pages\/37","targetHints":{"allow":["GET"]}}],"collection":[{"href":"https:\/\/graduacao.uel.br\/educacao-fisica\/wp-json\/wp\/v2\/pages"}],"about":[{"href":"https:\/\/graduacao.uel.br\/educacao-fisica\/wp-json\/wp\/v2\/types\/page"}],"author":[{"embeddable":true,"href":"https:\/\/graduacao.uel.br\/educacao-fisica\/wp-json\/wp\/v2\/users\/6"}],"replies":[{"embeddable":true,"href":"https:\/\/graduacao.uel.br\/educacao-fisica\/wp-json\/wp\/v2\/comments?post=37"}],"version-history":[{"count":8,"href":"https:\/\/graduacao.uel.br\/educacao-fisica\/wp-json\/wp\/v2\/pages\/37\/revisions"}],"predecessor-version":[{"id":519,"href":"https:\/\/graduacao.uel.br\/educacao-fisica\/wp-json\/wp\/v2\/pages\/37\/revisions\/519"}],"wp:attachment":[{"href":"https:\/\/graduacao.uel.br\/educacao-fisica\/wp-json\/wp\/v2\/media?parent=37"}],"curies":[{"name":"wp","href":"https:\/\/api.w.org\/{rel}","templated":true}]}}

<p>O curso de <strong>Educação Física</strong> da UEL faz parte da estrutura administrativa e física do Centro de Educação Física e Esporte (CEFE). Além de salas de aulas, o curso se utiliza de estruturas de quadras, piscina coberta, campo de futebol, pista de atletismo e bibliotecas para as atividades acadêmicas.</p>

<p>O curso de Educação Física da UEL faz parte da estrutura administrativa e física do Centro de Educação Física e Esporte (CEFE). Além de salas de aulas, o curso se utiliza de estruturas de quadras, piscina coberta, campo de futebol, pista de atletismo e bibliotecas para as atividades acadêmicas.</p>
