{"id":117,"date":"2023-10-23T14:56:19","date_gmt":"2023-10-23T17:56:19","guid":{"rendered":"https:\/\/graduacao.uel.br\/enfermagem\/?page_id=117"},"modified":"2023-12-01T16:38:51","modified_gmt":"2023-12-01T19:38:51","slug":"estrutura-de-apoio","status":"publish","type":"page","link":"https:\/\/graduacao.uel.br\/enfermagem\/estrutura-de-apoio\/","title":{"rendered":"Portal do Estudante"},"content":{"rendered":"\n<p>A Universidade Estadual de Londrina oferece uma estrutura de servi\u00e7os de apoio que garantem tranquilidade, conforto e seguran\u00e7a no dia a dia do estudante. Diversos <strong><a href=\"https:\/\/sistemas.uel.br\/portaldoestudante\/index\">servi\u00e7os<\/a><\/strong> est\u00e3o ao acesso do estudante no Portal do Estudante. <\/p>\n\n\n\n<p>Para acessar tutoriais de como obter estes servi\u00e7os clique <strong><a href=\"https:\/\/sites.uel.br\/prograd\/tutoriais-portal-do-estudante-de-graduacao\/\">aqui<\/a><\/strong>.<\/p>\n","protected":false},"excerpt":{"rendered":"<p>A Universidade Estadual de Londrina oferece uma estrutura de servi\u00e7os de apoio que garantem tranquilidade, conforto e seguran\u00e7a no dia a dia do estudante. Diversos servi\u00e7os est\u00e3o ao acesso do estudante no Portal do Estudante. Para acessar tutoriais de como obter estes servi\u00e7os clique aqui.<\/p>\n","protected":false},"author":7,"featured_media":0,"parent":0,"menu_order":0,"comment_status":"closed","ping_status":"closed","template":"","meta":{"_acf_changed":false,"footnotes":""},"class_list":["post-117","page","type-page","status-publish","hentry"],"acf":[],"_links":{"self":[{"href":"https:\/\/graduacao.uel.br\/enfermagem\/wp-json\/wp\/v2\/pages\/117","targetHints":{"allow":["GET"]}}],"collection":[{"href":"https:\/\/graduacao.uel.br\/enfermagem\/wp-json\/wp\/v2\/pages"}],"about":[{"href":"https:\/\/graduacao.uel.br\/enfermagem\/wp-json\/wp\/v2\/types\/page"}],"author":[{"embeddable":true,"href":"https:\/\/graduacao.uel.br\/enfermagem\/wp-json\/wp\/v2\/users\/7"}],"replies":[{"embeddable":true,"href":"https:\/\/graduacao.uel.br\/enfermagem\/wp-json\/wp\/v2\/comments?post=117"}],"version-history":[{"count":24,"href":"https:\/\/graduacao.uel.br\/enfermagem\/wp-json\/wp\/v2\/pages\/117\/revisions"}],"predecessor-version":[{"id":649,"href":"https:\/\/graduacao.uel.br\/enfermagem\/wp-json\/wp\/v2\/pages\/117\/revisions\/649"}],"wp:attachment":[{"href":"https:\/\/graduacao.uel.br\/enfermagem\/wp-json\/wp\/v2\/media?parent=117"}],"curies":[{"name":"wp","href":"https:\/\/api.w.org\/{rel}","templated":true}]}}