{"id":17,"date":"2023-10-19T14:39:06","date_gmt":"2023-10-19T17:39:06","guid":{"rendered":"https:\/\/graduacao.uel.br\/enfermagem\/?page_id=17"},"modified":"2024-07-12T21:57:14","modified_gmt":"2024-07-13T00:57:14","slug":"apresentacao","status":"publish","type":"page","link":"https:\/\/graduacao.uel.br\/enfermagem\/apresentacao\/","title":{"rendered":"O Curso"},"content":{"rendered":"\n<p>O curso de <strong>Enfermagem da Universidade Estadual de Londrina (UEL)<\/strong> foi criado em 26 de outubro de 1971 pela Resolu\u00e7\u00e3o n\u00ba 53 e foi implantado em 18 de fevereiro de 1972. O Curso \u00e9 reconhecido pelo Decreto Federal n.\u00ba 78.520, de 30\/09\/76. <\/p>\n\n\n\n<p>Tem como objetivo formar enfermeiro(a) generalista, humanista, cr\u00edtico e reflexivo, com responsabilidade social, tendo como princ\u00edpio norteador a defesa da vida, sa\u00fade como direito e o al\u00edvio do sofrimento na terminalidade.<\/p>\n\n\n\n<p>O curso \u00e9 composto por 26 m\u00f3dulos, distribu\u00eddos ao longo de cinco anos (dez semestres), \u00e9 oferecido em per\u00edodo integral (nos per\u00edodos matutino e vespertino) de 2\u00aa a 6\u00aa feira e s\u00e3o selecionados 60 estudantes anualmente e a partir do ano letivo de 2023, para avalia\u00e7\u00e3o dos estudantes, foi implantado o Sistema Tradicional com avalia\u00e7\u00e3o formativa e somativa com notas de zero (0,0) a dez (10,0).<\/p>\n\n\n\n<p>\u00c9 formado por docentes do&nbsp;<a href=\"https:\/\/departamentos.uel.br\/enfermagem\/\" target=\"_blank\" rel=\"noreferrer noopener\"><strong>Departamento de Enfermagem<\/strong><\/a>, Departamento de Sa\u00fade Coletiva, ambos do Centro de Ci\u00eancias da Sa\u00fade. Al\u00e9m dos Departamentos dos Centros de Ci\u00eancias Humanas, Biol\u00f3gicas e Exatas que constituem o ciclo b\u00e1sico, localizados no Campus Universit\u00e1rio.<\/p>\n\n\n\n<p>O Colegiado de Enfermagem \u00e9 respons\u00e1vel pelo gerenciamento acad\u00eamico administrativo do Curso. Tem a composi\u00e7\u00e3o dos seus membros descrita na Delibera\u00e7\u00e3o da C\u00e2mara de Gradua\u00e7\u00e3o n\u00ba 003\/2022, de 19 de abril de 2022, na qual est\u00e3o listados as \u00e1reas, departamentos e representa\u00e7\u00f5es docentes e discentes. &nbsp;<\/p>\n\n\n\n<h2 class=\"wp-block-heading\" style=\"font-size:22px\"><strong>Perfil do concluinte do curso de Enfermagem<\/strong><\/h2>\n\n\n\n<p>O curso de Enfermagem possibilita que o egresso desenvolva racioc\u00ednio cr\u00edtico e reflexivo sobre o processo sa\u00fade-doen\u00e7a, e tamb\u00e9m a forma\u00e7\u00e3o para desenvolver o racioc\u00ednio cl\u00ednico, epidemiol\u00f3gico e investigativo, para atuar nas \u00e1reas de assist\u00eancia, ger\u00eancia, educa\u00e7\u00e3o e pesquisa, contribuindo efetivamente para a transforma\u00e7\u00e3o da realidade.<\/p>\n\n\n\n<p><\/p>\n","protected":false},"excerpt":{"rendered":"<p>O curso de Enfermagem da Universidade Estadual de Londrina (UEL) foi criado em 26 de outubro de 1971 pela Resolu\u00e7\u00e3o n\u00ba 53 e foi implantado em 18 de fevereiro de 1972. O Curso \u00e9 reconhecido pelo Decreto Federal n.\u00ba 78.520, de 30\/09\/76. Tem como objetivo formar enfermeiro(a) generalista, humanista, cr\u00edtico e reflexivo, com responsabilidade social, [&hellip;]<\/p>\n","protected":false},"author":7,"featured_media":0,"parent":0,"menu_order":0,"comment_status":"closed","ping_status":"closed","template":"","meta":{"_acf_changed":false,"footnotes":""},"class_list":["post-17","page","type-page","status-publish","hentry"],"acf":[],"_links":{"self":[{"href":"https:\/\/graduacao.uel.br\/enfermagem\/wp-json\/wp\/v2\/pages\/17","targetHints":{"allow":["GET"]}}],"collection":[{"href":"https:\/\/graduacao.uel.br\/enfermagem\/wp-json\/wp\/v2\/pages"}],"about":[{"href":"https:\/\/graduacao.uel.br\/enfermagem\/wp-json\/wp\/v2\/types\/page"}],"author":[{"embeddable":true,"href":"https:\/\/graduacao.uel.br\/enfermagem\/wp-json\/wp\/v2\/users\/7"}],"replies":[{"embeddable":true,"href":"https:\/\/graduacao.uel.br\/enfermagem\/wp-json\/wp\/v2\/comments?post=17"}],"version-history":[{"count":19,"href":"https:\/\/graduacao.uel.br\/enfermagem\/wp-json\/wp\/v2\/pages\/17\/revisions"}],"predecessor-version":[{"id":1005,"href":"https:\/\/graduacao.uel.br\/enfermagem\/wp-json\/wp\/v2\/pages\/17\/revisions\/1005"}],"wp:attachment":[{"href":"https:\/\/graduacao.uel.br\/enfermagem\/wp-json\/wp\/v2\/media?parent=17"}],"curies":[{"name":"wp","href":"https:\/\/api.w.org\/{rel}","templated":true}]}}