{"id":40,"date":"2023-10-20T10:15:53","date_gmt":"2023-10-20T13:15:53","guid":{"rendered":"https:\/\/graduacao.uel.br\/enfermagem\/?page_id=40"},"modified":"2024-05-17T14:53:55","modified_gmt":"2024-05-17T17:53:55","slug":"matriz-curricular","status":"publish","type":"page","link":"https:\/\/graduacao.uel.br\/enfermagem\/matriz-curricular\/","title":{"rendered":"Matriz Curricular"},"content":{"rendered":"\n<p>Para os estudantes que <strong>ingressaram antes de 2023<\/strong>, a Matriz Curricular vigente \u00e9 a seguinte: <strong><a href=\"https:\/\/sites.uel.br\/prograd\/wp-content\/uploads\/catalogo_cursos\/2022\/organizacao_curricular\/enfermagem.pdf\">Matriz Curricular<\/a><\/strong><\/p>\n\n\n\n<p><strong>A partir de 2023<\/strong>, ap\u00f3s reformula\u00e7\u00e3o curricular do Projeto Pedag\u00f3gico do Curso de Enfermagem, pela <a href=\"https:\/\/www.uel.br\/arquivo-prograd\/documentos\/resolucoes\/2022\/resolucao_19_22.pdf\" target=\"_blank\" rel=\"noreferrer noopener\">Resolu\u00e7\u00e3o CEPE\/CA 019\/2022<\/a>,<\/p>\n\n\n\n<p>a Matriz Curricular vigente passou a ser a seguinte: <strong><a href=\"https:\/\/sites.uel.br\/prograd\/wp-content\/uploads\/catalogo_cursos\/2023\/organizacao_curricular\/enfermagem.pdf\">Matriz Curricular Nova<\/a><\/strong>.<\/p>\n\n\n\n<p><\/p>\n","protected":false},"excerpt":{"rendered":"<p>Para os estudantes que ingressaram antes de 2023, a Matriz Curricular vigente \u00e9 a seguinte: Matriz Curricular A partir de 2023, ap\u00f3s reformula\u00e7\u00e3o curricular do Projeto Pedag\u00f3gico do Curso de Enfermagem, pela Resolu\u00e7\u00e3o CEPE\/CA 019\/2022, a Matriz Curricular vigente passou a ser a seguinte: Matriz Curricular Nova.<\/p>\n","protected":false},"author":7,"featured_media":0,"parent":0,"menu_order":0,"comment_status":"closed","ping_status":"closed","template":"","meta":{"_acf_changed":false,"footnotes":""},"class_list":["post-40","page","type-page","status-publish","hentry"],"acf":[],"_links":{"self":[{"href":"https:\/\/graduacao.uel.br\/enfermagem\/wp-json\/wp\/v2\/pages\/40","targetHints":{"allow":["GET"]}}],"collection":[{"href":"https:\/\/graduacao.uel.br\/enfermagem\/wp-json\/wp\/v2\/pages"}],"about":[{"href":"https:\/\/graduacao.uel.br\/enfermagem\/wp-json\/wp\/v2\/types\/page"}],"author":[{"embeddable":true,"href":"https:\/\/graduacao.uel.br\/enfermagem\/wp-json\/wp\/v2\/users\/7"}],"replies":[{"embeddable":true,"href":"https:\/\/graduacao.uel.br\/enfermagem\/wp-json\/wp\/v2\/comments?post=40"}],"version-history":[{"count":20,"href":"https:\/\/graduacao.uel.br\/enfermagem\/wp-json\/wp\/v2\/pages\/40\/revisions"}],"predecessor-version":[{"id":978,"href":"https:\/\/graduacao.uel.br\/enfermagem\/wp-json\/wp\/v2\/pages\/40\/revisions\/978"}],"wp:attachment":[{"href":"https:\/\/graduacao.uel.br\/enfermagem\/wp-json\/wp\/v2\/media?parent=40"}],"curies":[{"name":"wp","href":"https:\/\/api.w.org\/{rel}","templated":true}]}}

<p>Para os estudantes que <strong>ingressaram antes de 2023</strong>, a Matriz Curricular vigente é a seguinte: <strong><a href="https://sites.uel.br/prograd/wp-content/uploads/catalogo_cursos/2022/organizacao_curricular/enfermagem.pdf">Matriz Curricular</a></strong></p>



<p><strong>A partir de 2023</strong>, após reformulação curricular do Projeto Pedagógico do Curso de Enfermagem, pela <a href="https://www.uel.br/arquivo-prograd/documentos/resolucoes/2022/resolucao_19_22.pdf" target="_blank" rel="noreferrer noopener">Resolução CEPE/CA 019/2022</a>,</p>



<p>a Matriz Curricular vigente passou a ser a seguinte: <strong><a href="https://sites.uel.br/prograd/wp-content/uploads/catalogo_cursos/2023/organizacao_curricular/enfermagem.pdf">Matriz Curricular Nova</a></strong>.</p>



<p></p>

<p>Para os estudantes que ingressaram antes de 2023, a Matriz Curricular vigente é a seguinte: Matriz Curricular A partir de 2023, após reformulação curricular do Projeto Pedagógico do Curso de Enfermagem, pela Resolução CEPE/CA 019/2022, a Matriz Curricular vigente passou a ser a seguinte: Matriz Curricular Nova.</p>
