{"id":53,"date":"2023-10-20T10:38:56","date_gmt":"2023-10-20T13:38:56","guid":{"rendered":"https:\/\/graduacao.uel.br\/enfermagem\/?page_id=53"},"modified":"2023-12-21T14:49:51","modified_gmt":"2023-12-21T17:49:51","slug":"internato","status":"publish","type":"page","link":"https:\/\/graduacao.uel.br\/enfermagem\/internato\/","title":{"rendered":"Internato"},"content":{"rendered":"\n<p>O Est\u00e1gio Curricular Obrigat\u00f3rio, tamb\u00e9m chamado de Internato, foi implantado em 1996, atende as&nbsp;Diretrizes Curriculares Nacionais estabelecidas pelo Conselho Nacional de Educa\u00e7\u00e3o e o Projeto Pedag\u00f3gico Curricular estabelecido para o Curso de Enfermagem da Universidade Estadual de Londrina (UEL).<\/p>\n\n\n\n<p>O Est\u00e1gio Curricular Obrigat\u00f3rio\/Internato do Curso de Enfermagem \u00e9 caracterizado como um conjunto de experi\u00eancias de aprendizagem em situa\u00e7\u00f5es reais da vida profissional, realizado na \u00faltima s\u00e9rie do curso, em hospitais secund\u00e1rios e terci\u00e1rios e nas unidades b\u00e1sicas de sa\u00fade. Compreende 20% (vinte por cento) da carga hor\u00e1ria total do Curso e dever\u00e1 ser desenvolvido parcialmente no turno do curso. <\/p>\n\n\n\n<p>\u00c9 considerada uma experi\u00eancia pr\u00e9-profissional indispens\u00e1vel no Curso de Enfermagem da UEL, permitindo ao estudante vivenciar a realidade dos servi\u00e7os de sa\u00fade, uma vez que participa dos processos de trabalho na \u00e1rea Hospitalar e de Sa\u00fade Coletiva al\u00e9m de tornarem-se conhecidos pelas institui\u00e7\u00f5es empregadoras, futuro mercado de trabalho para os enfermeiros.\u00a0\u00a0<\/p>\n","protected":false},"excerpt":{"rendered":"<p>O Est\u00e1gio Curricular Obrigat\u00f3rio, tamb\u00e9m chamado de Internato, foi implantado em 1996, atende as&nbsp;Diretrizes Curriculares Nacionais estabelecidas pelo Conselho Nacional de Educa\u00e7\u00e3o e o Projeto Pedag\u00f3gico Curricular estabelecido para o Curso de Enfermagem da Universidade Estadual de Londrina (UEL). O Est\u00e1gio Curricular Obrigat\u00f3rio\/Internato do Curso de Enfermagem \u00e9 caracterizado como um conjunto de experi\u00eancias de [&hellip;]<\/p>\n","protected":false},"author":7,"featured_media":0,"parent":0,"menu_order":0,"comment_status":"closed","ping_status":"closed","template":"","meta":{"_acf_changed":false,"footnotes":""},"class_list":["post-53","page","type-page","status-publish","hentry"],"acf":[],"_links":{"self":[{"href":"https:\/\/graduacao.uel.br\/enfermagem\/wp-json\/wp\/v2\/pages\/53","targetHints":{"allow":["GET"]}}],"collection":[{"href":"https:\/\/graduacao.uel.br\/enfermagem\/wp-json\/wp\/v2\/pages"}],"about":[{"href":"https:\/\/graduacao.uel.br\/enfermagem\/wp-json\/wp\/v2\/types\/page"}],"author":[{"embeddable":true,"href":"https:\/\/graduacao.uel.br\/enfermagem\/wp-json\/wp\/v2\/users\/7"}],"replies":[{"embeddable":true,"href":"https:\/\/graduacao.uel.br\/enfermagem\/wp-json\/wp\/v2\/comments?post=53"}],"version-history":[{"count":5,"href":"https:\/\/graduacao.uel.br\/enfermagem\/wp-json\/wp\/v2\/pages\/53\/revisions"}],"predecessor-version":[{"id":834,"href":"https:\/\/graduacao.uel.br\/enfermagem\/wp-json\/wp\/v2\/pages\/53\/revisions\/834"}],"wp:attachment":[{"href":"https:\/\/graduacao.uel.br\/enfermagem\/wp-json\/wp\/v2\/media?parent=53"}],"curies":[{"name":"wp","href":"https:\/\/api.w.org\/{rel}","templated":true}]}}

<p>O Estágio Curricular Obrigatório, também chamado de Internato, foi implantado em 1996, atende as&nbsp;Diretrizes Curriculares Nacionais estabelecidas pelo Conselho Nacional de Educação e o Projeto Pedagógico Curricular estabelecido para o Curso de Enfermagem da Universidade Estadual de Londrina (UEL).</p>



<p>O Estágio Curricular Obrigatório/Internato do Curso de Enfermagem é caracterizado como um conjunto de experiências de aprendizagem em situações reais da vida profissional, realizado na última série do curso, em hospitais secundários e terciários e nas unidades básicas de saúde. Compreende 20% (vinte por cento) da carga horária total do Curso e deverá ser desenvolvido parcialmente no turno do curso. </p>



<p>É considerada uma experiência pré-profissional indispensável no Curso de Enfermagem da UEL, permitindo ao estudante vivenciar a realidade dos serviços de saúde, uma vez que participa dos processos de trabalho na área Hospitalar e de Saúde Coletiva além de tornarem-se conhecidos pelas instituições empregadoras, futuro mercado de trabalho para os enfermeiros.  </p>

<p>O Estágio Curricular Obrigatório, também chamado de Internato, foi implantado em 1996, atende as&nbsp;Diretrizes Curriculares Nacionais estabelecidas pelo Conselho Nacional de Educação e o Projeto Pedagógico Curricular estabelecido para o Curso de Enfermagem da Universidade Estadual de Londrina (UEL). O Estágio Curricular Obrigatório/Internato do Curso de Enfermagem é caracterizado como um conjunto de experiências de [&hellip;]</p>
