{"id":675,"date":"2023-12-07T15:15:03","date_gmt":"2023-12-07T18:15:03","guid":{"rendered":"https:\/\/graduacao.uel.br\/enfermagem\/?page_id=675"},"modified":"2024-12-05T14:27:00","modified_gmt":"2024-12-05T17:27:00","slug":"coordenacoes","status":"publish","type":"page","link":"https:\/\/graduacao.uel.br\/enfermagem\/coordenacoes\/","title":{"rendered":"Contatos"},"content":{"rendered":"\n<p><b>Coordena\u00e7\u00e3o do <\/b><strong style=\"font-weight: bold;\">Colegiado de Enfermagem<\/strong><strong><br><\/strong>Andr\u00e9ia Bendine Gastaldi<br>gastaldi@uel.br<\/p>\n\n\n\n<p><strong>Vice-coordena\u00e7\u00e3o<\/strong> <b>do <\/b><strong style=\"font-weight: bold;\">Colegiado<\/strong><br>Catia Campaner Ferrari Bernardy<br>ccfbernardy@uel.br<br><br><strong>Coordena\u00e7\u00e3o de Est\u00e1gio<\/strong><br>Mara Cristina Nishikawa Yagi<br>marayagi@uel.br<br><br><strong>Coordena\u00e7\u00e3o de TCC<br><\/strong>Prof.\u00aa Dr.\u00aa Regina C\u00e9lia Bueno Rezende Machado<br>reginammachado123@uel.br<br><br><strong>Coordena\u00e7\u00e3o da Extens\u00e3o<br><\/strong>Prof.\u00aa Dr.\u00aa Keli Regiane Tomeleri da Fonseca Pinto<br>keli.tomeleri@uel.br<br><\/p>\n","protected":false},"excerpt":{"rendered":"<p>Coordena\u00e7\u00e3o do Colegiado de EnfermagemAndr\u00e9ia Bendine Gastaldigastaldi@uel.br Vice-coordena\u00e7\u00e3o do ColegiadoCatia Campaner Ferrari Bernardyccfbernardy@uel.br Coordena\u00e7\u00e3o de Est\u00e1gioMara Cristina Nishikawa Yagimarayagi@uel.br Coordena\u00e7\u00e3o de TCCProf.\u00aa Dr.\u00aa Regina C\u00e9lia Bueno Rezende Machadoreginammachado123@uel.br Coordena\u00e7\u00e3o da Extens\u00e3oProf.\u00aa Dr.\u00aa Keli Regiane Tomeleri da Fonseca Pintokeli.tomeleri@uel.br<\/p>\n","protected":false},"author":7,"featured_media":0,"parent":0,"menu_order":0,"comment_status":"closed","ping_status":"closed","template":"","meta":{"_acf_changed":false,"footnotes":""},"class_list":["post-675","page","type-page","status-publish","hentry"],"acf":[],"_links":{"self":[{"href":"https:\/\/graduacao.uel.br\/enfermagem\/wp-json\/wp\/v2\/pages\/675","targetHints":{"allow":["GET"]}}],"collection":[{"href":"https:\/\/graduacao.uel.br\/enfermagem\/wp-json\/wp\/v2\/pages"}],"about":[{"href":"https:\/\/graduacao.uel.br\/enfermagem\/wp-json\/wp\/v2\/types\/page"}],"author":[{"embeddable":true,"href":"https:\/\/graduacao.uel.br\/enfermagem\/wp-json\/wp\/v2\/users\/7"}],"replies":[{"embeddable":true,"href":"https:\/\/graduacao.uel.br\/enfermagem\/wp-json\/wp\/v2\/comments?post=675"}],"version-history":[{"count":8,"href":"https:\/\/graduacao.uel.br\/enfermagem\/wp-json\/wp\/v2\/pages\/675\/revisions"}],"predecessor-version":[{"id":1026,"href":"https:\/\/graduacao.uel.br\/enfermagem\/wp-json\/wp\/v2\/pages\/675\/revisions\/1026"}],"wp:attachment":[{"href":"https:\/\/graduacao.uel.br\/enfermagem\/wp-json\/wp\/v2\/media?parent=675"}],"curies":[{"name":"wp","href":"https:\/\/api.w.org\/{rel}","templated":true}]}}