{"id":698,"date":"2023-12-08T17:08:59","date_gmt":"2023-12-08T20:08:59","guid":{"rendered":"https:\/\/graduacao.uel.br\/enfermagem\/?page_id=698"},"modified":"2024-04-11T15:38:03","modified_gmt":"2024-04-11T18:38:03","slug":"estagios","status":"publish","type":"page","link":"https:\/\/graduacao.uel.br\/enfermagem\/estagios\/","title":{"rendered":"Est\u00e1gios"},"content":{"rendered":"\n<p>No Curso de Enfermagem, do 1\u00ba ao 4\u00ba ano, os estudantes realizam atividades acad\u00eamicas pr\u00e1ticas em laborat\u00f3rios e em servi\u00e7os de sa\u00fade e comunidade (PSSC), com supervis\u00e3o direta de um docente. No 5\u00ba ano, o estudante dever\u00e1 cumprir o <strong>Est\u00e1gio Curricular Obrigat\u00f3rio (ECO)<\/strong> \u2013 Internato, com supervis\u00e3o indireta do docente.<\/p>\n\n\n\n<p>PS.: o est\u00e1gio curricular obrigat\u00f3rio, \u00e9 uma atividade curricular e o estudante n\u00e3o recebe bolsa.<\/p>\n\n\n\n<p>Para mais informa\u00e7\u00f5es acesse <strong><a href=\"https:\/\/sites.uel.br\/prograd\/estudante\/estagios-e-intercambios\/estagios-e-intercambios-curricular-obrigatorio-uel\/\">aqui<\/a><\/strong>.<\/p>\n\n\n\n<p>Os <strong>Est\u00e1gios Curricular n\u00e3o Obrigat\u00f3rio,<\/strong> constitui-se no aprimoramento de atividades compat\u00edveis com o Curso de Gradua\u00e7\u00e3o em Enfermagem da UEL, realizado voluntariamente pelo estudante, como busca de complementa\u00e7\u00e3o acad\u00eamica, desvinculado de projeto acad\u00eamico institucionalizado e <strong>n\u00e3o<\/strong> substitui o Est\u00e1gio Curricular Obrigat\u00f3rio.<\/p>\n\n\n\n<p>Para mais informa\u00e7\u00f5es acesse <strong><a href=\"https:\/\/sites.uel.br\/prograd\/estudante\/estagios-e-intercambios\/estagios-e-intercambios-curricular-nao-obrigatorio-uel\/\">aqui<\/a><\/strong>.<\/p>\n\n\n\n<div class=\"wp-block-buttons is-content-justification-center is-layout-flex wp-container-core-buttons-is-layout-16018d1d wp-block-buttons-is-layout-flex\">\n<div class=\"wp-block-button is-style-fill\"><a class=\"wp-block-button__link has-primary-accent-background-color has-background wp-element-button\" href=\"https:\/\/sites.uel.br\/prograd\/regulamentos-estagio\/\">Regulamento Est\u00e1gio<\/a><\/div>\n<\/div>\n","protected":false},"excerpt":{"rendered":"<p>No Curso de Enfermagem, do 1\u00ba ao 4\u00ba ano, os estudantes realizam atividades acad\u00eamicas pr\u00e1ticas em laborat\u00f3rios e em servi\u00e7os de sa\u00fade e comunidade (PSSC), com supervis\u00e3o direta de um docente. No 5\u00ba ano, o estudante dever\u00e1 cumprir o Est\u00e1gio Curricular Obrigat\u00f3rio (ECO) \u2013 Internato, com supervis\u00e3o indireta do docente. PS.: o est\u00e1gio curricular obrigat\u00f3rio, [&hellip;]<\/p>\n","protected":false},"author":7,"featured_media":0,"parent":0,"menu_order":0,"comment_status":"closed","ping_status":"closed","template":"","meta":{"_acf_changed":false,"footnotes":""},"class_list":["post-698","page","type-page","status-publish","hentry"],"acf":[],"_links":{"self":[{"href":"https:\/\/graduacao.uel.br\/enfermagem\/wp-json\/wp\/v2\/pages\/698","targetHints":{"allow":["GET"]}}],"collection":[{"href":"https:\/\/graduacao.uel.br\/enfermagem\/wp-json\/wp\/v2\/pages"}],"about":[{"href":"https:\/\/graduacao.uel.br\/enfermagem\/wp-json\/wp\/v2\/types\/page"}],"author":[{"embeddable":true,"href":"https:\/\/graduacao.uel.br\/enfermagem\/wp-json\/wp\/v2\/users\/7"}],"replies":[{"embeddable":true,"href":"https:\/\/graduacao.uel.br\/enfermagem\/wp-json\/wp\/v2\/comments?post=698"}],"version-history":[{"count":8,"href":"https:\/\/graduacao.uel.br\/enfermagem\/wp-json\/wp\/v2\/pages\/698\/revisions"}],"predecessor-version":[{"id":890,"href":"https:\/\/graduacao.uel.br\/enfermagem\/wp-json\/wp\/v2\/pages\/698\/revisions\/890"}],"wp:attachment":[{"href":"https:\/\/graduacao.uel.br\/enfermagem\/wp-json\/wp\/v2\/media?parent=698"}],"curies":[{"name":"wp","href":"https:\/\/api.w.org\/{rel}","templated":true}]}}