{"id":101,"date":"2023-07-25T16:10:43","date_gmt":"2023-07-25T19:10:43","guid":{"rendered":"https:\/\/graduacao.uel.br\/engenharia-civil\/?page_id=101"},"modified":"2024-02-16T14:24:44","modified_gmt":"2024-02-16T17:24:44","slug":"apresentacao-2","status":"publish","type":"page","link":"https:\/\/graduacao.uel.br\/engenharia-civil\/apresentacao-2\/","title":{"rendered":"O Curso"},"content":{"rendered":"\n<p>A cria\u00e7\u00e3o do Curso de Engenharia Civil da UEL foi feita pela Resolu\u00e7\u00e3o n\u00ba 53 de 26 de outubro de 1971, mas a sua implanta\u00e7\u00e3o s\u00f3 ocorreu em 17 de fevereiro de 1972. A resolu\u00e7\u00e3o estadual vigente que renova o reconhecimento do curso \u00e9 a Resolu\u00e7\u00e3o 226\/2023 SETI de 11 de dezembro de2023.<\/p>\n\n\n\n<p>Anualmente a Engenharia Civil da UEL recebe 80 estudantes que comp\u00f5em duas turmas de 40 alunos. Essas turmas percorrem os mesmos processos de ensino-aprendizagem e ao final de 10 semestres os concluintes est\u00e3o aptos a receber a titula\u00e7\u00e3o de Bacharel em Engenharia Civil. Essa titula\u00e7\u00e3o \u00e9 amplamente reconhecida pelo mercado da engenharia e pelo Conselho Regional de Engenharia e Agronomia (CREA).<\/p>\n\n\n\n<p><strong>Objetivos do curso<\/strong>: Formar um profissional generalista, com capacidade para atuar em diferentes \u00e1reas da Engenharia Civil, dotado dos conhecimentos requeridos para o exerc\u00edcio das respectivas compet\u00eancias e habilidades<\/p>\n\n\n\n<p><strong>Perfil do concluinte<\/strong>: <\/p>\n\n\n\n<p>I &#8211; Ter vis\u00e3o hol\u00edstica e humanista, ser cr\u00edtico, reflexivo, criativo, cooperativo e \u00e9tico e com forte forma\u00e7\u00e3o t\u00e9cnica; <\/p>\n\n\n\n<p>II &#8211; Estar apto a pesquisar, desenvolver, adaptar e utilizar novas tecnologias, com atua\u00e7\u00e3o inovadora e empreendedora; <\/p>\n\n\n\n<p>III &#8211; ser capaz de reconhecer as necessidades dos usu\u00e1rios, formular, analisar e resolver, de forma criativa, os problemas de Engenharia; IV &#8211; Adotar perspectivas multidisciplinares e transdisciplinares em sua pr\u00e1tica; <\/p>\n\n\n\n<p>V &#8211; Considerar os aspectos globais, pol\u00edticos, econ\u00f4micos, sociais, ambientais, culturais e de seguran\u00e7a e sa\u00fade no trabalho; <\/p>\n\n\n\n<p>VI &#8211; Atuar com isen\u00e7\u00e3o e comprometimento com a responsabilidade social e com o desenvolvimento sustent\u00e1vel.<\/p>\n\n\n\n<p>No geral, durante o curso ser\u00e3o abordados temas e conhecimentos das diversas sub\u00e1reas que comp\u00f5em  a Engenharia Civil e suas \u00e1reas afins: projeto e execu\u00e7\u00e3o de estruturas; materiais de constru\u00e7\u00e3o; hidr\u00e1ulica, saneamento e meio ambiente; planejamento e execu\u00e7\u00e3o de edifica\u00e7\u00f5es e infraestruturas; geotecnia, projeto e gerenciamento de estradas; an\u00e1lise e planejamento de sistemas de transportes; e efici\u00eancia energ\u00e9tica.<\/p>\n\n\n\n<p><\/p>\n","protected":false},"excerpt":{"rendered":"<p>A cria\u00e7\u00e3o do Curso de Engenharia Civil da UEL foi feita pela Resolu\u00e7\u00e3o n\u00ba 53 de 26 de outubro de 1971, mas a sua implanta\u00e7\u00e3o s\u00f3 ocorreu em 17 de fevereiro de 1972. A resolu\u00e7\u00e3o estadual vigente que renova o reconhecimento do curso \u00e9 a Resolu\u00e7\u00e3o 226\/2023 SETI de 11 de dezembro de2023. Anualmente a [&hellip;]<\/p>\n","protected":false},"author":8,"featured_media":0,"parent":0,"menu_order":0,"comment_status":"closed","ping_status":"closed","template":"","meta":{"_acf_changed":false,"footnotes":""},"class_list":["post-101","page","type-page","status-publish","hentry"],"acf":[],"_links":{"self":[{"href":"https:\/\/graduacao.uel.br\/engenharia-civil\/wp-json\/wp\/v2\/pages\/101","targetHints":{"allow":["GET"]}}],"collection":[{"href":"https:\/\/graduacao.uel.br\/engenharia-civil\/wp-json\/wp\/v2\/pages"}],"about":[{"href":"https:\/\/graduacao.uel.br\/engenharia-civil\/wp-json\/wp\/v2\/types\/page"}],"author":[{"embeddable":true,"href":"https:\/\/graduacao.uel.br\/engenharia-civil\/wp-json\/wp\/v2\/users\/8"}],"replies":[{"embeddable":true,"href":"https:\/\/graduacao.uel.br\/engenharia-civil\/wp-json\/wp\/v2\/comments?post=101"}],"version-history":[{"count":15,"href":"https:\/\/graduacao.uel.br\/engenharia-civil\/wp-json\/wp\/v2\/pages\/101\/revisions"}],"predecessor-version":[{"id":793,"href":"https:\/\/graduacao.uel.br\/engenharia-civil\/wp-json\/wp\/v2\/pages\/101\/revisions\/793"}],"wp:attachment":[{"href":"https:\/\/graduacao.uel.br\/engenharia-civil\/wp-json\/wp\/v2\/media?parent=101"}],"curies":[{"name":"wp","href":"https:\/\/api.w.org\/{rel}","templated":true}]}}