{"id":105,"date":"2023-07-25T16:10:43","date_gmt":"2023-07-25T19:10:43","guid":{"rendered":"https:\/\/graduacao.uel.br\/engenharia-civil\/?page_id=105"},"modified":"2024-05-14T17:04:06","modified_gmt":"2024-05-14T20:04:06","slug":"contatos","status":"publish","type":"page","link":"https:\/\/graduacao.uel.br\/engenharia-civil\/contatos\/","title":{"rendered":"Contatos"},"content":{"rendered":"\n<p class=\"has-primary-accent-color has-text-color has-link-color wp-elements-7f17dd1fb076c25aee610903a746dbba\"><strong><mark class=\"has-inline-color has-primary-accent-color\">Colegiado do Curso de Engenharia Civil<\/mark><\/strong><\/p>\n\n\n\n<p><strong>Coordena\u00e7\u00e3o<\/strong>: Prof. Carlos Alberto Prado da Silva Junior<\/p>\n\n\n\n<p>cprado@uel.br \/ (43) 3371-4441<\/p>\n\n\n\n<p><strong>Vice-Coordena\u00e7\u00e3o<\/strong>: Prof. Andr\u00e9 Campos de Moura<\/p>\n\n\n\n<p>andre.moura@uel.br \/ (43) 3371-5882<\/p>\n\n\n\n<p><\/p>\n\n\n\n<p class=\"has-primary-accent-color has-text-color has-link-color wp-elements-8e742397777417ba8498753a4a759b75\"><strong>Secretaria Acad\u00eamica<\/strong><\/p>\n\n\n\n<p><strong>Secret\u00e1ria<\/strong>: Valeria Bis Rotunno<\/p>\n\n\n\n<p>coleng-civil@uel.br \/ (43) 3371-5864<\/p>\n\n\n\n<p><\/p>\n\n\n\n<p><strong><mark class=\"has-inline-color has-primary-accent-color\">Departamento de Constru\u00e7\u00e3o Civil (DCCi)<\/mark><\/strong><\/p>\n\n\n\n<p><strong>Chefia<\/strong>: Prof. Caio Victor Louren\u00e7o Rodrigues<\/p>\n\n\n\n<p>caio.rodrigues@uel.br \/ (43) 3371-4552<\/p>\n\n\n\n<p><strong>Vice-Chefia<\/strong>: Prof\u00aa Raquel Souza Teixeira<\/p>\n\n\n\n<p>raquel@uel.br \/ (43) 3371-4441<\/p>\n\n\n\n<p><strong><mark class=\"has-inline-color has-primary-accent-color\">Departamento de Estruturas (DTRU) <\/mark><\/strong><\/p>\n\n\n\n<p><strong>Chefia<\/strong>: Prof Gerson Cendes Saragosa<\/p>\n\n\n\n<p>saragosa@uel.br (43) 3371-4545<\/p>\n\n\n\n<p><strong>Vice-Chefia<\/strong>: Nilson Magagnin Filho<\/p>\n\n\n\n<p>magagnin@uel.br 3371-4480<\/p>\n\n\n\n<p class=\"has-primary-accent-color has-text-color has-link-color wp-elements-05f6bf70dab5d448111119c8646a6339\"><strong>Coordena\u00e7\u00e3o de Est\u00e1gio<\/strong><\/p>\n\n\n\n<p>Prof. Francisco Cl\u00e1udio Morato Leite<\/p>\n\n\n\n<p>morato@uel.br<\/p>\n\n\n\n<p class=\"has-primary-accent-color has-text-color has-link-color wp-elements-a151239b5dd3533941498dbd2533a260\"><strong>Coordena\u00e7\u00e3o de TCC<\/strong><\/p>\n\n\n\n<p>Prof. Carlos Henrique Maiola<\/p>\n\n\n\n<p>maiola@uel.br<\/p>\n\n\n\n<p class=\"has-primary-accent-color has-text-color has-link-color wp-elements-1f2ff75e876352191c42982a7cb1cfcf\"><strong>Coordena\u00e7\u00e3o de AEX<\/strong><\/p>\n\n\n\n<p>Prof. Paulo S\u00e9rgio Bardella<\/p>\n\n\n\n<p>paulo.bardella@admin<\/p>\n\n\n\n<p class=\"has-primary-accent-color has-text-color has-link-color wp-elements-97298f31895a40d8bed4499bcf0aea60\"><strong>Coordena\u00e7\u00e3o do N\u00facleo Docente Estruturante (NDE)<\/strong><\/p>\n\n\n\n<p>Prof\u00aa. Heliana Barbosa Fontenele<\/p>\n\n\n\n<p>heliana@uel.br<\/p>\n\n\n\n<p><\/p>\n","protected":false},"excerpt":{"rendered":"<p>Colegiado do Curso de Engenharia Civil Coordena\u00e7\u00e3o: Prof. Carlos Alberto Prado da Silva Junior cprado@uel.br \/ (43) 3371-4441 Vice-Coordena\u00e7\u00e3o: Prof. Andr\u00e9 Campos de Moura andre.moura@uel.br \/ (43) 3371-5882 Secretaria Acad\u00eamica Secret\u00e1ria: Valeria Bis Rotunno coleng-civil@uel.br \/ (43) 3371-5864 Departamento de Constru\u00e7\u00e3o Civil (DCCi) Chefia: Prof. Caio Victor Louren\u00e7o Rodrigues caio.rodrigues@uel.br \/ (43) 3371-4552 Vice-Chefia: Prof\u00aa [&hellip;]<\/p>\n","protected":false},"author":8,"featured_media":0,"parent":0,"menu_order":0,"comment_status":"closed","ping_status":"closed","template":"","meta":{"_acf_changed":false,"footnotes":""},"class_list":["post-105","page","type-page","status-publish","hentry"],"acf":[],"_links":{"self":[{"href":"https:\/\/graduacao.uel.br\/engenharia-civil\/wp-json\/wp\/v2\/pages\/105","targetHints":{"allow":["GET"]}}],"collection":[{"href":"https:\/\/graduacao.uel.br\/engenharia-civil\/wp-json\/wp\/v2\/pages"}],"about":[{"href":"https:\/\/graduacao.uel.br\/engenharia-civil\/wp-json\/wp\/v2\/types\/page"}],"author":[{"embeddable":true,"href":"https:\/\/graduacao.uel.br\/engenharia-civil\/wp-json\/wp\/v2\/users\/8"}],"replies":[{"embeddable":true,"href":"https:\/\/graduacao.uel.br\/engenharia-civil\/wp-json\/wp\/v2\/comments?post=105"}],"version-history":[{"count":27,"href":"https:\/\/graduacao.uel.br\/engenharia-civil\/wp-json\/wp\/v2\/pages\/105\/revisions"}],"predecessor-version":[{"id":883,"href":"https:\/\/graduacao.uel.br\/engenharia-civil\/wp-json\/wp\/v2\/pages\/105\/revisions\/883"}],"wp:attachment":[{"href":"https:\/\/graduacao.uel.br\/engenharia-civil\/wp-json\/wp\/v2\/media?parent=105"}],"curies":[{"name":"wp","href":"https:\/\/api.w.org\/{rel}","templated":true}]}}

<p class="has-primary-accent-color has-text-color has-link-color wp-elements-7f17dd1fb076c25aee610903a746dbba"><strong><mark class="has-inline-color has-primary-accent-color">Colegiado do Curso de Engenharia Civil</mark></strong></p>



<p><strong>Coordenação</strong>: Prof. Carlos Alberto Prado da Silva Junior</p>



<p>cprado@uel.br / (43) 3371-4441</p>



<p><strong>Vice-Coordenação</strong>: Prof. André Campos de Moura</p>



<p>andre.moura@uel.br / (43) 3371-5882</p>



<p></p>



<p class="has-primary-accent-color has-text-color has-link-color wp-elements-8e742397777417ba8498753a4a759b75"><strong>Secretaria Acadêmica</strong></p>



<p><strong>Secretária</strong>: Valeria Bis Rotunno</p>



<p>coleng-civil@uel.br / (43) 3371-5864</p>



<p></p>



<p><strong><mark class="has-inline-color has-primary-accent-color">Departamento de Construção Civil (DCCi)</mark></strong></p>



<p><strong>Chefia</strong>: Prof. Caio Victor Lourenço Rodrigues</p>



<p>caio.rodrigues@uel.br / (43) 3371-4552</p>



<p><strong>Vice-Chefia</strong>: Profª Raquel Souza Teixeira</p>



<p>raquel@uel.br / (43) 3371-4441</p>



<p><strong><mark class="has-inline-color has-primary-accent-color">Departamento de Estruturas (DTRU) </mark></strong></p>



<p><strong>Chefia</strong>: Prof Gerson Cendes Saragosa</p>



<p>saragosa@uel.br (43) 3371-4545</p>



<p><strong>Vice-Chefia</strong>: Nilson Magagnin Filho</p>



<p>magagnin@uel.br 3371-4480</p>



<p class="has-primary-accent-color has-text-color has-link-color wp-elements-05f6bf70dab5d448111119c8646a6339"><strong>Coordenação de Estágio</strong></p>



<p>Prof. Francisco Cláudio Morato Leite</p>



<p>morato@uel.br</p>



<p class="has-primary-accent-color has-text-color has-link-color wp-elements-a151239b5dd3533941498dbd2533a260"><strong>Coordenação de TCC</strong></p>



<p>Prof. Carlos Henrique Maiola</p>



<p>maiola@uel.br</p>



<p class="has-primary-accent-color has-text-color has-link-color wp-elements-1f2ff75e876352191c42982a7cb1cfcf"><strong>Coordenação de AEX</strong></p>



<p>Prof. Paulo Sérgio Bardella</p>



<p>paulo.bardella@admin</p>



<p class="has-primary-accent-color has-text-color has-link-color wp-elements-97298f31895a40d8bed4499bcf0aea60"><strong>Coordenação do Núcleo Docente Estruturante (NDE)</strong></p>



<p>Profª. Heliana Barbosa Fontenele</p>



<p>heliana@uel.br</p>



<p></p>

<p>Colegiado do Curso de Engenharia Civil Coordenação: Prof. Carlos Alberto Prado da Silva Junior cprado@uel.br / (43) 3371-4441 Vice-Coordenação: Prof. André Campos de Moura andre.moura@uel.br / (43) 3371-5882 Secretaria Acadêmica Secretária: Valeria Bis Rotunno coleng-civil@uel.br / (43) 3371-5864 Departamento de Construção Civil (DCCi) Chefia: Prof. Caio Victor Lourenço Rodrigues caio.rodrigues@uel.br / (43) 3371-4552 Vice-Chefia: Profª [&hellip;]</p>
