{"id":463,"date":"2024-02-05T11:36:21","date_gmt":"2024-02-05T14:36:21","guid":{"rendered":"https:\/\/graduacao.uel.br\/engenharia-civil\/?page_id=463"},"modified":"2024-07-18T16:22:17","modified_gmt":"2024-07-18T19:22:17","slug":"projeto-pedagogico-ppc","status":"publish","type":"page","link":"https:\/\/graduacao.uel.br\/engenharia-civil\/projeto-pedagogico-ppc\/","title":{"rendered":"Projeto Pedag\u00f3gico (PPC)"},"content":{"rendered":"\n<p>No ano de 2023, a gradua\u00e7\u00e3o em Engenharia Civil inicia um novo projeto pedag\u00f3gico de curso (PPC). Este novo PPC substitui o antigo PPC de 2010 e traz como principais mudan\u00e7as: a matr\u00edcula por disciplina (atividade acad\u00eamica); disciplinas 100% semestrais; incorpora\u00e7\u00e3o da curriculariza\u00e7\u00e3o da extens\u00e3o (AEX) e a op\u00e7\u00e3o de cursar projetos integrados. <\/p>\n\n\n\n<p>Vale ressaltar que \u00e9 necess\u00e1rio cursar pelo menos um projeto integrado durante o curso. Ao longo da trilha do Curso de Engenharia Civil da UEL tamb\u00e9m surgir\u00e3o diversas oportunidades para aquisi\u00e7\u00e3o de conhecimentos e habilidades, tais como: colabora\u00e7\u00e3o em projetos de ensino, pesquisa e extens\u00e3o; inicia\u00e7\u00e3o cient\u00edfica <a href=\"https:\/\/sites.uel.br\/proppg\/programa-de-iniciacao-cientifica-proic\/\">(PROIC)<\/a> e tecnol\u00f3gica <a href=\"https:\/\/sites.uel.br\/proppg\/iniciacao-tecnologica-it\/\">(PROITI)<\/a>; <a href=\"https:\/\/sites.uel.br\/prograd\/estudante\/estagios-e-intercambios\/\">est\u00e1gios n\u00e3o curriculares e curriculares<\/a>; participa\u00e7\u00e3o nas atividades da <a href=\"https:\/\/tcpengenhariacivil.com.br\">Empresa Junior (TCP)<\/a>, CREA Junior, bem uma s\u00e9rie de eventos internos e externos.<\/p>\n\n\n\n<p>As atividades de extens\u00e3o, um dos pilares da forma\u00e7\u00e3o universit\u00e1ria no Brasil, sempre fizeram parte do processo de ensino-aprendizagem e forma\u00e7\u00e3o profissional. Na UEL, esse processo de curriculariza\u00e7\u00e3o faz parte dos novos projetos pedag\u00f3gicos dos cursos de gradua\u00e7\u00e3o. <\/p>\n\n\n\n<p>Para acessar o PPC na \u00edntegra, <strong><a href=\"https:\/\/sites.uel.br\/prograd\/graduacao\/projetos-pedagogicos\/projetos-pedagogicos-engenharia-civil\/\" target=\"_blank\" rel=\"noreferrer noopener\">clique aqui<\/a><\/strong>.<\/p>\n\n\n\n<div class=\"wp-block-buttons is-content-justification-center is-layout-flex wp-container-core-buttons-is-layout-16018d1d wp-block-buttons-is-layout-flex\">\n<div class=\"wp-block-button\"><a class=\"wp-block-button__link has-primary-accent-background-color has-background has-text-align-center wp-element-button\" href=\"https:\/\/sites.uel.br\/prograd\/graduacao\/projetos-pedagogicos\/projetos-pedagogicos-engenharia-civil\/\">Resolu\u00e7\u00f5es e Delibera\u00e7\u00f5es<\/a><\/div>\n<\/div>\n\n\n\n<div class=\"wp-block-pb-accordion-item c-accordion__item js-accordion-item no-js\" data-initially-open=\"false\" data-click-to-close=\"true\" data-auto-close=\"true\" data-scroll=\"false\" data-scroll-offset=\"0\"><h5 id=\"at-4630\" class=\"c-accordion__title js-accordion-controller\" role=\"button\">N\u00facleo Docente Estruturante (NDE)<\/h5><div id=\"ac-4630\" class=\"c-accordion__content\">\n<p>O NDE institui-se como parte da estrutura de gest\u00e3o acad\u00eamica do curso com atribui\u00e7\u00f5es consultivas, propositivas e de assessoria, acerca de mat\u00e9rias de natureza acad\u00eamica e pedag\u00f3gica, sendo correspons\u00e1vel pela elabora\u00e7\u00e3o, implementa\u00e7\u00e3o e consolida\u00e7\u00e3o do Projeto Pedag\u00f3gico do Curso (PPC), al\u00e9m de zelar pelo cumprimento das Diretrizes Curriculares Nacionais (DCNs). Tem como objetivos:<\/p>\n\n\n\n<p>1 \u2013 Levantar dificuldades na atua\u00e7\u00e3o do corpo docente do Curso;<\/p>\n\n\n\n<p>2 \u2013 Auxiliar na elabora\u00e7\u00e3o e no acompanhamento do PPC;<\/p>\n\n\n\n<p>3 \u2013 Propor programas ou outras formas de capacita\u00e7\u00e3o docente;<\/p>\n\n\n\n<p>4 \u2013 Acompanhar as avalia\u00e7\u00f5es do Curso definidas pelo Colegiado;<\/p>\n\n\n\n<p>5 \u2013 Analisar e propor modifica\u00e7\u00f5es, quando necess\u00e1rias;<\/p>\n\n\n\n<p>6 \u2013 Indicar formas de incentivo ao desenvolvimento de atividades de pesquisa;<\/p>\n\n\n\n<p>7 \u2013 Contribuir para a concretiza\u00e7\u00e3o do perfil profissional.<\/p>\n\n\n\n<p>8 \u2013 Zelar pelo cumprimento das DCNs aplic\u00e1veis ao Curso de Engenharia Civil.<\/p>\n\n\n\n<p><\/p>\n\n\n\n<p><\/p>\n\n\n\n<p><strong>Professores que fazem parte deste N\u00facleo:<\/strong><\/p>\n\n\n\n<ul class=\"wp-block-list\">\n<li>Prof. Andr\u00e9 Campos de Moura &#8211; DTRU<\/li>\n\n\n\n<li>Prof. Carlos Alberto Prado da Silva Junior &#8211; DCCi<\/li>\n\n\n\n<li>Prof. Carlos Henrique Maiola &#8211; DTRU<\/li>\n\n\n\n<li>Prof\u00aa Deize Dias Lopes &#8211; DCCi<\/li>\n\n\n\n<li>Prof\u00aa Heliana Barbosa Fontenele (Coordenadora) &#8211; DCCi<\/li>\n\n\n\n<li>Prof\u00aa Luciane Marcela Filizola de Oliveira &#8211; DTRU<\/li>\n\n\n\n<li>Prof. Manoel Denis Costa Ferreira &#8211; DTRU<\/li>\n<\/ul>\n<\/div><\/div>\n\n\n\n<div class=\"wp-block-buttons is-layout-flex wp-block-buttons-is-layout-flex\"><\/div>\n","protected":false},"excerpt":{"rendered":"<p>No ano de 2023, a gradua\u00e7\u00e3o em Engenharia Civil inicia um novo projeto pedag\u00f3gico de curso (PPC). Este novo PPC substitui o antigo PPC de 2010 e traz como principais mudan\u00e7as: a matr\u00edcula por disciplina (atividade acad\u00eamica); disciplinas 100% semestrais; incorpora\u00e7\u00e3o da curriculariza\u00e7\u00e3o da extens\u00e3o (AEX) e a op\u00e7\u00e3o de cursar projetos integrados. Vale ressaltar [&hellip;]<\/p>\n","protected":false},"author":10,"featured_media":0,"parent":0,"menu_order":0,"comment_status":"closed","ping_status":"closed","template":"","meta":{"_acf_changed":false,"footnotes":""},"class_list":["post-463","page","type-page","status-publish","hentry"],"acf":[],"_links":{"self":[{"href":"https:\/\/graduacao.uel.br\/engenharia-civil\/wp-json\/wp\/v2\/pages\/463","targetHints":{"allow":["GET"]}}],"collection":[{"href":"https:\/\/graduacao.uel.br\/engenharia-civil\/wp-json\/wp\/v2\/pages"}],"about":[{"href":"https:\/\/graduacao.uel.br\/engenharia-civil\/wp-json\/wp\/v2\/types\/page"}],"author":[{"embeddable":true,"href":"https:\/\/graduacao.uel.br\/engenharia-civil\/wp-json\/wp\/v2\/users\/10"}],"replies":[{"embeddable":true,"href":"https:\/\/graduacao.uel.br\/engenharia-civil\/wp-json\/wp\/v2\/comments?post=463"}],"version-history":[{"count":20,"href":"https:\/\/graduacao.uel.br\/engenharia-civil\/wp-json\/wp\/v2\/pages\/463\/revisions"}],"predecessor-version":[{"id":919,"href":"https:\/\/graduacao.uel.br\/engenharia-civil\/wp-json\/wp\/v2\/pages\/463\/revisions\/919"}],"wp:attachment":[{"href":"https:\/\/graduacao.uel.br\/engenharia-civil\/wp-json\/wp\/v2\/media?parent=463"}],"curies":[{"name":"wp","href":"https:\/\/api.w.org\/{rel}","templated":true}]}}

Projeto Pedagógico (PPC)

<p>No ano de 2023, a graduação em Engenharia Civil inicia um novo projeto pedagógico de curso (PPC). Este novo PPC substitui o antigo PPC de 2010 e traz como principais mudanças: a matrícula por disciplina (atividade acadêmica); disciplinas 100% semestrais; incorporação da curricularização da extensão (AEX) e a opção de cursar projetos integrados. </p>



<p>Vale ressaltar que é necessário cursar pelo menos um projeto integrado durante o curso. Ao longo da trilha do Curso de Engenharia Civil da UEL também surgirão diversas oportunidades para aquisição de conhecimentos e habilidades, tais como: colaboração em projetos de ensino, pesquisa e extensão; iniciação científica <a href="https://sites.uel.br/proppg/programa-de-iniciacao-cientifica-proic/">(PROIC)</a> e tecnológica <a href="https://sites.uel.br/proppg/iniciacao-tecnologica-it/">(PROITI)</a>; <a href="https://sites.uel.br/prograd/estudante/estagios-e-intercambios/">estágios não curriculares e curriculares</a>; participação nas atividades da <a href="https://tcpengenhariacivil.com.br">Empresa Junior (TCP)</a>, CREA Junior, bem uma série de eventos internos e externos.</p>



<p>As atividades de extensão, um dos pilares da formação universitária no Brasil, sempre fizeram parte do processo de ensino-aprendizagem e formação profissional. Na UEL, esse processo de curricularização faz parte dos novos projetos pedagógicos dos cursos de graduação. </p>



<p>Para acessar o PPC na íntegra, <strong><a href="https://sites.uel.br/prograd/graduacao/projetos-pedagogicos/projetos-pedagogicos-engenharia-civil/" target="_blank" rel="noreferrer noopener">clique aqui</a></strong>.</p>



<div class="wp-block-buttons is-content-justification-center is-layout-flex wp-container-core-buttons-is-layout-16018d1d wp-block-buttons-is-layout-flex">
<div class="wp-block-button"><a class="wp-block-button__link has-primary-accent-background-color has-background has-text-align-center wp-element-button" href="https://sites.uel.br/prograd/graduacao/projetos-pedagogicos/projetos-pedagogicos-engenharia-civil/">Resoluções e Deliberações</a></div>
</div>



<div class="wp-block-pb-accordion-item c-accordion__item js-accordion-item no-js" data-initially-open="false" data-click-to-close="true" data-auto-close="true" data-scroll="false" data-scroll-offset="0"><h5 id="at-4630" class="c-accordion__title js-accordion-controller" role="button">Núcleo Docente Estruturante (NDE)</h5><div id="ac-4630" class="c-accordion__content">
<p>O NDE institui-se como parte da estrutura de gestão acadêmica do curso com atribuições consultivas, propositivas e de assessoria, acerca de matérias de natureza acadêmica e pedagógica, sendo corresponsável pela elaboração, implementação e consolidação do Projeto Pedagógico do Curso (PPC), além de zelar pelo cumprimento das Diretrizes Curriculares Nacionais (DCNs). Tem como objetivos:</p>



<p>1 – Levantar dificuldades na atuação do corpo docente do Curso;</p>



<p>2 – Auxiliar na elaboração e no acompanhamento do PPC;</p>



<p>3 – Propor programas ou outras formas de capacitação docente;</p>



<p>4 – Acompanhar as avaliações do Curso definidas pelo Colegiado;</p>



<p>5 – Analisar e propor modificações, quando necessárias;</p>



<p>6 – Indicar formas de incentivo ao desenvolvimento de atividades de pesquisa;</p>



<p>7 – Contribuir para a concretização do perfil profissional.</p>



<p>8 – Zelar pelo cumprimento das DCNs aplicáveis ao Curso de Engenharia Civil.</p>



<p></p>



<p></p>



<p><strong>Professores que fazem parte deste Núcleo:</strong></p>



<ul class="wp-block-list">
<li>Prof. André Campos de Moura &#8211; DTRU</li>



<li>Prof. Carlos Alberto Prado da Silva Junior &#8211; DCCi</li>



<li>Prof. Carlos Henrique Maiola &#8211; DTRU</li>



<li>Profª Deize Dias Lopes &#8211; DCCi</li>



<li>Profª Heliana Barbosa Fontenele (Coordenadora) &#8211; DCCi</li>



<li>Profª Luciane Marcela Filizola de Oliveira &#8211; DTRU</li>



<li>Prof. Manoel Denis Costa Ferreira &#8211; DTRU</li>
</ul>
</div></div>



<div class="wp-block-buttons is-layout-flex wp-block-buttons-is-layout-flex"></div>

<p>No ano de 2023, a graduação em Engenharia Civil inicia um novo projeto pedagógico de curso (PPC). Este novo PPC substitui o antigo PPC de 2010 e traz como principais mudanças: a matrícula por disciplina (atividade acadêmica); disciplinas 100% semestrais; incorporação da curricularização da extensão (AEX) e a opção de cursar projetos integrados. Vale ressaltar [&hellip;]</p>
