{"id":584,"date":"2024-02-06T11:01:13","date_gmt":"2024-02-06T14:01:13","guid":{"rendered":"https:\/\/graduacao.uel.br\/engenharia-civil\/?page_id=584"},"modified":"2024-02-07T10:11:24","modified_gmt":"2024-02-07T13:11:24","slug":"projeto-integrado","status":"publish","type":"page","link":"https:\/\/graduacao.uel.br\/engenharia-civil\/projeto-integrado\/","title":{"rendered":"Projeto Integrado"},"content":{"rendered":"\n<p>O Projeto Integrado t\u00eam car\u00e1ter de atividade pr\u00e1tica integradora de dois ou mais eixos de conhecimento do curso, devendo ser ofertado pelos departamentos de Constru\u00e7\u00e3o Civil e\/ou de Estruturas e aprovadas pelo Colegiado do Curso de Engenharia Civil. A oferta dessa disciplina optativa, ser\u00e1 feita para os estudantes do 4\u00aa e ou 5\u00aa s\u00e9ries equivalentes do curso, de acordo com as especificidades de cada disciplina ofertada. O estudante dever\u00e1 cursar ao menos 60h em disciplina(s) optativa(s) de Projeto Integrado. <\/p>\n","protected":false},"excerpt":{"rendered":"<p>O Projeto Integrado t\u00eam car\u00e1ter de atividade pr\u00e1tica integradora de dois ou mais eixos de conhecimento do curso, devendo ser ofertado pelos departamentos de Constru\u00e7\u00e3o Civil e\/ou de Estruturas e aprovadas pelo Colegiado do Curso de Engenharia Civil. A oferta dessa disciplina optativa, ser\u00e1 feita para os estudantes do 4\u00aa e ou 5\u00aa s\u00e9ries equivalentes [&hellip;]<\/p>\n","protected":false},"author":10,"featured_media":0,"parent":0,"menu_order":0,"comment_status":"closed","ping_status":"closed","template":"","meta":{"_acf_changed":false,"footnotes":""},"class_list":["post-584","page","type-page","status-publish","hentry"],"acf":[],"_links":{"self":[{"href":"https:\/\/graduacao.uel.br\/engenharia-civil\/wp-json\/wp\/v2\/pages\/584","targetHints":{"allow":["GET"]}}],"collection":[{"href":"https:\/\/graduacao.uel.br\/engenharia-civil\/wp-json\/wp\/v2\/pages"}],"about":[{"href":"https:\/\/graduacao.uel.br\/engenharia-civil\/wp-json\/wp\/v2\/types\/page"}],"author":[{"embeddable":true,"href":"https:\/\/graduacao.uel.br\/engenharia-civil\/wp-json\/wp\/v2\/users\/10"}],"replies":[{"embeddable":true,"href":"https:\/\/graduacao.uel.br\/engenharia-civil\/wp-json\/wp\/v2\/comments?post=584"}],"version-history":[{"count":4,"href":"https:\/\/graduacao.uel.br\/engenharia-civil\/wp-json\/wp\/v2\/pages\/584\/revisions"}],"predecessor-version":[{"id":665,"href":"https:\/\/graduacao.uel.br\/engenharia-civil\/wp-json\/wp\/v2\/pages\/584\/revisions\/665"}],"wp:attachment":[{"href":"https:\/\/graduacao.uel.br\/engenharia-civil\/wp-json\/wp\/v2\/media?parent=584"}],"curies":[{"name":"wp","href":"https:\/\/api.w.org\/{rel}","templated":true}]}}

<p>O Projeto Integrado têm caráter de atividade prática integradora de dois ou mais eixos de conhecimento do curso, devendo ser ofertado pelos departamentos de Construção Civil e/ou de Estruturas e aprovadas pelo Colegiado do Curso de Engenharia Civil. A oferta dessa disciplina optativa, será feita para os estudantes do 4ª e ou 5ª séries equivalentes do curso, de acordo com as especificidades de cada disciplina ofertada. O estudante deverá cursar ao menos 60h em disciplina(s) optativa(s) de Projeto Integrado. </p>

<p>O Projeto Integrado têm caráter de atividade prática integradora de dois ou mais eixos de conhecimento do curso, devendo ser ofertado pelos departamentos de Construção Civil e/ou de Estruturas e aprovadas pelo Colegiado do Curso de Engenharia Civil. A oferta dessa disciplina optativa, será feita para os estudantes do 4ª e ou 5ª séries equivalentes [&hellip;]</p>
