{"id":326,"date":"2024-07-03T13:53:49","date_gmt":"2024-07-03T16:53:49","guid":{"rendered":"https:\/\/graduacao.uel.br\/engenharia-eletrica\/?page_id=326"},"modified":"2024-07-03T14:14:04","modified_gmt":"2024-07-03T17:14:04","slug":"centro-academico-ca","status":"publish","type":"page","link":"https:\/\/graduacao.uel.br\/engenharia-eletrica\/centro-academico-ca\/","title":{"rendered":"Centro Acad\u00eamico (CA)"},"content":{"rendered":"\n<p>O Centro Acad\u00eamico de Engenharia El\u00e9trica (<strong>CAEL<\/strong>) est\u00e1 comprometido em ser um elo aberto entre os estudantes e a universidade, promovendo a integra\u00e7\u00e3o e o contato entre ambos. <\/p>\n\n\n\n<p>Nossa miss\u00e3o \u00e9 proporcionar eventos e atividades que enrique\u00e7am a jornada de cada aluno, enquanto participamos ativamente na estrutura\u00e7\u00e3o e organiza\u00e7\u00e3o do curso.<\/p>\n\n\n\n<p><strong>Presidente: Diogo Birello<\/strong><\/p>\n\n\n\n<p>Conhe\u00e7a a CAEL: <a href=\"https:\/\/www.facebook.com\/caeluel\/\">Facebook<\/a> e <a href=\"https:\/\/www.instagram.com\/cael_uel\/\">Instagran<\/a><\/p>\n\n\n\n<div class=\"wp-block-columns is-layout-flex wp-container-core-columns-is-layout-9d6595d7 wp-block-columns-is-layout-flex\">\n<div class=\"wp-block-column is-layout-flow wp-block-column-is-layout-flow\"><\/div>\n<\/div>\n","protected":false},"excerpt":{"rendered":"<p>O Centro Acad\u00eamico de Engenharia El\u00e9trica (CAEL) est\u00e1 comprometido em ser um elo aberto entre os estudantes e a universidade, promovendo a integra\u00e7\u00e3o e o contato entre ambos. Nossa miss\u00e3o \u00e9 proporcionar eventos e atividades que enrique\u00e7am a jornada de cada aluno, enquanto participamos ativamente na estrutura\u00e7\u00e3o e organiza\u00e7\u00e3o do curso. Presidente: Diogo Birello Conhe\u00e7a [&hellip;]<\/p>\n","protected":false},"author":10,"featured_media":0,"parent":0,"menu_order":0,"comment_status":"closed","ping_status":"closed","template":"","meta":{"_acf_changed":false,"footnotes":""},"class_list":["post-326","page","type-page","status-publish","hentry"],"acf":[],"_links":{"self":[{"href":"https:\/\/graduacao.uel.br\/engenharia-eletrica\/wp-json\/wp\/v2\/pages\/326","targetHints":{"allow":["GET"]}}],"collection":[{"href":"https:\/\/graduacao.uel.br\/engenharia-eletrica\/wp-json\/wp\/v2\/pages"}],"about":[{"href":"https:\/\/graduacao.uel.br\/engenharia-eletrica\/wp-json\/wp\/v2\/types\/page"}],"author":[{"embeddable":true,"href":"https:\/\/graduacao.uel.br\/engenharia-eletrica\/wp-json\/wp\/v2\/users\/10"}],"replies":[{"embeddable":true,"href":"https:\/\/graduacao.uel.br\/engenharia-eletrica\/wp-json\/wp\/v2\/comments?post=326"}],"version-history":[{"count":5,"href":"https:\/\/graduacao.uel.br\/engenharia-eletrica\/wp-json\/wp\/v2\/pages\/326\/revisions"}],"predecessor-version":[{"id":341,"href":"https:\/\/graduacao.uel.br\/engenharia-eletrica\/wp-json\/wp\/v2\/pages\/326\/revisions\/341"}],"wp:attachment":[{"href":"https:\/\/graduacao.uel.br\/engenharia-eletrica\/wp-json\/wp\/v2\/media?parent=326"}],"curies":[{"name":"wp","href":"https:\/\/api.w.org\/{rel}","templated":true}]}}