{"id":133,"date":"2024-04-25T15:36:15","date_gmt":"2024-04-25T18:36:15","guid":{"rendered":"https:\/\/graduacao.uel.br\/filosofia\/?page_id=133"},"modified":"2024-04-25T16:41:23","modified_gmt":"2024-04-25T19:41:23","slug":"tcc","status":"publish","type":"page","link":"https:\/\/graduacao.uel.br\/filosofia\/tcc\/","title":{"rendered":"TCC"},"content":{"rendered":"\n<p>O Trabalho de Conclus\u00e3o de Curso ser\u00e1 desenvolvido parcialmente no turno do curso. <\/p>\n\n\n\n<p>O Trabalho de Conclus\u00e3o do Curso de Filosofia (TCCFIL) tem por objetivos: <\/p>\n\n\n\n<p>1) Proporcionar ao aluno-orientando a correla\u00e7\u00e3o dos conhecimentos filos\u00f3ficos adquiridos no decorrer do curso de gradua\u00e7\u00e3o; <\/p>\n\n\n\n<p>2) Promover a capacidade de reflex\u00e3o e investiga\u00e7\u00e3o do aluno-orientando mediante o aprofundamento de um tema filos\u00f3fico; <\/p>\n\n\n\n<p>3) Favorecer o crescimento did\u00e1tico-pedag\u00f3gico na efetiva\u00e7\u00e3o do estudo filos\u00f3fico a partir da rela\u00e7\u00e3o orientador-orientando; <\/p>\n\n\n\n<p>4) Viabilizar o pleno exerc\u00edcio da tarefa filos\u00f3fica atrav\u00e9s da elabora\u00e7\u00e3o escrita e apresenta\u00e7\u00e3o oral de ensaio monogr\u00e1fico; <\/p>\n\n\n\n<p>5) Desenvolver referenciais qualitativos de acompanhamento do curso de Gradua\u00e7\u00e3o em Filosofia em decorr\u00eancia de uma melhor e mais ampla avalia\u00e7\u00e3o do desempenho acad\u00eamico advinda do TCCFIL; <\/p>\n\n\n\n<p>6) proporcionar ao aluno uma perspectiva de trabalho dentro de uma linha de pesquisa com crit\u00e9rios qualificadores que possibilitem a forma\u00e7\u00e3o de um futuro pesquisador. <\/p>\n\n\n\n<p><\/p>\n\n\n\n<p>O Trabalho de Conclus\u00e3o de Curso (TCCFIL) consiste na elabora\u00e7\u00e3o de monografia pelo estudante regularmente matriculado na disciplina de Trabalho de Conclus\u00e3o de Curso II, onde passa pelo processo de qualifica\u00e7\u00e3o, e na disciplina de Trabalho de Conclus\u00e3o de Curso III, onde o estudante realiza a defesa de seu trabalho. A monografia deve versar sobre o assunto escolhido pelo estudante do curso de Filosofia, dentre os temas e autores orientados pelos docentes do Departamento de Filosofia, definidos a partir das linhas de pesquisa do referido Departamento, cujo teor seja especificamente filos\u00f3fico e mediante utiliza\u00e7\u00e3o de bibliografia reconhecida e compat\u00edvel ao tema proposto. <\/p>\n\n\n\n<p>No TCC II o estudante iniciar\u00e1 o desenvolvimento do projeto elaborado na disciplina de TCC I, e ao final da disciplina submeter\u00e1 o texto a um exame de qualifica\u00e7\u00e3o, por meio de uma Banca de Qualifica\u00e7\u00e3o presidida pelo orientador e integrada por mais dois membros, professores ou outros profissionais especialistas no tema, com o prop\u00f3sito de avaliar o trabalho parcial, observando-se poss\u00edveis erros e fazendo sugest\u00f5es que possam contribuir para o aprimoramento e finaliza\u00e7\u00e3o do trabalho na disciplina de TCC III. <\/p>\n\n\n\n<p>No TCC III o estudante finalizar\u00e1 e apresentar\u00e1 sua monografia em defesa p\u00fablica diante de uma Banca composta por tr\u00eas professores. Al\u00e9m do orientador que preside a Banca, outros dois professores convidados participam como avaliadores por meio de argui\u00e7\u00e3o, havendo a possibilidade de outros profissionais participarem na banca desde que comprovadamente sejam especialistas no tema da monografia.<\/p>\n\n\n\n<div class=\"wp-block-buttons is-content-justification-center is-layout-flex wp-container-core-buttons-is-layout-16018d1d wp-block-buttons-is-layout-flex\">\n<div class=\"wp-block-button\"><a class=\"wp-block-button__link has-primary-accent-background-color has-background wp-element-button\" href=\"https:\/\/sites.uel.br\/prograd\/wp-content\/uploads\/documentos\/deliberacoes\/2007\/deliberacao_05_07.pdf\">Delibera\u00e7\u00e3o<\/a><\/div>\n<\/div>\n\n\n\n<div class=\"wp-block-columns is-layout-flex wp-container-core-columns-is-layout-9d6595d7 wp-block-columns-is-layout-flex\">\n<div class=\"wp-block-column is-layout-flow wp-block-column-is-layout-flow\"><\/div>\n<\/div>\n","protected":false},"excerpt":{"rendered":"<p>O Trabalho de Conclus\u00e3o de Curso ser\u00e1 desenvolvido parcialmente no turno do curso. O Trabalho de Conclus\u00e3o do Curso de Filosofia (TCCFIL) tem por objetivos: 1) Proporcionar ao aluno-orientando a correla\u00e7\u00e3o dos conhecimentos filos\u00f3ficos adquiridos no decorrer do curso de gradua\u00e7\u00e3o; 2) Promover a capacidade de reflex\u00e3o e investiga\u00e7\u00e3o do aluno-orientando mediante o aprofundamento de [&hellip;]<\/p>\n","protected":false},"author":6,"featured_media":0,"parent":0,"menu_order":0,"comment_status":"closed","ping_status":"closed","template":"","meta":{"_acf_changed":false,"_themeisle_gutenberg_block_has_review":false,"footnotes":""},"class_list":["post-133","page","type-page","status-publish","hentry"],"acf":[],"_links":{"self":[{"href":"https:\/\/graduacao.uel.br\/filosofia\/wp-json\/wp\/v2\/pages\/133","targetHints":{"allow":["GET"]}}],"collection":[{"href":"https:\/\/graduacao.uel.br\/filosofia\/wp-json\/wp\/v2\/pages"}],"about":[{"href":"https:\/\/graduacao.uel.br\/filosofia\/wp-json\/wp\/v2\/types\/page"}],"author":[{"embeddable":true,"href":"https:\/\/graduacao.uel.br\/filosofia\/wp-json\/wp\/v2\/users\/6"}],"replies":[{"embeddable":true,"href":"https:\/\/graduacao.uel.br\/filosofia\/wp-json\/wp\/v2\/comments?post=133"}],"version-history":[{"count":7,"href":"https:\/\/graduacao.uel.br\/filosofia\/wp-json\/wp\/v2\/pages\/133\/revisions"}],"predecessor-version":[{"id":169,"href":"https:\/\/graduacao.uel.br\/filosofia\/wp-json\/wp\/v2\/pages\/133\/revisions\/169"}],"wp:attachment":[{"href":"https:\/\/graduacao.uel.br\/filosofia\/wp-json\/wp\/v2\/media?parent=133"}],"curies":[{"name":"wp","href":"https:\/\/api.w.org\/{rel}","templated":true}]}}