{"id":19,"date":"2024-07-12T17:45:58","date_gmt":"2024-07-12T20:45:58","guid":{"rendered":"https:\/\/graduacao.uel.br\/fisioterapia\/?page_id=19"},"modified":"2024-07-12T20:59:39","modified_gmt":"2024-07-12T23:59:39","slug":"o-curso","status":"publish","type":"page","link":"https:\/\/graduacao.uel.br\/fisioterapia\/o-curso\/","title":{"rendered":"O Curso"},"content":{"rendered":"\n<p>O Curso de Gradua\u00e7\u00e3o em Fisioterapia da Universidade Estadual de Londrina (UEL) \u00e9 um dos seis cursos do Centro de Ci\u00eancias da Sa\u00fade (CCS) e est\u00e1 vinculado ao Departamento de Fisioterapia. Foi o primeiro curso de Fisioterapia no Estado do Paran\u00e1 e do segundo do Sul do Brasil.  As atividades foram iniciadas no segundo semestre de 1979.<\/p>\n\n\n\n<p><strong>Objetivo<\/strong><\/p>\n\n\n\n<p>Formar Fisioterapeutas de alto n\u00edvel de excel\u00eancia t\u00e9cnico-cient\u00edfica e com vis\u00e3o integral dos problemas de sua \u00e1rea, no processo sa\u00fade\/doen\u00e7a e no estado de sa\u00fade da popula\u00e7\u00e3o, capazes de atuar em todos os n\u00edveis de aten\u00e7\u00e3o \u00e0 sa\u00fade, em conson\u00e2ncia com os aspectos sociais, filos\u00f3ficos, pol\u00edticos, econ\u00f4micos e culturais, com postura \u00e9tica, cr\u00edtica e reflexiva.<\/p>\n\n\n\n<p><strong>Perfil do egresso<\/strong><\/p>\n\n\n\n<p>O fisioterapeuta formado na UEL tem o movimento humano como objeto de estudo e atua\u00e7\u00e3o. Com forma\u00e7\u00e3o generalista e humanista, este fisioterapeuta deve apresentar capacidade cr\u00edtica e reflexiva para atua\u00e7\u00e3o aut\u00f3noma em todos os n\u00edveis de aten\u00e7\u00e3o \u00e0 sa\u00fade, de forma individual e coletiva, com capacidade de elabora\u00e7\u00e3o do diagn\u00f3stico cinesiol\u00f3gico funcional, de preserva\u00e7\u00e3o e restaura\u00e7\u00e3o da integridade de \u00f3rg\u00e3os, sistemas e fun\u00e7\u00f5es. <\/p>\n\n\n\n<p>Esse profissional elege e executa procedimentos fisioterap\u00eauticos pertinentes a cada situa\u00e7\u00e3o, com avalia\u00e7\u00f5es e condutas fundamentadas em rigor t\u00e9cnico\/cient\u00edfico, de forma eficiente e resolutiva, respeito aos princ\u00edpios \u00e9ticos e bio\u00e9ticos inerentes ao exerc\u00edcio profissional, no contexto social e cultural dos indiv\u00edduos e coletividade.<\/p>\n\n\n\n<p><strong>Campos de Atua\u00e7\u00e3o<\/strong><br>O Fisioterapeuta atua em institui\u00e7\u00f5es p\u00fablicas, filantr\u00f3picas e privadas (hospitais, escolas, unidades b\u00e1sicas de sa\u00fade, cl\u00ednicas, empresas, associa\u00e7\u00f5es, clubes). A profiss\u00e3o \u00e9 regulamentada pelo Decreto Federal n.\u00ba 938, de 13\/10\/69.<\/p>\n\n\n\n<p><\/p>\n\n\n\n<p><br><\/p>\n","protected":false},"excerpt":{"rendered":"<p>O Curso de Gradua\u00e7\u00e3o em Fisioterapia da Universidade Estadual de Londrina (UEL) \u00e9 um dos seis cursos do Centro de Ci\u00eancias da Sa\u00fade (CCS) e est\u00e1 vinculado ao Departamento de Fisioterapia. Foi o primeiro curso de Fisioterapia no Estado do Paran\u00e1 e do segundo do Sul do Brasil. As atividades foram iniciadas no segundo semestre [&hellip;]<\/p>\n","protected":false},"author":8,"featured_media":0,"parent":0,"menu_order":0,"comment_status":"closed","ping_status":"closed","template":"","meta":{"_acf_changed":false,"footnotes":""},"class_list":["post-19","page","type-page","status-publish","hentry"],"acf":[],"_links":{"self":[{"href":"https:\/\/graduacao.uel.br\/fisioterapia\/wp-json\/wp\/v2\/pages\/19","targetHints":{"allow":["GET"]}}],"collection":[{"href":"https:\/\/graduacao.uel.br\/fisioterapia\/wp-json\/wp\/v2\/pages"}],"about":[{"href":"https:\/\/graduacao.uel.br\/fisioterapia\/wp-json\/wp\/v2\/types\/page"}],"author":[{"embeddable":true,"href":"https:\/\/graduacao.uel.br\/fisioterapia\/wp-json\/wp\/v2\/users\/8"}],"replies":[{"embeddable":true,"href":"https:\/\/graduacao.uel.br\/fisioterapia\/wp-json\/wp\/v2\/comments?post=19"}],"version-history":[{"count":2,"href":"https:\/\/graduacao.uel.br\/fisioterapia\/wp-json\/wp\/v2\/pages\/19\/revisions"}],"predecessor-version":[{"id":79,"href":"https:\/\/graduacao.uel.br\/fisioterapia\/wp-json\/wp\/v2\/pages\/19\/revisions\/79"}],"wp:attachment":[{"href":"https:\/\/graduacao.uel.br\/fisioterapia\/wp-json\/wp\/v2\/media?parent=19"}],"curies":[{"name":"wp","href":"https:\/\/api.w.org\/{rel}","templated":true}]}}