{"id":31,"date":"2024-07-12T17:48:28","date_gmt":"2024-07-12T20:48:28","guid":{"rendered":"https:\/\/graduacao.uel.br\/fisioterapia\/?page_id=31"},"modified":"2024-07-15T17:01:11","modified_gmt":"2024-07-15T20:01:11","slug":"servico-de-apoio","status":"publish","type":"page","link":"https:\/\/graduacao.uel.br\/fisioterapia\/servico-de-apoio\/","title":{"rendered":"Servi\u00e7o de Apoio"},"content":{"rendered":"\n<p>A Universidade Estadual de Londrina (UEL) disponibiliza aos estudantes servi\u00e7o de apoio, v\u00e1rios deles s\u00e3o ofertados pelo&nbsp;<strong><a href=\"https:\/\/sites.uel.br\/sebec\/\">SEBEC<\/a><\/strong>&nbsp;(Servi\u00e7o de Bem Estar da Comunidade), que tem como finalidade o planejamento, coordena\u00e7\u00e3o, execu\u00e7\u00e3o, supervis\u00e3o e controle operacional dos servi\u00e7os que promovam o bem estar aos agentes universit\u00e1rios e estudantes da UEL.<\/p>\n\n\n\n<div class=\"wp-block-pb-accordion-item c-accordion__item js-accordion-item no-js\" data-initially-open=\"false\" data-click-to-close=\"true\" data-auto-close=\"true\" data-scroll=\"false\" data-scroll-offset=\"0\"><h6 id=\"at-310\" class=\"c-accordion__title js-accordion-controller\" role=\"button\">Moradia Estudantil<\/h6><div id=\"ac-310\" class=\"c-accordion__content\">\n<p>Estrutura com espa\u00e7os coletivos, sala de estudos e inform\u00e1tica equipada com computadores, sala de TV, cozinha, lavanderia, sistema &nbsp;Wi-Fi, seguran\u00e7a e monitoramento 24 horas, acesso biom\u00e9trico dos estudantes moradores, proporcionando qualidade de vida pessoal e acad\u00eamica enquanto o aluno permanece na UEL.<\/p>\n\n\n\n<p>Conhe\u00e7a a&nbsp;<strong><a href=\"https:\/\/sites.uel.br\/sebec\/sobre-a-moradia-estudantil\/\">Moradia Estudantil<\/a><\/strong>.<\/p>\n<\/div><\/div>\n\n\n\n<div class=\"wp-block-pb-accordion-item c-accordion__item js-accordion-item no-js\" data-initially-open=\"false\" data-click-to-close=\"true\" data-auto-close=\"true\" data-scroll=\"false\" data-scroll-offset=\"0\"><h6 id=\"at-311\" class=\"c-accordion__title js-accordion-controller\" role=\"button\">Restaurante Universit\u00e1rio<\/h6><div id=\"ac-311\" class=\"c-accordion__content\">\n<p>Para garantir a alimenta\u00e7\u00e3o e a nutri\u00e7\u00e3o de toda a comunidade universit\u00e1ria.<\/p>\n\n\n\n<p>Conhe\u00e7a o&nbsp;<strong><a href=\"https:\/\/sites.uel.br\/sebec\/sobre-o-restaurante-universitario\/\">RU UEL<\/a><\/strong>.<\/p>\n<\/div><\/div>\n\n\n\n<div class=\"wp-block-pb-accordion-item c-accordion__item js-accordion-item no-js\" data-initially-open=\"false\" data-click-to-close=\"true\" data-auto-close=\"true\" data-scroll=\"false\" data-scroll-offset=\"0\"><h6 id=\"at-312\" class=\"c-accordion__title js-accordion-controller\" role=\"button\">Servi\u00e7os Digitais<\/h6><div id=\"ac-312\" class=\"c-accordion__content\">\n<p>Diversos servi\u00e7os s\u00e3o disponibilizados para facilitar a vida da comunidade universit\u00e1ria. Entre eles, est\u00e3o o aplicativo UEL Mobile, o Microsoft Office 365, Ferramentas do Google, etc.<\/p>\n\n\n\n<p>Conhe\u00e7a os diversos&nbsp;<a href=\"https:\/\/sites.uel.br\/ati\/servicos\/\"><strong>Servi\u00e7os Digitais<\/strong><\/a>.<\/p>\n<\/div><\/div>\n\n\n\n<div class=\"wp-block-pb-accordion-item c-accordion__item js-accordion-item no-js\" data-initially-open=\"false\" data-click-to-close=\"true\" data-auto-close=\"true\" data-scroll=\"false\" data-scroll-offset=\"0\"><h6 id=\"at-313\" class=\"c-accordion__title js-accordion-controller\" role=\"button\">Sistema de Bibliotecas<\/h6><div id=\"ac-313\" class=\"c-accordion__content\">\n<p>Formados por quatros bibliotecas, o Sistema de Bibliotecas da UEL atende a toda comunidade universit\u00e1ria. S\u00e3o milhares de t\u00edtulos dispon\u00edveis para empr\u00e9stimo e consulta.<\/p>\n\n\n\n<p>Conhe\u00e7a o&nbsp;<a href=\"https:\/\/sites.uel.br\/bibliotecas\/\"><strong>Sistema de Bibliotecas<\/strong><\/a>.<\/p>\n<\/div><\/div>\n\n\n\n<div class=\"wp-block-pb-accordion-item c-accordion__item js-accordion-item no-js\" data-initially-open=\"false\" data-click-to-close=\"true\" data-auto-close=\"true\" data-scroll=\"false\" data-scroll-offset=\"0\"><h6 id=\"at-314\" class=\"c-accordion__title js-accordion-controller\" role=\"button\">DASC \u2013 Divis\u00e3o de Assist\u00eancia \u00e0 Sa\u00fade e a Comunidade<\/h6><div id=\"ac-314\" class=\"c-accordion__content\">\n<p>Desenvolver a\u00e7\u00f5es de promo\u00e7\u00e3o, prote\u00e7\u00e3o e apoio \u00e0 sa\u00fade em&nbsp;<strong>n\u00edvel ambulatorial<\/strong>, com equipe multiprofissional e interdisciplinar, propondo e implementando a\u00e7\u00f5es de sa\u00fade articuladas em parceria com outros \u00f3rg\u00e3os, em busca da melhoria na qualidade de vida da comunidade da UEL.&nbsp;<strong><a href=\"https:\/\/sites.uel.br\/pdi\/divisao-de-assistencia-a-saude-da-comunidade-dasc\/\">Saiba mais<\/a><\/strong>.<\/p>\n<\/div><\/div>\n\n\n\n<div class=\"wp-block-pb-accordion-item c-accordion__item js-accordion-item no-js\" data-initially-open=\"false\" data-click-to-close=\"true\" data-auto-close=\"true\" data-scroll=\"false\" data-scroll-offset=\"0\"><h6 id=\"at-315\" class=\"c-accordion__title js-accordion-controller\" role=\"button\">Cl\u00ednica Psicol\u00f3gica<\/h6><div id=\"ac-315\" class=\"c-accordion__content\">\n<p>A Cl\u00ednica Psicol\u00f3gica da UEL tem como atividade principal o oferecimento da&nbsp;psicoterapia individual para crian\u00e7as, adolescentes, adultos e idosos.&nbsp; As demais atividades s\u00e3o realizadas a partir de projetos de ensino, pesquisa e extens\u00e3o, conforme disponibilidade e interesse dos docentes e pesquisadores da UEL.&nbsp;<strong><a href=\"https:\/\/www.uel.br\/clinicapsicologica\/\">Saiba mais<\/a><\/strong>.<\/p>\n<\/div><\/div>\n\n\n\n<div class=\"wp-block-pb-accordion-item c-accordion__item js-accordion-item no-js\" data-initially-open=\"false\" data-click-to-close=\"true\" data-auto-close=\"true\" data-scroll=\"false\" data-scroll-offset=\"0\"><h6 id=\"at-316\" class=\"c-accordion__title js-accordion-controller\" role=\"button\">PADD\u00a0<strong>(somente para estudantes e professores da \u00e1rea de sa\u00fade)<\/strong><\/h6><div id=\"ac-316\" class=\"c-accordion__content\">\n<p>Somente para o Centro de Ci\u00eancias da Sa\u00fade da UEL, \u00e9 um Programa de Apoio ao Docente e Discente, do Centro de Ci\u00eancias da Sa\u00fade. Atividades de orienta\u00e7\u00f5es, preven\u00e7\u00f5es e apoio. Conhe\u00e7a mais clicando\u00a0<strong><a href=\"https:\/\/sites.uel.br\/ccs\/padd\/\">aqui<\/a><\/strong>.<\/p>\n<\/div><\/div>\n\n\n\n<div class=\"wp-block-columns is-layout-flex wp-container-core-columns-is-layout-9d6595d7 wp-block-columns-is-layout-flex\">\n<div class=\"wp-block-column is-layout-flow wp-block-column-is-layout-flow\"><\/div>\n<\/div>\n","protected":false},"excerpt":{"rendered":"<p>A Universidade Estadual de Londrina (UEL) disponibiliza aos estudantes servi\u00e7o de apoio, v\u00e1rios deles s\u00e3o ofertados pelo&nbsp;SEBEC&nbsp;(Servi\u00e7o de Bem Estar da Comunidade), que tem como finalidade o planejamento, coordena\u00e7\u00e3o, execu\u00e7\u00e3o, supervis\u00e3o e controle operacional dos servi\u00e7os que promovam o bem estar aos agentes universit\u00e1rios e estudantes da UEL.<\/p>\n","protected":false},"author":8,"featured_media":0,"parent":0,"menu_order":0,"comment_status":"closed","ping_status":"closed","template":"","meta":{"_acf_changed":false,"footnotes":""},"class_list":["post-31","page","type-page","status-publish","hentry"],"acf":[],"_links":{"self":[{"href":"https:\/\/graduacao.uel.br\/fisioterapia\/wp-json\/wp\/v2\/pages\/31","targetHints":{"allow":["GET"]}}],"collection":[{"href":"https:\/\/graduacao.uel.br\/fisioterapia\/wp-json\/wp\/v2\/pages"}],"about":[{"href":"https:\/\/graduacao.uel.br\/fisioterapia\/wp-json\/wp\/v2\/types\/page"}],"author":[{"embeddable":true,"href":"https:\/\/graduacao.uel.br\/fisioterapia\/wp-json\/wp\/v2\/users\/8"}],"replies":[{"embeddable":true,"href":"https:\/\/graduacao.uel.br\/fisioterapia\/wp-json\/wp\/v2\/comments?post=31"}],"version-history":[{"count":2,"href":"https:\/\/graduacao.uel.br\/fisioterapia\/wp-json\/wp\/v2\/pages\/31\/revisions"}],"predecessor-version":[{"id":90,"href":"https:\/\/graduacao.uel.br\/fisioterapia\/wp-json\/wp\/v2\/pages\/31\/revisions\/90"}],"wp:attachment":[{"href":"https:\/\/graduacao.uel.br\/fisioterapia\/wp-json\/wp\/v2\/media?parent=31"}],"curies":[{"name":"wp","href":"https:\/\/api.w.org\/{rel}","templated":true}]}}