{"id":13,"date":"2024-04-26T11:08:36","date_gmt":"2024-04-26T14:08:36","guid":{"rendered":"https:\/\/graduacao.uel.br\/historia\/?page_id=13"},"modified":"2024-04-26T14:04:27","modified_gmt":"2024-04-26T17:04:27","slug":"infraestrutura","status":"publish","type":"page","link":"https:\/\/graduacao.uel.br\/historia\/infraestrutura\/","title":{"rendered":"Infraestrutura"},"content":{"rendered":"\n<p>O curso de Hist\u00f3ria da UEL faz parte da estrutura administrativa e f\u00edsica do Centro de Letras e Ci\u00eancias Humanas (CLCH). Al\u00e9m de salas de aulas, o curso se utiliza de estruturas de laborat\u00f3rios e bibliotecas para as atividades acad\u00eamicas.<\/p>\n\n\n\n<iframe src=\"https:\/\/www.google.com\/maps\/embed?pb=!1m18!1m12!1m3!1d3663.753450255249!2d-51.20734502491103!3d-23.324702578963056!2m3!1f0!2f0!3f0!3m2!1i1024!2i768!4f13.1!3m3!1m2!1s0x94eb5b61e11f77bd%3A0x6c8d0d2212a6dc2d!2sDepartamento%20de%20Hist%C3%B3ria!5e0!3m2!1spt-BR!2sbr!4v1714150993408!5m2!1spt-BR!2sbr\" width=\"1200\" height=\"600\" style=\"border:0;\" allowfullscreen=\"\" loading=\"lazy\" referrerpolicy=\"no-referrer-when-downgrade\"><\/iframe>\n","protected":false},"excerpt":{"rendered":"<p>O curso de Hist\u00f3ria da UEL faz parte da estrutura administrativa e f\u00edsica do Centro de Letras e Ci\u00eancias Humanas (CLCH). Al\u00e9m de salas de aulas, o curso se utiliza de estruturas de laborat\u00f3rios e bibliotecas para as atividades acad\u00eamicas.<\/p>\n","protected":false},"author":6,"featured_media":0,"parent":0,"menu_order":0,"comment_status":"closed","ping_status":"closed","template":"","meta":{"_acf_changed":false,"footnotes":""},"class_list":["post-13","page","type-page","status-publish","hentry"],"acf":[],"_links":{"self":[{"href":"https:\/\/graduacao.uel.br\/historia\/wp-json\/wp\/v2\/pages\/13","targetHints":{"allow":["GET"]}}],"collection":[{"href":"https:\/\/graduacao.uel.br\/historia\/wp-json\/wp\/v2\/pages"}],"about":[{"href":"https:\/\/graduacao.uel.br\/historia\/wp-json\/wp\/v2\/types\/page"}],"author":[{"embeddable":true,"href":"https:\/\/graduacao.uel.br\/historia\/wp-json\/wp\/v2\/users\/6"}],"replies":[{"embeddable":true,"href":"https:\/\/graduacao.uel.br\/historia\/wp-json\/wp\/v2\/comments?post=13"}],"version-history":[{"count":3,"href":"https:\/\/graduacao.uel.br\/historia\/wp-json\/wp\/v2\/pages\/13\/revisions"}],"predecessor-version":[{"id":79,"href":"https:\/\/graduacao.uel.br\/historia\/wp-json\/wp\/v2\/pages\/13\/revisions\/79"}],"wp:attachment":[{"href":"https:\/\/graduacao.uel.br\/historia\/wp-json\/wp\/v2\/media?parent=13"}],"curies":[{"name":"wp","href":"https:\/\/api.w.org\/{rel}","templated":true}]}}

<p>O curso de História da UEL faz parte da estrutura administrativa e física do Centro de Letras e Ciências Humanas (CLCH). Além de salas de aulas, o curso se utiliza de estruturas de laboratórios e bibliotecas para as atividades acadêmicas.</p>



<iframe src="https://www.google.com/maps/embed?pb=!1m18!1m12!1m3!1d3663.753450255249!2d-51.20734502491103!3d-23.324702578963056!2m3!1f0!2f0!3f0!3m2!1i1024!2i768!4f13.1!3m3!1m2!1s0x94eb5b61e11f77bd%3A0x6c8d0d2212a6dc2d!2sDepartamento%20de%20Hist%C3%B3ria!5e0!3m2!1spt-BR!2sbr!4v1714150993408!5m2!1spt-BR!2sbr" width="1200" height="600" style="border:0;" allowfullscreen="" loading="lazy" referrerpolicy="no-referrer-when-downgrade"></iframe>

<p>O curso de História da UEL faz parte da estrutura administrativa e física do Centro de Letras e Ciências Humanas (CLCH). Além de salas de aulas, o curso se utiliza de estruturas de laboratórios e bibliotecas para as atividades acadêmicas.</p>
