{"id":30,"date":"2024-04-26T11:47:41","date_gmt":"2024-04-26T14:47:41","guid":{"rendered":"https:\/\/graduacao.uel.br\/historia\/?page_id=30"},"modified":"2024-04-30T15:41:21","modified_gmt":"2024-04-30T18:41:21","slug":"matriz-curricular","status":"publish","type":"page","link":"https:\/\/graduacao.uel.br\/historia\/matriz-curricular\/","title":{"rendered":"Matriz Curricular"},"content":{"rendered":"\n<p>Para os estudantes que\u00a0<strong>ingressaram antes de 2023<\/strong>, a Matriz Curricular vigente \u00e9 a seguinte:\u00a0<strong><a href=\"https:\/\/sites.uel.br\/prograd\/wp-content\/uploads\/documentos\/resolucoes\/2018\/resolucao_129_18.pdf\">Matriz Curricular<\/a><\/strong>.<\/p>\n\n\n\n<p><strong>A partir de 2023<\/strong>, ap\u00f3s reformula\u00e7\u00e3o curricular do Projeto Pedag\u00f3gico do Curso de Hist\u00f3ria, pela\u00a0<a href=\"https:\/\/sites.uel.br\/prograd\/wp-content\/uploads\/documentos\/resolucoes\/2023\/resolucao_08_23.pdf\">Resolu\u00e7\u00e3o CEPE\/CA 008\/2023<\/a>,<\/p>\n\n\n\n<p>a Matriz Curricular vigente passou a ser a seguinte: <strong><a href=\"https:\/\/sites.uel.br\/prograd\/wp-content\/uploads\/catalogo_cursos\/2023\/organizacao_curricular\/historia_licenciatura_matutino.pdf\">Matutino<\/a><\/strong> ou <strong><a href=\"https:\/\/sites.uel.br\/prograd\/wp-content\/uploads\/catalogo_cursos\/2023\/organizacao_curricular\/historia_licenciatura_noturno.pdf\">Noturno<\/a><\/strong>.<\/p>\n\n\n\n<p><\/p>\n","protected":false},"excerpt":{"rendered":"<p>Para os estudantes que\u00a0ingressaram antes de 2023, a Matriz Curricular vigente \u00e9 a seguinte:\u00a0Matriz Curricular. A partir de 2023, ap\u00f3s reformula\u00e7\u00e3o curricular do Projeto Pedag\u00f3gico do Curso de Hist\u00f3ria, pela\u00a0Resolu\u00e7\u00e3o CEPE\/CA 008\/2023, a Matriz Curricular vigente passou a ser a seguinte: Matutino ou Noturno.<\/p>\n","protected":false},"author":6,"featured_media":0,"parent":0,"menu_order":0,"comment_status":"closed","ping_status":"closed","template":"","meta":{"_acf_changed":false,"footnotes":""},"class_list":["post-30","page","type-page","status-publish","hentry"],"acf":[],"_links":{"self":[{"href":"https:\/\/graduacao.uel.br\/historia\/wp-json\/wp\/v2\/pages\/30","targetHints":{"allow":["GET"]}}],"collection":[{"href":"https:\/\/graduacao.uel.br\/historia\/wp-json\/wp\/v2\/pages"}],"about":[{"href":"https:\/\/graduacao.uel.br\/historia\/wp-json\/wp\/v2\/types\/page"}],"author":[{"embeddable":true,"href":"https:\/\/graduacao.uel.br\/historia\/wp-json\/wp\/v2\/users\/6"}],"replies":[{"embeddable":true,"href":"https:\/\/graduacao.uel.br\/historia\/wp-json\/wp\/v2\/comments?post=30"}],"version-history":[{"count":4,"href":"https:\/\/graduacao.uel.br\/historia\/wp-json\/wp\/v2\/pages\/30\/revisions"}],"predecessor-version":[{"id":252,"href":"https:\/\/graduacao.uel.br\/historia\/wp-json\/wp\/v2\/pages\/30\/revisions\/252"}],"wp:attachment":[{"href":"https:\/\/graduacao.uel.br\/historia\/wp-json\/wp\/v2\/media?parent=30"}],"curies":[{"name":"wp","href":"https:\/\/api.w.org\/{rel}","templated":true}]}}

<p>Para os estudantes que <strong>ingressaram antes de 2023</strong>, a Matriz Curricular vigente é a seguinte: <strong><a href="https://sites.uel.br/prograd/wp-content/uploads/documentos/resolucoes/2018/resolucao_129_18.pdf">Matriz Curricular</a></strong>.</p>



<p><strong>A partir de 2023</strong>, após reformulação curricular do Projeto Pedagógico do Curso de História, pela <a href="https://sites.uel.br/prograd/wp-content/uploads/documentos/resolucoes/2023/resolucao_08_23.pdf">Resolução CEPE/CA 008/2023</a>,</p>



<p>a Matriz Curricular vigente passou a ser a seguinte: <strong><a href="https://sites.uel.br/prograd/wp-content/uploads/catalogo_cursos/2023/organizacao_curricular/historia_licenciatura_matutino.pdf">Matutino</a></strong> ou <strong><a href="https://sites.uel.br/prograd/wp-content/uploads/catalogo_cursos/2023/organizacao_curricular/historia_licenciatura_noturno.pdf">Noturno</a></strong>.</p>



<p></p>

<p>Para os estudantes que ingressaram antes de 2023, a Matriz Curricular vigente é a seguinte: Matriz Curricular. A partir de 2023, após reformulação curricular do Projeto Pedagógico do Curso de História, pela Resolução CEPE/CA 008/2023, a Matriz Curricular vigente passou a ser a seguinte: Matutino ou Noturno.</p>
