{"id":32,"date":"2024-04-26T11:48:14","date_gmt":"2024-04-26T14:48:14","guid":{"rendered":"https:\/\/graduacao.uel.br\/historia\/?page_id=32"},"modified":"2024-04-30T11:26:42","modified_gmt":"2024-04-30T14:26:42","slug":"projeto-pedagogico-ppc","status":"publish","type":"page","link":"https:\/\/graduacao.uel.br\/historia\/projeto-pedagogico-ppc\/","title":{"rendered":"Projeto Pedag\u00f3gico (PPC)"},"content":{"rendered":"\n<p>0 Projeto Pedag\u00f3gico de Curso (PPC) ora apresentado estabelece os novos par\u00e2metros que nortear\u00e3o o funcionamento do curso de Licenciatura em Hist\u00f3ria da Universidade Estadual de Londrina &#8211; UEL a partir do primeiro semestre letivo do ano de 2023. Bem assim, define a matriz curricular a ser implantada, o sistema acad\u00eamico, o sistema de avalia\u00e7\u00e3o, as Pr\u00e1ticas Como Componente Curricular (PCC), o Est\u00e1gio obrigat\u00f3rio, a curriculariza\u00e7\u00e3o da extens\u00e3o, as Atividades Acad\u00eamicas Complementares (AAC) e suas respectivas cargas hor\u00e1rias.<\/p>\n\n\n\n<p>Existente desde 1958, o curso de Hist\u00f3ria da Universidade Estadual de Londrina &#8211; UEL tem mais de 60 anos de trajet\u00f3ria. Ao longo desse per\u00edodo teve diferentes perfis: nascido em princ\u00edpio como Bacharelado, em 1960, voltou-se para a Licenciatura, e entre as d\u00e9cadas de 1970 e 1980, diante das exig\u00eancias de adapta\u00e7\u00e3o \u00e0s reformas no ensino, foi substitu\u00eddo pelo curso de Ci\u00eancias Sociais. Hoje, como Licenciatura, o curso se dirige \u00e0 forma\u00e7\u00e3o integral do profissional de hist\u00f3ria como professor e pesquisador, sendo constitu\u00eddas turmas nos per\u00edodos matutino e noturno, em n\u00edvel de gradua\u00e7\u00e3o, somando 80 (oitenta) vagas anuais.<\/p>\n\n\n\n<p>0 curso de Hist\u00f3ria tem forte inser\u00e7\u00e3o regional, especialmente devido ao fato de formar professores para a rede de ensino p\u00fablica e privada da cidade de Londrina e regi\u00e3o norte do Paran\u00e1. Atende ainda estudantes do interior do estado de S\u00e3o Paulo e do Mato Grosso do Sul.<\/p>\n\n\n\n<p>Cabe destacar que ao longo de sua exist\u00eancia o curso tem formado tamb\u00e9m professores que, se tornaram pesquisadores qualificados, tendo cursado n\u00e3o s\u00f3 as especializa\u00e7\u00f5es ofertadas pelo Departamento de Hist\u00f3ria como tamb\u00e9m os cursos de mestrado e de doutorado nas diversas institui\u00e7\u00f5es do pa\u00eds. Vale dizer, o Departamento oferta o curso de Mestrado em Hist\u00f3ria Social, estando projetada a abertura do curso de Doutorado a m\u00e9dio prazo.<\/p>\n\n\n\n<p>As Diretrizes Curriculares Nacionais que norteiam o funcionamento dos cursos de gradua\u00e7\u00e3o em Hist\u00f3ria foram estabelecidas pelo Parecer CNE\/CES 492\/2001, aprovado em 03\/04\/2001 e publicado no Di\u00e1rio Oficial da Uni\u00e3o de 09\/07\/2001, Se\u00e7\u00e3o 1e, p. 50. A legisla\u00e7\u00e3o que regulamenta a profiss\u00e3o de historiador foi recentemente estabelecida pela Lei Federal n\u00b0 14.038, de 17\/08\/2020.<\/p>\n\n\n\n<p><\/p>\n\n\n\n<div class=\"wp-block-buttons is-content-justification-center is-layout-flex wp-container-core-buttons-is-layout-16018d1d wp-block-buttons-is-layout-flex\">\n<div class=\"wp-block-button\"><a class=\"wp-block-button__link has-primary-accent-background-color has-background wp-element-button\" href=\"https:\/\/sites.uel.br\/prograd\/graduacao\/projetos-pedagogicos\/projetos-pedagogicos-historia\/\">Resolu\u00e7\u00f5es e Delibera\u00e7\u00f5es<\/a><\/div>\n<\/div>\n\n\n\n<p><\/p>\n\n\n\n<div class=\"wp-block-pb-accordion-item c-accordion__item js-accordion-item no-js\" data-initially-open=\"false\" data-click-to-close=\"true\" data-auto-close=\"true\" data-scroll=\"false\" data-scroll-offset=\"0\"><h6 id=\"at-320\" class=\"c-accordion__title js-accordion-controller\" role=\"button\">DEPARTAMENTO<\/h6><div id=\"ac-320\" class=\"c-accordion__content\">\n<p>O Departamento, subunidade dos Centros de Estudos, constitui-se na menor estrutura de organiza\u00e7\u00e3o administrativa, did\u00e1tico cient\u00edfica e de lota\u00e7\u00e3o de pessoal.<br>No Departamento s\u00e3o reunidas atividades acad\u00eamicas afins e nele est\u00e3o integrados docentes e t\u00e9cnico administrativos para objetivos comuns. (Art. 122 do Regimento Geral da UEL).<\/p>\n<\/div><\/div>\n\n\n\n<div class=\"wp-block-pb-accordion-item c-accordion__item js-accordion-item no-js\" data-initially-open=\"false\" data-click-to-close=\"true\" data-auto-close=\"true\" data-scroll=\"false\" data-scroll-offset=\"0\"><h6 id=\"at-321\" class=\"c-accordion__title js-accordion-controller\" role=\"button\">COLEGIADO<\/h6><div id=\"ac-321\" class=\"c-accordion__content\">\n<p>Os Colegiados de cursos de gradua\u00e7\u00e3o exercem a coordena\u00e7\u00e3o pedag\u00f3gica dos cursos e ser\u00e3o constitu\u00eddos por representantes docentes da \u00e1rea principal de conhecimento e da \u00e1rea b\u00e1sica e\/ou complementar de conhecimento, estudantes e servidores, na forma prevista nos \u00a72\u00ba e \u00a73\u00ba do Art. 27 do Estatuto da Universidade. (Art. alterado atrav\u00e9s da Resolu\u00e7\u00e3o CU 168\/2007).<\/p>\n<\/div><\/div>\n\n\n\n<div class=\"wp-block-pb-accordion-item c-accordion__item js-accordion-item no-js\" data-initially-open=\"false\" data-click-to-close=\"true\" data-auto-close=\"true\" data-scroll=\"false\" data-scroll-offset=\"0\"><h6 id=\"at-322\" class=\"c-accordion__title js-accordion-controller\" role=\"button\"><strong>N\u00daCLEO DOCENTE ESTRUTURANTE (NDE)<\/strong><\/h6><div id=\"ac-322\" class=\"c-accordion__content\">\n<p>O NDE institui-se como parte da estrutura de gest\u00e3o acad\u00eamica do curso com atribui\u00e7\u00f5es consultivas, propositivas e de assessoria, acerca de mat\u00e9rias de natureza acad\u00eamica e pedag\u00f3gica, sendo correspons\u00e1vel pela elabora\u00e7\u00e3o, implementa\u00e7\u00e3o e consolida\u00e7\u00e3o do Projeto Pedag\u00f3gico do Curso (PPC), al\u00e9m de zelar pelo cumprimento das Diretrizes Curriculares Nacionais (DCNs). Tem como objetivos:<\/p>\n\n\n\n<p>1 \u2013 Levantar dificuldades na atua\u00e7\u00e3o do corpo docente do Curso;<\/p>\n\n\n\n<p>2 \u2013 Auxiliar na elabora\u00e7\u00e3o e no acompanhamento do PPC;<\/p>\n\n\n\n<p>3 \u2013 Propor programas ou outras formas de capacita\u00e7\u00e3o docente;<\/p>\n\n\n\n<p>4 \u2013 Acompanhar as avalia\u00e7\u00f5es do Curso definidas pelo Colegiado;<\/p>\n\n\n\n<p>5 \u2013 Analisar e propor modifica\u00e7\u00f5es, quando necess\u00e1rias;<\/p>\n\n\n\n<p>6 \u2013 Indicar formas de incentivo ao desenvolvimento de atividades de pesquisa;<\/p>\n\n\n\n<p>7 \u2013 Contribuir para a concretiza\u00e7\u00e3o do perfil profissional;<\/p>\n\n\n\n<p>8 \u2013 Zelar pelo cumprimento das DCNs aplic\u00e1veis ao Curso de Hist\u00f3ria.<\/p>\n<\/div><\/div>\n","protected":false},"excerpt":{"rendered":"<p>0 Projeto Pedag\u00f3gico de Curso (PPC) ora apresentado estabelece os novos par\u00e2metros que nortear\u00e3o o funcionamento do curso de Licenciatura em Hist\u00f3ria da Universidade Estadual de Londrina &#8211; UEL a partir do primeiro semestre letivo do ano de 2023. Bem assim, define a matriz curricular a ser implantada, o sistema acad\u00eamico, o sistema de avalia\u00e7\u00e3o, [&hellip;]<\/p>\n","protected":false},"author":6,"featured_media":0,"parent":0,"menu_order":0,"comment_status":"closed","ping_status":"closed","template":"","meta":{"_acf_changed":false,"footnotes":""},"class_list":["post-32","page","type-page","status-publish","hentry"],"acf":[],"_links":{"self":[{"href":"https:\/\/graduacao.uel.br\/historia\/wp-json\/wp\/v2\/pages\/32","targetHints":{"allow":["GET"]}}],"collection":[{"href":"https:\/\/graduacao.uel.br\/historia\/wp-json\/wp\/v2\/pages"}],"about":[{"href":"https:\/\/graduacao.uel.br\/historia\/wp-json\/wp\/v2\/types\/page"}],"author":[{"embeddable":true,"href":"https:\/\/graduacao.uel.br\/historia\/wp-json\/wp\/v2\/users\/6"}],"replies":[{"embeddable":true,"href":"https:\/\/graduacao.uel.br\/historia\/wp-json\/wp\/v2\/comments?post=32"}],"version-history":[{"count":15,"href":"https:\/\/graduacao.uel.br\/historia\/wp-json\/wp\/v2\/pages\/32\/revisions"}],"predecessor-version":[{"id":236,"href":"https:\/\/graduacao.uel.br\/historia\/wp-json\/wp\/v2\/pages\/32\/revisions\/236"}],"wp:attachment":[{"href":"https:\/\/graduacao.uel.br\/historia\/wp-json\/wp\/v2\/media?parent=32"}],"curies":[{"name":"wp","href":"https:\/\/api.w.org\/{rel}","templated":true}]}}

Projeto Pedagógico (PPC)

<p>0 Projeto Pedagógico de Curso (PPC) ora apresentado estabelece os novos parâmetros que nortearão o funcionamento do curso de Licenciatura em História da Universidade Estadual de Londrina &#8211; UEL a partir do primeiro semestre letivo do ano de 2023. Bem assim, define a matriz curricular a ser implantada, o sistema acadêmico, o sistema de avaliação, as Práticas Como Componente Curricular (PCC), o Estágio obrigatório, a curricularização da extensão, as Atividades Acadêmicas Complementares (AAC) e suas respectivas cargas horárias.</p>



<p>Existente desde 1958, o curso de História da Universidade Estadual de Londrina &#8211; UEL tem mais de 60 anos de trajetória. Ao longo desse período teve diferentes perfis: nascido em princípio como Bacharelado, em 1960, voltou-se para a Licenciatura, e entre as décadas de 1970 e 1980, diante das exigências de adaptação às reformas no ensino, foi substituído pelo curso de Ciências Sociais. Hoje, como Licenciatura, o curso se dirige à formação integral do profissional de história como professor e pesquisador, sendo constituídas turmas nos períodos matutino e noturno, em nível de graduação, somando 80 (oitenta) vagas anuais.</p>



<p>0 curso de História tem forte inserção regional, especialmente devido ao fato de formar professores para a rede de ensino pública e privada da cidade de Londrina e região norte do Paraná. Atende ainda estudantes do interior do estado de São Paulo e do Mato Grosso do Sul.</p>



<p>Cabe destacar que ao longo de sua existência o curso tem formado também professores que, se tornaram pesquisadores qualificados, tendo cursado não só as especializações ofertadas pelo Departamento de História como também os cursos de mestrado e de doutorado nas diversas instituições do país. Vale dizer, o Departamento oferta o curso de Mestrado em História Social, estando projetada a abertura do curso de Doutorado a médio prazo.</p>



<p>As Diretrizes Curriculares Nacionais que norteiam o funcionamento dos cursos de graduação em História foram estabelecidas pelo Parecer CNE/CES 492/2001, aprovado em 03/04/2001 e publicado no Diário Oficial da União de 09/07/2001, Seção 1e, p. 50. A legislação que regulamenta a profissão de historiador foi recentemente estabelecida pela Lei Federal n° 14.038, de 17/08/2020.</p>



<p></p>



<div class="wp-block-buttons is-content-justification-center is-layout-flex wp-container-core-buttons-is-layout-16018d1d wp-block-buttons-is-layout-flex">
<div class="wp-block-button"><a class="wp-block-button__link has-primary-accent-background-color has-background wp-element-button" href="https://sites.uel.br/prograd/graduacao/projetos-pedagogicos/projetos-pedagogicos-historia/">Resoluções e Deliberações</a></div>
</div>



<p></p>



<div class="wp-block-pb-accordion-item c-accordion__item js-accordion-item no-js" data-initially-open="false" data-click-to-close="true" data-auto-close="true" data-scroll="false" data-scroll-offset="0"><h6 id="at-320" class="c-accordion__title js-accordion-controller" role="button">DEPARTAMENTO</h6><div id="ac-320" class="c-accordion__content">
<p>O Departamento, subunidade dos Centros de Estudos, constitui-se na menor estrutura de organização administrativa, didático científica e de lotação de pessoal.<br>No Departamento são reunidas atividades acadêmicas afins e nele estão integrados docentes e técnico administrativos para objetivos comuns. (Art. 122 do Regimento Geral da UEL).</p>
</div></div>



<div class="wp-block-pb-accordion-item c-accordion__item js-accordion-item no-js" data-initially-open="false" data-click-to-close="true" data-auto-close="true" data-scroll="false" data-scroll-offset="0"><h6 id="at-321" class="c-accordion__title js-accordion-controller" role="button">COLEGIADO</h6><div id="ac-321" class="c-accordion__content">
<p>Os Colegiados de cursos de graduação exercem a coordenação pedagógica dos cursos e serão constituídos por representantes docentes da área principal de conhecimento e da área básica e/ou complementar de conhecimento, estudantes e servidores, na forma prevista nos §2º e §3º do Art. 27 do Estatuto da Universidade. (Art. alterado através da Resolução CU 168/2007).</p>
</div></div>



<div class="wp-block-pb-accordion-item c-accordion__item js-accordion-item no-js" data-initially-open="false" data-click-to-close="true" data-auto-close="true" data-scroll="false" data-scroll-offset="0"><h6 id="at-322" class="c-accordion__title js-accordion-controller" role="button"><strong>NÚCLEO DOCENTE ESTRUTURANTE (NDE)</strong></h6><div id="ac-322" class="c-accordion__content">
<p>O NDE institui-se como parte da estrutura de gestão acadêmica do curso com atribuições consultivas, propositivas e de assessoria, acerca de matérias de natureza acadêmica e pedagógica, sendo corresponsável pela elaboração, implementação e consolidação do Projeto Pedagógico do Curso (PPC), além de zelar pelo cumprimento das Diretrizes Curriculares Nacionais (DCNs). Tem como objetivos:</p>



<p>1 – Levantar dificuldades na atuação do corpo docente do Curso;</p>



<p>2 – Auxiliar na elaboração e no acompanhamento do PPC;</p>



<p>3 – Propor programas ou outras formas de capacitação docente;</p>



<p>4 – Acompanhar as avaliações do Curso definidas pelo Colegiado;</p>



<p>5 – Analisar e propor modificações, quando necessárias;</p>



<p>6 – Indicar formas de incentivo ao desenvolvimento de atividades de pesquisa;</p>



<p>7 – Contribuir para a concretização do perfil profissional;</p>



<p>8 – Zelar pelo cumprimento das DCNs aplicáveis ao Curso de História.</p>
</div></div>

<p>0 Projeto Pedagógico de Curso (PPC) ora apresentado estabelece os novos parâmetros que nortearão o funcionamento do curso de Licenciatura em História da Universidade Estadual de Londrina &#8211; UEL a partir do primeiro semestre letivo do ano de 2023. Bem assim, define a matriz curricular a ser implantada, o sistema acadêmico, o sistema de avaliação, [&hellip;]</p>
