{"id":36,"date":"2024-04-26T11:48:41","date_gmt":"2024-04-26T14:48:41","guid":{"rendered":"https:\/\/graduacao.uel.br\/historia\/?page_id=36"},"modified":"2024-07-22T15:28:43","modified_gmt":"2024-07-22T18:28:43","slug":"contatos","status":"publish","type":"page","link":"https:\/\/graduacao.uel.br\/historia\/contatos\/","title":{"rendered":"Contatos"},"content":{"rendered":"\n<p><strong>Coordenador do Colegiado<\/strong><br>Marco Ant\u00f4nio Neves Soares<br>samusque@uel.br<\/p>\n\n\n\n<p><strong>Vice-Coordenador do Colegiado<\/strong><br>Lukas Gabriel Grzybowski<br>lukas.grzybowski@uel.br<\/p>\n\n\n\n<p><strong>Coordenador de Est\u00e1gio<\/strong><br>Alexandre Felipe Fiuza<br>alefiuza@uel.br<\/p>\n\n\n\n<p><strong>Vice-Coordenador de Est\u00e1gio<\/strong><br>Cristiano Gustavo Biazzo Simon<br>simon@uel.br<\/p>\n\n\n\n<p><strong>Coordenador de TCC<\/strong><br>Rog\u00e9rio Ivano<br>hiwano@uel.br<\/p>\n\n\n\n<p><strong>Vice-Coordenador de TCC<\/strong><br>Richard Gon\u00e7alves Andre<br>richard_andre@uel.br<\/p>\n\n\n\n<p><strong>Coordenadora de AEX<\/strong><br>Ana Heloisa Molina<br>ahmolina@uel.br<\/p>\n\n\n\n<p><strong>Vice-Coordenadora de AEX<\/strong><br>Maria Renata da Cruz Dur\u00e1n<br>mrcduran@uel.br<\/p>\n\n\n\n<p><strong>Coordenador da Comiss\u00e3o de Ensino<\/strong><br>Cristiano Gustavo Biazzo Simon<br>simon@uel.br<\/p>\n\n\n\n<p><strong>Vice-Coordenadora da Comiss\u00e3o de Ensino<\/strong><br>Ana Heloisa Molina<br>ahmolina@uel.br<\/p>\n\n\n\n<p><strong>Coordenador da Comiss\u00e3o de Extens\u00e3o<\/strong><br>Caio Pedrosa da Silva<br>caio.pedrosa@uel.br<\/p>\n\n\n\n<p><strong>Vice-Coordenador da Comiss\u00e3o de Extens\u00e3o<\/strong><br>Andr\u00e9 Lopes Ferreira<br>alfamerica@uel.br<\/p>\n\n\n\n<p><strong>Coordenadora da Comiss\u00e3o de Pesquisa<\/strong><br>Claudia Eliane Parreiras Marques Martinez<br>cepmartinez@uel.br<\/p>\n\n\n\n<p><strong>Vice-Coordenador da Comiss\u00e3o de Pesquisa<\/strong><br>Richard Gon\u00e7alves Andre<br>richard_andre@uel.br<\/p>\n\n\n\n<p><strong>Coordenador da Comiss\u00e3o de P\u00f3s-Gradua\u00e7\u00e3o<\/strong><br>Cl\u00e1udio Luiz Denipoti<br>denipoti@uel.br<\/p>\n\n\n\n<p><strong>Vice-Coordenadora da Comiss\u00e3o de P\u00f3s-Gradua\u00e7\u00e3o<\/strong><br>Monica Selvatici<br>mselvatici@uel.br<\/p>\n\n\n\n<p><strong>Coordenador do N\u00facleo Docente Estruturante (NDE)<\/strong><br>Andr\u00e9 Lopes Ferreira<br>alfamerica@uel.br<\/p>\n","protected":false},"excerpt":{"rendered":"<p>Coordenador do ColegiadoMarco Ant\u00f4nio Neves Soaressamusque@uel.br Vice-Coordenador do ColegiadoLukas Gabriel Grzybowskilukas.grzybowski@uel.br Coordenador de Est\u00e1gioAlexandre Felipe Fiuzaalefiuza@uel.br Vice-Coordenador de Est\u00e1gioCristiano Gustavo Biazzo Simonsimon@uel.br Coordenador de TCCRog\u00e9rio Ivanohiwano@uel.br Vice-Coordenador de TCCRichard Gon\u00e7alves Andrerichard_andre@uel.br Coordenadora de AEXAna Heloisa Molinaahmolina@uel.br Vice-Coordenadora de AEXMaria Renata da Cruz Dur\u00e1nmrcduran@uel.br Coordenador da Comiss\u00e3o de EnsinoCristiano Gustavo Biazzo Simonsimon@uel.br Vice-Coordenadora da Comiss\u00e3o de [&hellip;]<\/p>\n","protected":false},"author":6,"featured_media":0,"parent":0,"menu_order":0,"comment_status":"closed","ping_status":"closed","template":"","meta":{"_acf_changed":false,"footnotes":""},"class_list":["post-36","page","type-page","status-publish","hentry"],"acf":[],"_links":{"self":[{"href":"https:\/\/graduacao.uel.br\/historia\/wp-json\/wp\/v2\/pages\/36","targetHints":{"allow":["GET"]}}],"collection":[{"href":"https:\/\/graduacao.uel.br\/historia\/wp-json\/wp\/v2\/pages"}],"about":[{"href":"https:\/\/graduacao.uel.br\/historia\/wp-json\/wp\/v2\/types\/page"}],"author":[{"embeddable":true,"href":"https:\/\/graduacao.uel.br\/historia\/wp-json\/wp\/v2\/users\/6"}],"replies":[{"embeddable":true,"href":"https:\/\/graduacao.uel.br\/historia\/wp-json\/wp\/v2\/comments?post=36"}],"version-history":[{"count":14,"href":"https:\/\/graduacao.uel.br\/historia\/wp-json\/wp\/v2\/pages\/36\/revisions"}],"predecessor-version":[{"id":297,"href":"https:\/\/graduacao.uel.br\/historia\/wp-json\/wp\/v2\/pages\/36\/revisions\/297"}],"wp:attachment":[{"href":"https:\/\/graduacao.uel.br\/historia\/wp-json\/wp\/v2\/media?parent=36"}],"curies":[{"name":"wp","href":"https:\/\/api.w.org\/{rel}","templated":true}]}}

<p><strong>Coordenador do Colegiado</strong><br>Marco Antônio Neves Soares<br>samusque@uel.br</p>



<p><strong>Vice-Coordenador do Colegiado</strong><br>Lukas Gabriel Grzybowski<br>lukas.grzybowski@uel.br</p>



<p><strong>Coordenador de Estágio</strong><br>Alexandre Felipe Fiuza<br>alefiuza@uel.br</p>



<p><strong>Vice-Coordenador de Estágio</strong><br>Cristiano Gustavo Biazzo Simon<br>simon@uel.br</p>



<p><strong>Coordenador de TCC</strong><br>Rogério Ivano<br>hiwano@uel.br</p>



<p><strong>Vice-Coordenador de TCC</strong><br>Richard Gonçalves Andre<br>richard_andre@uel.br</p>



<p><strong>Coordenadora de AEX</strong><br>Ana Heloisa Molina<br>ahmolina@uel.br</p>



<p><strong>Vice-Coordenadora de AEX</strong><br>Maria Renata da Cruz Durán<br>mrcduran@uel.br</p>



<p><strong>Coordenador da Comissão de Ensino</strong><br>Cristiano Gustavo Biazzo Simon<br>simon@uel.br</p>



<p><strong>Vice-Coordenadora da Comissão de Ensino</strong><br>Ana Heloisa Molina<br>ahmolina@uel.br</p>



<p><strong>Coordenador da Comissão de Extensão</strong><br>Caio Pedrosa da Silva<br>caio.pedrosa@uel.br</p>



<p><strong>Vice-Coordenador da Comissão de Extensão</strong><br>André Lopes Ferreira<br>alfamerica@uel.br</p>



<p><strong>Coordenadora da Comissão de Pesquisa</strong><br>Claudia Eliane Parreiras Marques Martinez<br>cepmartinez@uel.br</p>



<p><strong>Vice-Coordenador da Comissão de Pesquisa</strong><br>Richard Gonçalves Andre<br>richard_andre@uel.br</p>



<p><strong>Coordenador da Comissão de Pós-Graduação</strong><br>Cláudio Luiz Denipoti<br>denipoti@uel.br</p>



<p><strong>Vice-Coordenadora da Comissão de Pós-Graduação</strong><br>Monica Selvatici<br>mselvatici@uel.br</p>



<p><strong>Coordenador do Núcleo Docente Estruturante (NDE)</strong><br>André Lopes Ferreira<br>alfamerica@uel.br</p>

<p>Coordenador do ColegiadoMarco Antônio Neves Soaressamusque@uel.br Vice-Coordenador do ColegiadoLukas Gabriel Grzybowskilukas.grzybowski@uel.br Coordenador de EstágioAlexandre Felipe Fiuzaalefiuza@uel.br Vice-Coordenador de EstágioCristiano Gustavo Biazzo Simonsimon@uel.br Coordenador de TCCRogério Ivanohiwano@uel.br Vice-Coordenador de TCCRichard Gonçalves Andrerichard_andre@uel.br Coordenadora de AEXAna Heloisa Molinaahmolina@uel.br Vice-Coordenadora de AEXMaria Renata da Cruz Duránmrcduran@uel.br Coordenador da Comissão de EnsinoCristiano Gustavo Biazzo Simonsimon@uel.br Vice-Coordenadora da Comissão de [&hellip;]</p>
