{"id":9,"date":"2024-04-26T11:08:12","date_gmt":"2024-04-26T14:08:12","guid":{"rendered":"https:\/\/graduacao.uel.br\/historia\/?page_id=9"},"modified":"2024-04-26T11:45:12","modified_gmt":"2024-04-26T14:45:12","slug":"o-curso","status":"publish","type":"page","link":"https:\/\/graduacao.uel.br\/historia\/o-curso\/","title":{"rendered":"O curso"},"content":{"rendered":"\n<p><strong>Objetivo do Curso<\/strong><br>Forma\u00e7\u00e3o integral do profissional da \u00e1rea de Hist\u00f3ria como professor e pesquisador, isto \u00e9, como agente de transforma\u00e7\u00e3o da sociedade brasileira a partir do trabalho em sua especialidade: no ensino, na pesquisa e na extens\u00e3o e articular a forma\u00e7\u00e3o na gradua\u00e7\u00e3o com a p\u00f3s-gradua\u00e7\u00e3o.<\/p>\n\n\n\n<p><strong>Perfil do Profissional<\/strong><br>Espera-se que o graduado em Hist\u00f3ria na UEL detenha as seguintes compet\u00eancias e habilidades: <\/p>\n\n\n\n<ul class=\"wp-block-list\">\n<li>dom\u00ednio das diferentes concep\u00e7\u00f5es metodol\u00f3gicas que referenciam a constru\u00e7\u00e3o de categorias para a investiga\u00e7\u00e3o e a an\u00e1lise das rela\u00e7\u00f5es s\u00f3cio hist\u00f3ricas; <\/li>\n\n\n\n<li>capacidade de problematizar, nas m\u00faltiplas dimens\u00f5es das experi\u00eancias dos sujeitos hist\u00f3ricos, a constitui\u00e7\u00e3o de diferentes rela\u00e7\u00f5es de tempo e espa\u00e7o;<\/li>\n\n\n\n<li>conhecimento das interpreta\u00e7\u00f5es propostas pelas principais escolas historiogr\u00e1ficas, de modo a distinguir diferentes narrativas,<br>metodologias e teorias;<\/li>\n\n\n\n<li>capacidade de, transitando pelas fronteiras entre a Hist\u00f3ria e outras \u00e1reas do conhecimento, demarcar seus campos espec\u00edficos e, sobretudo, de qualificar o que \u00e9 pr\u00f3prio do conhecimento hist\u00f3rico;<\/li>\n\n\n\n<li>desenvolvimento da pesquisa, da produ\u00e7\u00e3o do conhecimento e sua difus\u00e3o n\u00e3o s\u00f3 no \u00e2mbito acad\u00eamico, mas tamb\u00e9m em institui\u00e7\u00f5es de ensino, em \u00f3rg\u00e3os de preserva\u00e7\u00e3o de documentos e no desenvolvimento de pol\u00edticas e projetos de gest\u00e3o do patrim\u00f4nio cultural.<\/li>\n<\/ul>\n\n\n\n<p>   <\/p>\n","protected":false},"excerpt":{"rendered":"<p>Objetivo do CursoForma\u00e7\u00e3o integral do profissional da \u00e1rea de Hist\u00f3ria como professor e pesquisador, isto \u00e9, como agente de transforma\u00e7\u00e3o da sociedade brasileira a partir do trabalho em sua especialidade: no ensino, na pesquisa e na extens\u00e3o e articular a forma\u00e7\u00e3o na gradua\u00e7\u00e3o com a p\u00f3s-gradua\u00e7\u00e3o. Perfil do ProfissionalEspera-se que o graduado em Hist\u00f3ria na [&hellip;]<\/p>\n","protected":false},"author":6,"featured_media":0,"parent":0,"menu_order":0,"comment_status":"closed","ping_status":"closed","template":"","meta":{"_acf_changed":false,"footnotes":""},"class_list":["post-9","page","type-page","status-publish","hentry"],"acf":[],"_links":{"self":[{"href":"https:\/\/graduacao.uel.br\/historia\/wp-json\/wp\/v2\/pages\/9","targetHints":{"allow":["GET"]}}],"collection":[{"href":"https:\/\/graduacao.uel.br\/historia\/wp-json\/wp\/v2\/pages"}],"about":[{"href":"https:\/\/graduacao.uel.br\/historia\/wp-json\/wp\/v2\/types\/page"}],"author":[{"embeddable":true,"href":"https:\/\/graduacao.uel.br\/historia\/wp-json\/wp\/v2\/users\/6"}],"replies":[{"embeddable":true,"href":"https:\/\/graduacao.uel.br\/historia\/wp-json\/wp\/v2\/comments?post=9"}],"version-history":[{"count":3,"href":"https:\/\/graduacao.uel.br\/historia\/wp-json\/wp\/v2\/pages\/9\/revisions"}],"predecessor-version":[{"id":29,"href":"https:\/\/graduacao.uel.br\/historia\/wp-json\/wp\/v2\/pages\/9\/revisions\/29"}],"wp:attachment":[{"href":"https:\/\/graduacao.uel.br\/historia\/wp-json\/wp\/v2\/media?parent=9"}],"curies":[{"name":"wp","href":"https:\/\/api.w.org\/{rel}","templated":true}]}}

<p><strong>Objetivo do Curso</strong><br>Formação integral do profissional da área de História como professor e pesquisador, isto é, como agente de transformação da sociedade brasileira a partir do trabalho em sua especialidade: no ensino, na pesquisa e na extensão e articular a formação na graduação com a pós-graduação.</p>



<p><strong>Perfil do Profissional</strong><br>Espera-se que o graduado em História na UEL detenha as seguintes competências e habilidades: </p>



<ul class="wp-block-list">
<li>domínio das diferentes concepções metodológicas que referenciam a construção de categorias para a investigação e a análise das relações sócio históricas; </li>



<li>capacidade de problematizar, nas múltiplas dimensões das experiências dos sujeitos históricos, a constituição de diferentes relações de tempo e espaço;</li>



<li>conhecimento das interpretações propostas pelas principais escolas historiográficas, de modo a distinguir diferentes narrativas,<br>metodologias e teorias;</li>



<li>capacidade de, transitando pelas fronteiras entre a História e outras áreas do conhecimento, demarcar seus campos específicos e, sobretudo, de qualificar o que é próprio do conhecimento histórico;</li>



<li>desenvolvimento da pesquisa, da produção do conhecimento e sua difusão não só no âmbito acadêmico, mas também em instituições de ensino, em órgãos de preservação de documentos e no desenvolvimento de políticas e projetos de gestão do patrimônio cultural.</li>
</ul>



<p>   </p>

<p>Objetivo do CursoFormação integral do profissional da área de História como professor e pesquisador, isto é, como agente de transformação da sociedade brasileira a partir do trabalho em sua especialidade: no ensino, na pesquisa e na extensão e articular a formação na graduação com a pós-graduação. Perfil do ProfissionalEspera-se que o graduado em História na [&hellip;]</p>
