{"id":27,"date":"2024-06-25T11:27:17","date_gmt":"2024-06-25T14:27:17","guid":{"rendered":"https:\/\/graduacao.uel.br\/jornalismo\/?page_id=27"},"modified":"2024-06-25T15:15:07","modified_gmt":"2024-06-25T18:15:07","slug":"projeto-pedagogico-ppc","status":"publish","type":"page","link":"https:\/\/graduacao.uel.br\/jornalismo\/projeto-pedagogico-ppc\/","title":{"rendered":"Projeto Pedag\u00f3gico (PPC)"},"content":{"rendered":"\n<p>O Curso de Jornalismo da Universidade Estadual de Londrina adota diversos procedimentos metodol\u00f3gicos baseados nos eixos de forma\u00e7\u00e3o profissional da Resolu\u00e7\u00e3o 1\/2013 do CNE\/MEC, de 27 de setembro de 2013, que trata das Diretrizes Curriculares para os cursos de gradua\u00e7\u00e3o em Jornalismo.<\/p>\n\n\n\n<p>Depois de grande mobiliza\u00e7\u00e3o e longa luta da categoria dos e das jornalistas, de suas entidades representativas e das institui\u00e7\u00f5es de ensino superior, o Jornalismo foi reconhecido oficialmente com vida pr\u00f3pria. Deixou de ser apenas uma habilita\u00e7\u00e3o profissional da Comunica\u00e7\u00e3o Social e passou a ter nomenclatura, resolu\u00e7\u00e3o e diretrizes curriculares espec\u00edficas.<\/p>\n\n\n\n<p>Este Projeto de Reformula\u00e7\u00e3o do Curso de Jornalismo, al\u00e9m das Diretrizes Curriculares, adota os par\u00e2metros da Regulamenta\u00e7\u00e3o da Profiss\u00e3o de Jornalista, em especial o DECRETO-LEI 972, DE 17 DE OUTUBRO DE 1969, que disp\u00f5e sobre o exerc\u00edcio da profiss\u00e3o de jornalista; e o DECRETO 83.284, DE 13 DE MAR\u00c7O DE 1979, que d\u00e1 nova regulamenta\u00e7\u00e3o ao Decreto-Lei n.\u00b0 972. <\/p>\n\n\n\n<p>Essa legisla\u00e7\u00e3o \u00e9 a refer\u00eancia para o exerc\u00edcio da profiss\u00e3o e das rela\u00e7\u00f5es de trabalhadoras e trabalhadores jornalistas com o mercado de trabalho, sendo parte das lutas sindicais da categoria. <\/p>\n\n\n\n<p>O Projeto tamb\u00e9m est\u00e1 vinculado \u00e0s lutas hist\u00f3ricas de jornalistas pela recupera\u00e7\u00e3o de sua regulamenta\u00e7\u00e3o profissional, pelo retorno da obrigatoriedade da forma\u00e7\u00e3o espec\u00edfica de n\u00edvel superior em Jornalismo para o exerc\u00edcio da profiss\u00e3o, e pela cria\u00e7\u00e3o de um Conselho de Classe Profissional.<\/p>\n\n\n\n<div class=\"wp-block-buttons is-content-justification-center is-layout-flex wp-container-core-buttons-is-layout-16018d1d wp-block-buttons-is-layout-flex\">\n<div class=\"wp-block-button\"><a class=\"wp-block-button__link has-primary-accent-background-color has-background wp-element-button\" href=\"https:\/\/sites.uel.br\/prograd\/graduacao\/projetos-pedagogicos\/projetos-pedagogicos-jornalismo\/\">Resolu\u00e7\u00f5es e Delibera\u00e7\u00f5es<\/a><\/div>\n<\/div>\n\n\n\n<div class=\"wp-block-pb-accordion-item c-accordion__item js-accordion-item no-js\" data-initially-open=\"false\" data-click-to-close=\"true\" data-auto-close=\"true\" data-scroll=\"false\" data-scroll-offset=\"0\"><h6 id=\"at-270\" class=\"c-accordion__title js-accordion-controller\" role=\"button\"><strong>DEPARTAMENTO<\/strong><\/h6><div id=\"ac-270\" class=\"c-accordion__content\">\n<p>O Departamento, subunidade dos Centros de Estudos, constitui-se na menor estrutura de organiza\u00e7\u00e3o administrativa, did\u00e1tico cient\u00edfica e de lota\u00e7\u00e3o de pessoal.<br>No Departamento s\u00e3o reunidas atividades acad\u00eamicas afins e nele est\u00e3o integrados docentes e t\u00e9cnico administrativos para objetivos comuns. (Art. 122 do Regimento Geral da UEL).<\/p>\n<\/div><\/div>\n\n\n\n<div class=\"wp-block-pb-accordion-item c-accordion__item js-accordion-item no-js\" data-initially-open=\"false\" data-click-to-close=\"true\" data-auto-close=\"true\" data-scroll=\"false\" data-scroll-offset=\"0\"><h6 id=\"at-271\" class=\"c-accordion__title js-accordion-controller\" role=\"button\">COLEGIADO<\/h6><div id=\"ac-271\" class=\"c-accordion__content\">\n<p>Os Colegiados de cursos de gradua\u00e7\u00e3o exercem a coordena\u00e7\u00e3o pedag\u00f3gica dos cursos e ser\u00e3o constitu\u00eddos por representantes docentes da \u00e1rea principal de conhecimento e da \u00e1rea b\u00e1sica e\/ou complementar de conhecimento, estudantes e servidores, na forma prevista nos \u00a72\u00ba e \u00a73\u00ba do Art. 27 do Estatuto da Universidade. (Art. alterado atrav\u00e9s da Resolu\u00e7\u00e3o CU 168\/2007).<\/p>\n<\/div><\/div>\n\n\n\n<p><\/p>\n\n\n\n<div class=\"wp-block-pb-accordion-item c-accordion__item js-accordion-item no-js\" data-initially-open=\"false\" data-click-to-close=\"true\" data-auto-close=\"true\" data-scroll=\"false\" data-scroll-offset=\"0\"><h6 id=\"at-272\" class=\"c-accordion__title js-accordion-controller\" role=\"button\"><strong>N\u00daCLEO DOCENTE ESTRUTURANTE (NDE)<\/strong><\/h6><div id=\"ac-272\" class=\"c-accordion__content\">\n<p>O NDE institui-se como parte da estrutura de gest\u00e3o acad\u00eamica do curso com atribui\u00e7\u00f5es consultivas, propositivas e de assessoria, acerca de mat\u00e9rias de natureza acad\u00eamica e pedag\u00f3gica, sendo correspons\u00e1vel pela elabora\u00e7\u00e3o, implementa\u00e7\u00e3o e consolida\u00e7\u00e3o do Projeto Pedag\u00f3gico do Curso (PPC), al\u00e9m de zelar pelo cumprimento das Diretrizes Curriculares Nacionais (DCNs). Tem como objetivos:<\/p>\n\n\n\n<p>1 \u2013 Levantar dificuldades na atua\u00e7\u00e3o do corpo docente do Curso;<\/p>\n\n\n\n<p>2 \u2013 Auxiliar na elabora\u00e7\u00e3o e no acompanhamento do PPC;<\/p>\n\n\n\n<p>3 \u2013 Propor programas ou outras formas de capacita\u00e7\u00e3o docente;<\/p>\n\n\n\n<p>4 \u2013 Acompanhar as avalia\u00e7\u00f5es do Curso definidas pelo Colegiado;<\/p>\n\n\n\n<p>5 \u2013 Analisar e propor modifica\u00e7\u00f5es, quando necess\u00e1rias;<\/p>\n\n\n\n<p>6 \u2013 Indicar formas de incentivo ao desenvolvimento de atividades de pesquisa;<\/p>\n\n\n\n<p>7 \u2013 Contribuir para a concretiza\u00e7\u00e3o do perfil profissional;<\/p>\n\n\n\n<p>8 \u2013 Zelar pelo cumprimento das DCNs aplic\u00e1veis ao Curso de Jornalismo.<\/p>\n<\/div><\/div>\n\n\n\n<div class=\"wp-block-columns is-layout-flex wp-container-core-columns-is-layout-9d6595d7 wp-block-columns-is-layout-flex\">\n<div class=\"wp-block-column is-layout-flow wp-block-column-is-layout-flow\"><\/div>\n<\/div>\n","protected":false},"excerpt":{"rendered":"<p>O Curso de Jornalismo da Universidade Estadual de Londrina adota diversos procedimentos metodol\u00f3gicos baseados nos eixos de forma\u00e7\u00e3o profissional da Resolu\u00e7\u00e3o 1\/2013 do CNE\/MEC, de 27 de setembro de 2013, que trata das Diretrizes Curriculares para os cursos de gradua\u00e7\u00e3o em Jornalismo. Depois de grande mobiliza\u00e7\u00e3o e longa luta da categoria dos e das jornalistas, [&hellip;]<\/p>\n","protected":false},"author":6,"featured_media":0,"parent":0,"menu_order":0,"comment_status":"closed","ping_status":"closed","template":"","meta":{"_acf_changed":false,"_themeisle_gutenberg_block_has_review":false,"footnotes":""},"class_list":["post-27","page","type-page","status-publish","hentry"],"acf":[],"_links":{"self":[{"href":"https:\/\/graduacao.uel.br\/jornalismo\/wp-json\/wp\/v2\/pages\/27","targetHints":{"allow":["GET"]}}],"collection":[{"href":"https:\/\/graduacao.uel.br\/jornalismo\/wp-json\/wp\/v2\/pages"}],"about":[{"href":"https:\/\/graduacao.uel.br\/jornalismo\/wp-json\/wp\/v2\/types\/page"}],"author":[{"embeddable":true,"href":"https:\/\/graduacao.uel.br\/jornalismo\/wp-json\/wp\/v2\/users\/6"}],"replies":[{"embeddable":true,"href":"https:\/\/graduacao.uel.br\/jornalismo\/wp-json\/wp\/v2\/comments?post=27"}],"version-history":[{"count":11,"href":"https:\/\/graduacao.uel.br\/jornalismo\/wp-json\/wp\/v2\/pages\/27\/revisions"}],"predecessor-version":[{"id":89,"href":"https:\/\/graduacao.uel.br\/jornalismo\/wp-json\/wp\/v2\/pages\/27\/revisions\/89"}],"wp:attachment":[{"href":"https:\/\/graduacao.uel.br\/jornalismo\/wp-json\/wp\/v2\/media?parent=27"}],"curies":[{"name":"wp","href":"https:\/\/api.w.org\/{rel}","templated":true}]}}